{"id":39,"date":"2026-01-06T14:09:26","date_gmt":"2026-01-06T13:09:26","guid":{"rendered":"https:\/\/eleves.escl.fr\/wp2\/archi\/?page_id=39"},"modified":"2026-02-17T13:54:18","modified_gmt":"2026-02-17T12:54:18","slug":"les-branches","status":"publish","type":"page","link":"https:\/\/eleves.escl.fr\/wp2\/archi\/larchitecture\/les-branches\/","title":{"rendered":"Les branches"},"content":{"rendered":"\n<p><strong>Architecture en b\u00e2timents<\/strong> :<\/p>\n\n\n\n<p>Cette branche concerne la <strong>conception de maisons<\/strong>, <strong>immeubles<\/strong>, <strong>\u00e9coles <\/strong>ou <strong>b\u00e2timents publics<\/strong>. Les \u00e9tudes se font en \u00e9cole nationale sup\u00e9rieure d&rsquo;architecture, sur <strong>5 ans<\/strong> apr\u00e8s le bac pour obtenir le dipl\u00f4me d&rsquo;Etat d&rsquo;architecte.<\/p>\n\n\n\n<p><strong>Architecte d&rsquo;int\u00e9rieur :<\/strong><\/p>\n\n\n\n<p>L&rsquo;architecture d&rsquo;int\u00e9rieure se concentre sur l&rsquo;am\u00e9nagement des espaces int\u00e9rieurs <strong>(volumes, lumi\u00e8re, mobilier)<\/strong>. Les \u00e9tudes durent <strong>3 <\/strong>\u00e0 <strong>5 ans<\/strong> apr\u00e8s le bac dans des \u00e9coles sp\u00e9cialis\u00e9es en <strong>design <\/strong>et <strong>architecture d&rsquo;int\u00e9rieur<\/strong>.<\/p>\n\n\n\n<p><strong>Architecture du patrimoine :<\/strong><\/p>\n\n\n\n<p>L&rsquo;architecte du patrimoine restaure des b\u00e2timents anciens et historiques. Apr\u00e8s un bac <strong>+5<\/strong> en architecture, il faut suivre une formation sp\u00e9cialis\u00e9e suppl\u00e9mentaire. <strong>(souvent a l&rsquo;\u00e9cole de Chaillot)<\/strong><\/p>\n\n\n\n<p><strong>Architecture durable\/\u00e9cologique :<\/strong><\/p>\n\n\n\n<p>Cette branche est ax\u00e9e sur les b\u00e2timents respectueux de l&rsquo;environnement. Apr\u00e8s les \u00e9tudes d&rsquo;architecture classiques, l&rsquo;architecte peut suivre des <strong>formations <\/strong>ou <strong>masters sp\u00e9cialis\u00e9s en construction durable et \u00e9cologique<\/strong>.<\/p>\n\n\n\n<p><strong>Architecture paysag\u00e8re :<\/strong><\/p>\n\n\n\n<p>L&rsquo;architecte paysagiste am\u00e9nage les espaces ext\u00e9rieurs (<strong>parcs<\/strong>, <strong>jardins<\/strong>, <strong>espaces publics<\/strong>). Les \u00e9tudes se font dans des <strong>\u00e9coles sp\u00e9cialis\u00e9es<\/strong>, g\u00e9n\u00e9ralement sur <strong>5 ans<\/strong> apr\u00e8s le bac.<\/p>\n\n\n\n<p><strong>Architecte industriel\/navale :<\/strong><\/p>\n\n\n\n<p>Cette branche concerne la conception de bateaux, d&rsquo;objets ou de structures industrielles. Elle n\u00e9cessite des <strong>\u00e9tudes sp\u00e9cifiques<\/strong> <strong>en ing\u00e9nierie ou design<\/strong>, parfois apr\u00e8s une premi\u00e8re formation en architecture.<\/p>\n\n\n\n<p><\/p>\n","protected":false},"excerpt":{"rendered":"<p>Architecture en b\u00e2timents : Cette branche concerne la conception de maisons, immeubles, \u00e9coles ou b\u00e2timents publics. Les \u00e9tudes se font en \u00e9cole nationale sup\u00e9rieure d&rsquo;architecture, sur 5 ans apr\u00e8s le bac pour obtenir le dipl\u00f4me d&rsquo;Etat d&rsquo;architecte. Architecte d&rsquo;int\u00e9rieur : L&rsquo;architecture d&rsquo;int\u00e9rieure se concentre sur l&rsquo;am\u00e9nagement des espaces int\u00e9rieurs (volumes, lumi\u00e8re, mobilier). Les \u00e9tudes durent [&hellip;]<\/p>\n","protected":false},"author":38,"featured_media":0,"parent":18,"menu_order":0,"comment_status":"closed","ping_status":"closed","template":"","meta":{"footnotes":""},"class_list":["post-39","page","type-page","status-publish","hentry"],"_links":{"self":[{"href":"https:\/\/eleves.escl.fr\/wp2\/archi\/wp-json\/wp\/v2\/pages\/39","targetHints":{"allow":["GET"]}}],"collection":[{"href":"https:\/\/eleves.escl.fr\/wp2\/archi\/wp-json\/wp\/v2\/pages"}],"about":[{"href":"https:\/\/eleves.escl.fr\/wp2\/archi\/wp-json\/wp\/v2\/types\/page"}],"author":[{"embeddable":true,"href":"https:\/\/eleves.escl.fr\/wp2\/archi\/wp-json\/wp\/v2\/users\/38"}],"replies":[{"embeddable":true,"href":"https:\/\/eleves.escl.fr\/wp2\/archi\/wp-json\/wp\/v2\/comments?post=39"}],"version-history":[{"count":5,"href":"https:\/\/eleves.escl.fr\/wp2\/archi\/wp-json\/wp\/v2\/pages\/39\/revisions"}],"predecessor-version":[{"id":159,"href":"https:\/\/eleves.escl.fr\/wp2\/archi\/wp-json\/wp\/v2\/pages\/39\/revisions\/159"}],"up":[{"embeddable":true,"href":"https:\/\/eleves.escl.fr\/wp2\/archi\/wp-json\/wp\/v2\/pages\/18"}],"wp:attachment":[{"href":"https:\/\/eleves.escl.fr\/wp2\/archi\/wp-json\/wp\/v2\/media?parent=39"}],"curies":[{"name":"wp","href":"https:\/\/api.w.org\/{rel}","templated":true}]}}