{"id":47,"date":"2026-01-06T14:10:42","date_gmt":"2026-01-06T13:10:42","guid":{"rendered":"https:\/\/eleves.escl.fr\/wp2\/archi\/?page_id=47"},"modified":"2026-02-17T13:54:59","modified_gmt":"2026-02-17T12:54:59","slug":"les-lieux-cibles","status":"publish","type":"page","link":"https:\/\/eleves.escl.fr\/wp2\/archi\/larchitecture\/les-lieux-cibles\/","title":{"rendered":"Les lieux cibl\u00e9s"},"content":{"rendered":"\n<p><strong>Architecture en b\u00e2timents :<\/strong><\/p>\n\n\n\n<p>Cette branche concerne les lieux de vie et les b\u00e2timents du quotidien. L&rsquo;architecte travaille sur des maisons individuelles, des immeubles, des \u00e9coles, des h\u00f4pitaux, des mairies ou des b\u00e2timents publics.<\/p>\n\n\n\n<p><strong>Architecture d&rsquo;int\u00e9rieur :<\/strong><\/p>\n\n\n\n<p>L&rsquo;architecte d&rsquo;int\u00e9rieur intervient uniquement \u00e0 l&rsquo;int\u00e9rieur des b\u00e2timents. Il am\u00e9nage des appartements, maisons, bureaux, magasins, h\u00f4tels, restaurants ou espaces culturels.<\/p>\n\n\n\n<p><strong>Architecte et urbanisme :<\/strong><\/p>\n\n\n\n<p>Cette branche cible les espaces \u00e0 grande \u00e9chelle. L&rsquo;architecte urbaniste travaille sur les villes, les quartiers, les zones industrielles, les centres-villes, les espaces publics et les r\u00e9seaux de transport.<\/p>\n\n\n\n<p><strong>Architecte du patrimoine :<\/strong><\/p>\n\n\n\n<p>L&rsquo;architecte du patrimoine travaille sur des lieux historiques. il restaure des ch\u00e2teaux, monuments, \u00e9glises, b\u00e2timents class\u00e9s, centres anciens et sites patrimoniaux.<\/p>\n\n\n\n<p><strong>Architecte durable\/\u00e9cologique :<\/strong><\/p>\n\n\n\n<p>Cette branche concerne les b\u00e2timents respectueux de l&rsquo;environnement. L&rsquo;architecte con\u00e7oit des maisons \u00e9cologiques, des b\u00e2timents basse consommation, des \u00e9coquartiers et des constructions utilisant des mat\u00e9riaux durables.<\/p>\n\n\n\n<p><strong>Architecte paysagiste :<\/strong><\/p>\n\n\n\n<p>L&rsquo;architecte paysagiste travaille sur les espaces ext\u00e9rieurs. Il am\u00e9nage des parcs, jardins, places publiques, espaces verts urbains, berges et sites naturels.<\/p>\n\n\n\n<p><strong>Architecture industrielle\/navale :<\/strong><\/p>\n\n\n\n<p>Cette branche cible des lieux et structures sp\u00e9cifiques. Elle concerne les ports, chantiers navals, usines, zones industrielles, plateforme techniques et infrastructures sp\u00e9cialis\u00e9es. <\/p>\n\n\n\n<p><\/p>\n","protected":false},"excerpt":{"rendered":"<p>Architecture en b\u00e2timents : Cette branche concerne les lieux de vie et les b\u00e2timents du quotidien. L&rsquo;architecte travaille sur des maisons individuelles, des immeubles, des \u00e9coles, des h\u00f4pitaux, des mairies ou des b\u00e2timents publics. Architecture d&rsquo;int\u00e9rieur : L&rsquo;architecte d&rsquo;int\u00e9rieur intervient uniquement \u00e0 l&rsquo;int\u00e9rieur des b\u00e2timents. Il am\u00e9nage des appartements, maisons, bureaux, magasins, h\u00f4tels, restaurants ou [&hellip;]<\/p>\n","protected":false},"author":38,"featured_media":0,"parent":18,"menu_order":0,"comment_status":"closed","ping_status":"closed","template":"","meta":{"footnotes":""},"class_list":["post-47","page","type-page","status-publish","hentry"],"_links":{"self":[{"href":"https:\/\/eleves.escl.fr\/wp2\/archi\/wp-json\/wp\/v2\/pages\/47","targetHints":{"allow":["GET"]}}],"collection":[{"href":"https:\/\/eleves.escl.fr\/wp2\/archi\/wp-json\/wp\/v2\/pages"}],"about":[{"href":"https:\/\/eleves.escl.fr\/wp2\/archi\/wp-json\/wp\/v2\/types\/page"}],"author":[{"embeddable":true,"href":"https:\/\/eleves.escl.fr\/wp2\/archi\/wp-json\/wp\/v2\/users\/38"}],"replies":[{"embeddable":true,"href":"https:\/\/eleves.escl.fr\/wp2\/archi\/wp-json\/wp\/v2\/comments?post=47"}],"version-history":[{"count":3,"href":"https:\/\/eleves.escl.fr\/wp2\/archi\/wp-json\/wp\/v2\/pages\/47\/revisions"}],"predecessor-version":[{"id":164,"href":"https:\/\/eleves.escl.fr\/wp2\/archi\/wp-json\/wp\/v2\/pages\/47\/revisions\/164"}],"up":[{"embeddable":true,"href":"https:\/\/eleves.escl.fr\/wp2\/archi\/wp-json\/wp\/v2\/pages\/18"}],"wp:attachment":[{"href":"https:\/\/eleves.escl.fr\/wp2\/archi\/wp-json\/wp\/v2\/media?parent=47"}],"curies":[{"name":"wp","href":"https:\/\/api.w.org\/{rel}","templated":true}]}}