{"id":53,"date":"2026-01-06T14:11:09","date_gmt":"2026-01-06T13:11:09","guid":{"rendered":"https:\/\/eleves.escl.fr\/wp2\/archi\/?page_id=53"},"modified":"2026-02-17T13:55:10","modified_gmt":"2026-02-17T12:55:10","slug":"les-metiers-derives","status":"publish","type":"page","link":"https:\/\/eleves.escl.fr\/wp2\/archi\/larchitecture\/les-metiers-derives\/","title":{"rendered":"Les m\u00e9tiers d\u00e9riv\u00e9s"},"content":{"rendered":"\n<p>Grace \u00e0 la diversit\u00e9 des comp\u00e9tences acquises, la formation en architecture ouvre l&rsquo;acc\u00e8s \u00e0 de nombreux m\u00e9tiers, li\u00e9s \u00e0 la conception, \u00e0 la construction et \u00e0 l&rsquo;am\u00e9nagement des espaces. Voici quelques exemples :<\/p>\n\n\n\n<ul class=\"wp-block-list\">\n<li>Architecte d&rsquo;int\u00e9rieur                                                                                           Il con\u00e7oit et r\u00e9organise les espaces int\u00e9rieurs en alliant esth\u00e9tique, fonctionnalit\u00e9 et contraintes techniques.<\/li>\n<\/ul>\n\n\n\n<ul class=\"wp-block-list\">\n<li>Uraniste                                                                                                                 Il travaille sur l&rsquo;am\u00e9nagement des villes et des territoires en prenant en compte les enjeux sociaux, environnements et \u00e9conomiques.<\/li>\n<\/ul>\n\n\n\n<ul class=\"wp-block-list\">\n<li>Dessinateur projecteur \/ BIM manager  Il r\u00e9alise des plans techniques et des maquettes num\u00e9riques indispensables a la conception et au suivi des projets.<\/li>\n<\/ul>\n\n\n\n<ul class=\"wp-block-list\">\n<li>Charg\u00e9 de projet en construction                                                                       Il coordonne les diff\u00e9rents phases d&rsquo;un projet et veille au respect des d\u00e9lai, des couts et des normes.<\/li>\n<\/ul>\n\n\n\n<ul class=\"wp-block-list\">\n<li>Sc\u00e9nographe et designer d&rsquo;espace Il imagine des espaces \u00e9ph\u00e9m\u00e8res ou permanents pour des expositions, \u00e9v\u00e8nements ou lieux culturels.<\/li>\n<\/ul>\n","protected":false},"excerpt":{"rendered":"<p>Grace \u00e0 la diversit\u00e9 des comp\u00e9tences acquises, la formation en architecture ouvre l&rsquo;acc\u00e8s \u00e0 de nombreux m\u00e9tiers, li\u00e9s \u00e0 la conception, \u00e0 la construction et \u00e0 l&rsquo;am\u00e9nagement des espaces. Voici quelques exemples :<\/p>\n","protected":false},"author":38,"featured_media":0,"parent":18,"menu_order":0,"comment_status":"closed","ping_status":"closed","template":"","meta":{"footnotes":""},"class_list":["post-53","page","type-page","status-publish","hentry"],"_links":{"self":[{"href":"https:\/\/eleves.escl.fr\/wp2\/archi\/wp-json\/wp\/v2\/pages\/53","targetHints":{"allow":["GET"]}}],"collection":[{"href":"https:\/\/eleves.escl.fr\/wp2\/archi\/wp-json\/wp\/v2\/pages"}],"about":[{"href":"https:\/\/eleves.escl.fr\/wp2\/archi\/wp-json\/wp\/v2\/types\/page"}],"author":[{"embeddable":true,"href":"https:\/\/eleves.escl.fr\/wp2\/archi\/wp-json\/wp\/v2\/users\/38"}],"replies":[{"embeddable":true,"href":"https:\/\/eleves.escl.fr\/wp2\/archi\/wp-json\/wp\/v2\/comments?post=53"}],"version-history":[{"count":3,"href":"https:\/\/eleves.escl.fr\/wp2\/archi\/wp-json\/wp\/v2\/pages\/53\/revisions"}],"predecessor-version":[{"id":163,"href":"https:\/\/eleves.escl.fr\/wp2\/archi\/wp-json\/wp\/v2\/pages\/53\/revisions\/163"}],"up":[{"embeddable":true,"href":"https:\/\/eleves.escl.fr\/wp2\/archi\/wp-json\/wp\/v2\/pages\/18"}],"wp:attachment":[{"href":"https:\/\/eleves.escl.fr\/wp2\/archi\/wp-json\/wp\/v2\/media?parent=53"}],"curies":[{"name":"wp","href":"https:\/\/api.w.org\/{rel}","templated":true}]}}