{"id":196,"date":"2025-03-11T14:55:38","date_gmt":"2025-03-11T13:55:38","guid":{"rendered":"https:\/\/eleves.escl.fr\/wp2\/contraception\/?page_id=196"},"modified":"2025-04-08T13:51:57","modified_gmt":"2025-04-08T11:51:57","slug":"vasectomie","status":"publish","type":"page","link":"https:\/\/eleves.escl.fr\/wp2\/contraception\/vasectomie\/","title":{"rendered":"vasectomie"},"content":{"rendered":"\n<div class=\"wp-block-group is-nowrap is-layout-flex wp-container-core-group-is-layout-ad2f72ca wp-block-group-is-layout-flex\">\n<figure class=\"wp-block-image size-large\"><img loading=\"lazy\" decoding=\"async\" width=\"1024\" height=\"462\" src=\"https:\/\/eleves.escl.fr\/wp2\/contraception\/wp-content\/uploads\/sites\/10\/2025\/03\/IMG_0008-1024x462.jpeg\" alt=\"\" class=\"wp-image-208\" srcset=\"https:\/\/eleves.escl.fr\/wp2\/contraception\/wp-content\/uploads\/sites\/10\/2025\/03\/IMG_0008-1024x462.jpeg 1024w, https:\/\/eleves.escl.fr\/wp2\/contraception\/wp-content\/uploads\/sites\/10\/2025\/03\/IMG_0008-300x135.jpeg 300w, https:\/\/eleves.escl.fr\/wp2\/contraception\/wp-content\/uploads\/sites\/10\/2025\/03\/IMG_0008-768x347.jpeg 768w, https:\/\/eleves.escl.fr\/wp2\/contraception\/wp-content\/uploads\/sites\/10\/2025\/03\/IMG_0008.jpeg 1198w\" sizes=\"auto, (max-width: 1024px) 100vw, 1024px\" \/><\/figure>\n\n\n\n<figure class=\"wp-block-pullquote\"><blockquote><p>\u00e0 quoi \u00e7a sert ?<\/p><cite>La&nbsp;<strong>vasectomie<\/strong>&nbsp;ou&nbsp;<strong>ligature des canaux d\u00e9f\u00e9rents<\/strong>&nbsp;est une op\u00e9ration chirurgicale utilis\u00e9e comme m\u00e9thode de&nbsp;<a href=\"https:\/\/fr.wikipedia.org\/wiki\/St%C3%A9rilisation_(acte_chirurgical)\">st\u00e9rilisation<\/a>, aussi appel\u00e9e contraception d\u00e9finitive. Elle consiste \u00e0 sectionner ou bloquer les&nbsp;<a href=\"https:\/\/fr.wikipedia.org\/wiki\/Canal_d%C3%A9f%C3%A9rent\">canaux d\u00e9f\u00e9rents<\/a>&nbsp;qui transportent les&nbsp;<a href=\"https:\/\/fr.wikipedia.org\/wiki\/Spermatozo%C3%AFde\">spermatozo\u00efdes<\/a>&nbsp;chez des individus m\u00e2les. Il s&rsquo;agit de la m\u00e9thode de&nbsp;<a href=\"https:\/\/fr.wikipedia.org\/w\/index.php?title=St%C3%A9rilisation_masculine&amp;action=edit&amp;redlink=1\">contraception masculine<\/a>&nbsp;la plus r\u00e9pandue dans le monde.<\/cite><\/blockquote><\/figure>\n<\/div>\n\n\n\n<figure class=\"wp-block-pullquote\"><blockquote><p>l\u2019efficacit\u00e9 de cette technique <\/p><cite>La vasectomie n\u2019assure pas une st\u00e9rilisation imm\u00e9diate. Apr\u00e8s 2-3 mois la chirurgie il faudra faire un spermogramme (test de sperme). Toute fois apr\u00e8s cette chirurgie les deux bouts d\u2019un des canaux coup\u00e9s peuvent se recoller spontan\u00e9ment, se qui veut dire que le passage des spermatozo\u00efdes est possible.<br>Mais il ne faut pas oublier que cette chirurgie est faite pour les personnes ne voulant pas d\u2019enfants car m\u00eame si il existe la vasovasostomie elle n\u2019ai pas fiable \u00e0 100%.<\/cite><\/blockquote><\/figure>\n\n\n\n<figure class=\"wp-block-pullquote\"><blockquote><p>complication possibles<\/p><cite>La vasectomie est consid\u00e9r\u00e9e comme une op\u00e9ration tr\u00e8s s\u00e9curitaire.Mais, comme toute op\u00e9ration, certaines complications peuvent survenir: des saignements (h\u00e9matomes) ou une infection (environ 1%), un malaise aux testicules (\u00e9pididymite congestive) qui survient quelques semaines apr\u00e8s la vasectomie et dure habituellement quelques jours (environ 5%), un nodule cicatriciel douloureux sur le canal (granulome, environ 1%) et une douleur chronique qui est tr\u00e8s rare (environ 0,1%).la vasectomie ne cause pas de probl\u00e8mes de sant\u00e9 tels les maladies cardio-vasculaires ou le cancer.<\/cite><\/blockquote><\/figure>\n\n\n\n<figure class=\"wp-block-pullquote\"><blockquote><p>avantages<\/p><cite>Les avantages de la vasectomie peuvent inclure : Efficacit\u00e9 contraceptive \u00e9lev\u00e9e. Proc\u00e9dure chirurgicale relativement simple, r\u00e9alis\u00e9e en ambulatoire. Aucun besoin de se souvenir de prendre des contraceptifs quotidiens ou d&rsquo;utiliser des m\u00e9thodes contraceptives temporaires. Aucun impact sur la libido ou les performances sexuelles.Vous continuerez d\u2019avoir des \u00e9rections et des \u00e9jaculations comme avant la vasectomie, sauf que le liquide \u00e9jacul\u00e9 ne contiendra plus de spermatozo\u00efdes(2-3% de l\u2019\u00e9jaculation). Vous n\u2019aurez pas non plus de diff\u00e9rence au niveau des sensations.<\/cite><\/blockquote><\/figure>\n","protected":false},"excerpt":{"rendered":"<p>\u00e0 quoi \u00e7a sert ? La&nbsp;vasectomie&nbsp;ou&nbsp;ligature des canaux d\u00e9f\u00e9rents&nbsp;est une op\u00e9ration chirurgicale utilis\u00e9e comme m\u00e9thode de&nbsp;st\u00e9rilisation, aussi appel\u00e9e contraception d\u00e9finitive. Elle consiste \u00e0 sectionner ou bloquer les&nbsp;canaux d\u00e9f\u00e9rents&nbsp;qui transportent les&nbsp;spermatozo\u00efdes&nbsp;chez des individus m\u00e2les. Il s&rsquo;agit de la m\u00e9thode de&nbsp;contraception masculine&nbsp;la plus r\u00e9pandue dans le monde. l\u2019efficacit\u00e9 de cette technique La vasectomie n\u2019assure pas une st\u00e9rilisation [&hellip;]<\/p>\n","protected":false},"author":13,"featured_media":0,"parent":0,"menu_order":0,"comment_status":"closed","ping_status":"closed","template":"","meta":{"footnotes":""},"class_list":["post-196","page","type-page","status-publish","hentry"],"_links":{"self":[{"href":"https:\/\/eleves.escl.fr\/wp2\/contraception\/wp-json\/wp\/v2\/pages\/196","targetHints":{"allow":["GET"]}}],"collection":[{"href":"https:\/\/eleves.escl.fr\/wp2\/contraception\/wp-json\/wp\/v2\/pages"}],"about":[{"href":"https:\/\/eleves.escl.fr\/wp2\/contraception\/wp-json\/wp\/v2\/types\/page"}],"author":[{"embeddable":true,"href":"https:\/\/eleves.escl.fr\/wp2\/contraception\/wp-json\/wp\/v2\/users\/13"}],"replies":[{"embeddable":true,"href":"https:\/\/eleves.escl.fr\/wp2\/contraception\/wp-json\/wp\/v2\/comments?post=196"}],"version-history":[{"count":4,"href":"https:\/\/eleves.escl.fr\/wp2\/contraception\/wp-json\/wp\/v2\/pages\/196\/revisions"}],"predecessor-version":[{"id":235,"href":"https:\/\/eleves.escl.fr\/wp2\/contraception\/wp-json\/wp\/v2\/pages\/196\/revisions\/235"}],"wp:attachment":[{"href":"https:\/\/eleves.escl.fr\/wp2\/contraception\/wp-json\/wp\/v2\/media?parent=196"}],"curies":[{"name":"wp","href":"https:\/\/api.w.org\/{rel}","templated":true}]}}