{"id":145,"date":"2026-03-10T15:08:07","date_gmt":"2026-03-10T14:08:07","guid":{"rendered":"https:\/\/eleves.escl.fr\/wp2\/cosfun\/?page_id=145"},"modified":"2026-03-22T15:02:25","modified_gmt":"2026-03-22T14:02:25","slug":"exemple-de-cosplayeurs-euses","status":"publish","type":"page","link":"https:\/\/eleves.escl.fr\/wp2\/cosfun\/exemple-de-cosplayeurs-euses\/","title":{"rendered":"Exemple de Cosplayeurs\/euses"},"content":{"rendered":"\n<div class=\"wp-block-columns alignfull is-layout-flex wp-container-core-columns-is-layout-cbe57604 wp-block-columns-is-layout-flex\">\n<div class=\"wp-block-column is-vertically-aligned-top is-layout-flow wp-block-column-is-layout-flow\">\n<h2 class=\"wp-block-heading has-text-align-center\" id=\"p4perback\" style=\"padding-top:var(--wp--preset--spacing--20);padding-bottom:var(--wp--preset--spacing--20)\">P4perback<\/h2>\n\n\n\n<p style=\"padding-top:0;padding-right:var(--wp--preset--spacing--20);padding-bottom:0;padding-left:var(--wp--preset--spacing--20)\">P4perback est n\u00e9 le 4 janvier 2003 aux Etats-Unies (Il a maintenant 23 ans).<\/p>\n\n\n\n<p style=\"margin-top:0;margin-right:var(--wp--preset--spacing--20);margin-bottom:0;margin-left:var(--wp--preset--spacing--20)\">Le tiktokeur est connu pour ses vid\u00e9os drole et ses lip-syncs. Il a 2,3 million de followers et 112 million de likes sur son compte tiktok.<\/p>\n\n\n\n<p class=\"has-text-align-right\" style=\"margin-right:0;margin-left:0;padding-right:var(--wp--preset--spacing--20);padding-left:var(--wp--preset--spacing--20)\">source image :<\/p>\n\n\n\n<p class=\"has-text-align-right\" style=\"padding-right:var(--wp--preset--spacing--20);padding-left:var(--wp--preset--spacing--20)\"><a href=\"https:\/\/redditinc.com\/\" data-type=\"link\" data-id=\"https:\/\/redditinc.com\/\">reddit.com<\/a> \/ <a href=\"http:\/\/popularnetworth.com\">popularnetworth.com<\/a><\/p>\n\n\n\n<figure data-wp-context=\"{&quot;imageId&quot;:&quot;69d7ea65b45f5&quot;}\" data-wp-interactive=\"core\/image\" data-wp-key=\"69d7ea65b45f5\" class=\"wp-block-image alignleft size-full is-resized wp-lightbox-container\" style=\"margin-right:var(--wp--preset--spacing--20);margin-left:var(--wp--preset--spacing--20)\"><img loading=\"lazy\" decoding=\"async\" width=\"474\" height=\"315\" data-wp-class--hide=\"state.isContentHidden\" data-wp-class--show=\"state.isContentVisible\" data-wp-init=\"callbacks.setButtonStyles\" data-wp-on--click=\"actions.showLightbox\" data-wp-on--load=\"callbacks.setButtonStyles\" data-wp-on-window--resize=\"callbacks.setButtonStyles\" src=\"https:\/\/eleves.escl.fr\/wp2\/cosfun\/wp-content\/uploads\/sites\/27\/2026\/01\/paperback-nature.webp\" alt=\"\" class=\"wp-image-38\" style=\"width:624px;height:auto\" srcset=\"https:\/\/eleves.escl.fr\/wp2\/cosfun\/wp-content\/uploads\/sites\/27\/2026\/01\/paperback-nature.webp 474w, https:\/\/eleves.escl.fr\/wp2\/cosfun\/wp-content\/uploads\/sites\/27\/2026\/01\/paperback-nature-300x199.webp 300w\" sizes=\"auto, (max-width: 474px) 100vw, 474px\" \/><button\n\t\t\tclass=\"lightbox-trigger\"\n\t\t\ttype=\"button\"\n\t\t\taria-haspopup=\"dialog\"\n\t\t\taria-label=\"Agrandir\"\n\t\t\tdata-wp-init=\"callbacks.initTriggerButton\"\n\t\t\tdata-wp-on--click=\"actions.showLightbox\"\n\t\t\tdata-wp-style--right=\"state.imageButtonRight\"\n\t\t\tdata-wp-style--top=\"state.imageButtonTop\"\n\t\t>\n\t\t\t<svg xmlns=\"http:\/\/www.w3.org\/2000\/svg\" width=\"12\" height=\"12\" fill=\"none\" viewBox=\"0 0 12 12\">\n\t\t\t\t<path fill=\"#fff\" d=\"M2 0a2 2 0 0 0-2 2v2h1.5V2a.5.5 0 0 1 .5-.5h2V0H2Zm2 10.5H2a.5.5 0 0 1-.5-.5V8H0v2a2 2 0 0 0 2 2h2v-1.5ZM8 12v-1.5h2a.5.5 0 0 0 .5-.5V8H12v2a2 2 0 0 1-2 2H8Zm2-12a2 2 0 0 1 2 2v2h-1.5V2a.5.5 0 0 0-.5-.5H8V0h2Z\" \/>\n\t\t\t<\/svg>\n\t\t<\/button><\/figure>\n<\/div>\n\n\n\n<div class=\"wp-block-column is-layout-flow wp-block-column-is-layout-flow\">\n<figure data-wp-context=\"{&quot;imageId&quot;:&quot;69d7ea65b7f9f&quot;}\" data-wp-interactive=\"core\/image\" data-wp-key=\"69d7ea65b7f9f\" class=\"wp-block-image size-full wp-lightbox-container\"><img loading=\"lazy\" decoding=\"async\" width=\"474\" height=\"711\" data-wp-class--hide=\"state.isContentHidden\" data-wp-class--show=\"state.isContentVisible\" data-wp-init=\"callbacks.setButtonStyles\" data-wp-on--click=\"actions.showLightbox\" data-wp-on--load=\"callbacks.setButtonStyles\" data-wp-on-window--resize=\"callbacks.setButtonStyles\" src=\"https:\/\/eleves.escl.fr\/wp2\/cosfun\/wp-content\/uploads\/sites\/27\/2026\/01\/paperback.webp\" alt=\"\" class=\"wp-image-39\" srcset=\"https:\/\/eleves.escl.fr\/wp2\/cosfun\/wp-content\/uploads\/sites\/27\/2026\/01\/paperback.webp 474w, https:\/\/eleves.escl.fr\/wp2\/cosfun\/wp-content\/uploads\/sites\/27\/2026\/01\/paperback-200x300.webp 200w\" sizes=\"auto, (max-width: 474px) 100vw, 474px\" \/><button\n\t\t\tclass=\"lightbox-trigger\"\n\t\t\ttype=\"button\"\n\t\t\taria-haspopup=\"dialog\"\n\t\t\taria-label=\"Agrandir\"\n\t\t\tdata-wp-init=\"callbacks.initTriggerButton\"\n\t\t\tdata-wp-on--click=\"actions.showLightbox\"\n\t\t\tdata-wp-style--right=\"state.imageButtonRight\"\n\t\t\tdata-wp-style--top=\"state.imageButtonTop\"\n\t\t>\n\t\t\t<svg xmlns=\"http:\/\/www.w3.org\/2000\/svg\" width=\"12\" height=\"12\" fill=\"none\" viewBox=\"0 0 12 12\">\n\t\t\t\t<path fill=\"#fff\" d=\"M2 0a2 2 0 0 0-2 2v2h1.5V2a.5.5 0 0 1 .5-.5h2V0H2Zm2 10.5H2a.5.5 0 0 1-.5-.5V8H0v2a2 2 0 0 0 2 2h2v-1.5ZM8 12v-1.5h2a.5.5 0 0 0 .5-.5V8H12v2a2 2 0 0 1-2 2H8Zm2-12a2 2 0 0 1 2 2v2h-1.5V2a.5.5 0 0 0-.5-.5H8V0h2Z\" \/>\n\t\t\t<\/svg>\n\t\t<\/button><\/figure>\n<\/div>\n<\/div>\n\n\n\n<div class=\"wp-block-columns alignfull is-layout-flex wp-container-core-columns-is-layout-28f84493 wp-block-columns-is-layout-flex\">\n<div class=\"wp-block-column is-layout-flow wp-block-column-is-layout-flow\">\n<figure class=\"wp-block-image size-full\" style=\"margin-right:var(--wp--preset--spacing--20);margin-left:var(--wp--preset--spacing--20)\"><img loading=\"lazy\" decoding=\"async\" width=\"668\" height=\"927\" src=\"https:\/\/eleves.escl.fr\/wp2\/cosfun\/wp-content\/uploads\/sites\/27\/2026\/01\/golden-raetio-cosplay-1.jpeg\" alt=\"\" class=\"wp-image-60\" srcset=\"https:\/\/eleves.escl.fr\/wp2\/cosfun\/wp-content\/uploads\/sites\/27\/2026\/01\/golden-raetio-cosplay-1.jpeg 668w, https:\/\/eleves.escl.fr\/wp2\/cosfun\/wp-content\/uploads\/sites\/27\/2026\/01\/golden-raetio-cosplay-1-216x300.jpeg 216w\" sizes=\"auto, (max-width: 668px) 100vw, 668px\" \/><\/figure>\n<\/div>\n\n\n\n<div class=\"wp-block-column is-layout-flow wp-block-column-is-layout-flow\">\n<h2 class=\"wp-block-heading has-text-align-center\" id=\"Goldenraetio_\" style=\"padding-top:var(--wp--preset--spacing--30);padding-bottom:var(--wp--preset--spacing--30)\">Goldenraetio_ <\/h2>\n\n\n\n<p>goldenraetio est une <strong>cosplayeuse. <\/strong>Elle est n\u00e9e le 4 avril 2003 aux \u00c9tats-Unis.<\/p>\n\n\n\n<p>Elle est connue pour son compte TikTok avec plus de 1,1 million d&rsquo;abonn\u00e9s, o\u00f9 elle partage des vid\u00e9os de lip-sync et de danse en cosplay de personnages fictifs. Elle est n\u00e9e le 4 avril 2003 aux \u00c9tats-Unis.<\/p>\n\n\n\n<p class=\"has-text-align-right\" style=\"padding-right:var(--wp--preset--spacing--20);padding-left:var(--wp--preset--spacing--20)\">source image :<\/p>\n\n\n\n<p class=\"has-text-align-right\" style=\"padding-right:var(--wp--preset--spacing--30);padding-left:var(--wp--preset--spacing--30)\"><a href=\"http:\/\/instagram.com\" data-type=\"link\" data-id=\"instagram.com\">instagram.com<\/a><\/p>\n<\/div>\n<\/div>\n\n\n\n<div class=\"wp-block-columns alignfull is-layout-flex wp-container-core-columns-is-layout-28f84493 wp-block-columns-is-layout-flex\">\n<div class=\"wp-block-column is-layout-flow wp-block-column-is-layout-flow\">\n<h2 class=\"wp-block-heading has-text-align-center\" style=\"padding-top:var(--wp--preset--spacing--30);padding-bottom:var(--wp--preset--spacing--30)\">Plume.Cos<\/h2>\n\n\n\n<p class=\"has-text-align-right\">Plume.cos est une tiktokeuse de son vrai nom Ninon. Elle est n\u00e9e le 4 mars 2009 a Saint-Etienne. Elle cumule 1518 abonn\u00e9s sur tiktok et 384 followers sur instagram.<\/p>\n\n\n\n<p class=\"has-text-align-right\" style=\"padding-right:var(--wp--preset--spacing--30);padding-left:var(--wp--preset--spacing--30)\">Lien image: <a href=\"http:\/\/instagram.com\" data-type=\"link\" data-id=\"instagram.com\">instagram.com<\/a><\/p>\n<\/div>\n\n\n\n<div class=\"wp-block-column is-layout-flow wp-block-column-is-layout-flow\">\n<figure class=\"wp-block-image size-large\" style=\"margin-right:var(--wp--preset--spacing--30);margin-left:var(--wp--preset--spacing--30)\"><img loading=\"lazy\" decoding=\"async\" width=\"768\" height=\"1024\" src=\"https:\/\/eleves.escl.fr\/wp2\/cosfun\/wp-content\/uploads\/sites\/27\/2026\/01\/image-ninon-cosplay-1-768x1024.jpg\" alt=\"\" class=\"wp-image-37\" srcset=\"https:\/\/eleves.escl.fr\/wp2\/cosfun\/wp-content\/uploads\/sites\/27\/2026\/01\/image-ninon-cosplay-1-768x1024.jpg 768w, https:\/\/eleves.escl.fr\/wp2\/cosfun\/wp-content\/uploads\/sites\/27\/2026\/01\/image-ninon-cosplay-1-225x300.jpg 225w, https:\/\/eleves.escl.fr\/wp2\/cosfun\/wp-content\/uploads\/sites\/27\/2026\/01\/image-ninon-cosplay-1.jpg 843w\" sizes=\"auto, (max-width: 768px) 100vw, 768px\" \/><\/figure>\n<\/div>\n<\/div>\n\n\n\n<p><\/p>\n","protected":false},"excerpt":{"rendered":"<p>P4perback P4perback est n\u00e9 le 4 janvier 2003 aux Etats-Unies (Il a maintenant 23 ans). Le tiktokeur est connu pour ses vid\u00e9os drole et ses lip-syncs. Il a 2,3 million de followers et 112 million de likes sur son compte tiktok. source image : reddit.com \/ popularnetworth.com Goldenraetio_ goldenraetio est une cosplayeuse. Elle est n\u00e9e [&hellip;]<\/p>\n","protected":false},"author":45,"featured_media":0,"parent":0,"menu_order":0,"comment_status":"closed","ping_status":"closed","template":"","meta":{"footnotes":""},"class_list":["post-145","page","type-page","status-publish","hentry"],"_links":{"self":[{"href":"https:\/\/eleves.escl.fr\/wp2\/cosfun\/wp-json\/wp\/v2\/pages\/145","targetHints":{"allow":["GET"]}}],"collection":[{"href":"https:\/\/eleves.escl.fr\/wp2\/cosfun\/wp-json\/wp\/v2\/pages"}],"about":[{"href":"https:\/\/eleves.escl.fr\/wp2\/cosfun\/wp-json\/wp\/v2\/types\/page"}],"author":[{"embeddable":true,"href":"https:\/\/eleves.escl.fr\/wp2\/cosfun\/wp-json\/wp\/v2\/users\/45"}],"replies":[{"embeddable":true,"href":"https:\/\/eleves.escl.fr\/wp2\/cosfun\/wp-json\/wp\/v2\/comments?post=145"}],"version-history":[{"count":9,"href":"https:\/\/eleves.escl.fr\/wp2\/cosfun\/wp-json\/wp\/v2\/pages\/145\/revisions"}],"predecessor-version":[{"id":184,"href":"https:\/\/eleves.escl.fr\/wp2\/cosfun\/wp-json\/wp\/v2\/pages\/145\/revisions\/184"}],"wp:attachment":[{"href":"https:\/\/eleves.escl.fr\/wp2\/cosfun\/wp-json\/wp\/v2\/media?parent=145"}],"curies":[{"name":"wp","href":"https:\/\/api.w.org\/{rel}","templated":true}]}}