{"id":65,"date":"2026-03-10T14:17:45","date_gmt":"2026-03-10T13:17:45","guid":{"rendered":"https:\/\/eleves.escl.fr\/wp2\/cosfun\/?page_id=65"},"modified":"2026-03-22T14:47:42","modified_gmt":"2026-03-22T13:47:42","slug":"les-b-a-ba-du-cosplay","status":"publish","type":"page","link":"https:\/\/eleves.escl.fr\/wp2\/cosfun\/les-b-a-ba-du-cosplay\/","title":{"rendered":"Le B.A &#8211; BA du cosplay"},"content":{"rendered":"\n<div class=\"wp-block-group alignfull is-style-section-1 has-global-padding is-content-justification-center is-layout-constrained wp-block-group-is-layout-constrained is-style-section-1--1\" style=\"margin-top:0;margin-bottom:0;padding-top:var(--wp--preset--spacing--80);padding-bottom:var(--wp--preset--spacing--80)\">\n<div class=\"wp-block-group alignfull has-global-padding is-layout-constrained wp-container-core-group-is-layout-0c9c989a wp-block-group-is-layout-constrained\" style=\"min-height:0vh;margin-top:0;margin-bottom:0;padding-top:var(--wp--preset--spacing--70);padding-right:var(--wp--preset--spacing--40);padding-bottom:var(--wp--preset--spacing--70);padding-left:var(--wp--preset--spacing--40)\">\n<div class=\"wp-block-cover alignwide\"><img loading=\"lazy\" decoding=\"async\" width=\"1024\" height=\"741\" class=\"wp-block-cover__image-background wp-image-167\" alt=\"\" src=\"https:\/\/eleves.escl.fr\/wp2\/cosfun\/wp-content\/uploads\/sites\/27\/2026\/03\/ninon-2-1-1024x741.jpeg\" data-object-fit=\"cover\" srcset=\"https:\/\/eleves.escl.fr\/wp2\/cosfun\/wp-content\/uploads\/sites\/27\/2026\/03\/ninon-2-1-1024x741.jpeg 1024w, https:\/\/eleves.escl.fr\/wp2\/cosfun\/wp-content\/uploads\/sites\/27\/2026\/03\/ninon-2-1-300x217.jpeg 300w, https:\/\/eleves.escl.fr\/wp2\/cosfun\/wp-content\/uploads\/sites\/27\/2026\/03\/ninon-2-1-768x555.jpeg 768w, https:\/\/eleves.escl.fr\/wp2\/cosfun\/wp-content\/uploads\/sites\/27\/2026\/03\/ninon-2-1.jpeg 1080w\" sizes=\"auto, (max-width: 1024px) 100vw, 1024px\" \/><span aria-hidden=\"true\" class=\"wp-block-cover__background has-background-dim\"><\/span><div class=\"wp-block-cover__inner-container is-layout-flow wp-block-cover-is-layout-flow\">\n<p data-wp-context---core-fit-text=\"core\/fit-text::{&quot;fontSize&quot;:&quot;&quot;}\" data-wp-init---core-fit-text=\"core\/fit-text::callbacks.init\" data-wp-interactive data-wp-style--font-size=\"core\/fit-text::context.fontSize\" class=\"has-text-align-center has-fit-text has-large-font-size\">astuces pour le cosplay<\/p>\n\n\n\n<p class=\"has-text-align-center\">Astuces et id\u00e9es sur le cosplay <\/p>\n<\/div><\/div>\n<\/div>\n\n\n\n<div class=\"wp-block-columns alignwide is-layout-flex wp-container-core-columns-is-layout-66fad18a wp-block-columns-is-layout-flex\">\n<div class=\"wp-block-column is-vertically-aligned-center is-layout-flow wp-block-column-is-layout-flow\" style=\"padding-right:0;padding-left:0;flex-basis:50%\">\n<p class=\"has-large-font-size\" style=\"margin-right:var(--wp--preset--spacing--20);margin-left:var(--wp--preset--spacing--20)\">1- Les costumes <\/p>\n\n\n\n<figure class=\"wp-block-image size-full is-resized\"><img loading=\"lazy\" decoding=\"async\" width=\"736\" height=\"736\" src=\"https:\/\/eleves.escl.fr\/wp2\/cosfun\/wp-content\/uploads\/sites\/27\/2026\/02\/Perruque-de-Costume-de-Cosplay-Navia-Genshin-Impact-uniforme-Fontaine-Spina-Di-Rosula-chapeau.jpg\" alt=\"\" class=\"wp-image-75\" style=\"width:512px;height:auto\" srcset=\"https:\/\/eleves.escl.fr\/wp2\/cosfun\/wp-content\/uploads\/sites\/27\/2026\/02\/Perruque-de-Costume-de-Cosplay-Navia-Genshin-Impact-uniforme-Fontaine-Spina-Di-Rosula-chapeau.jpg 736w, https:\/\/eleves.escl.fr\/wp2\/cosfun\/wp-content\/uploads\/sites\/27\/2026\/02\/Perruque-de-Costume-de-Cosplay-Navia-Genshin-Impact-uniforme-Fontaine-Spina-Di-Rosula-chapeau-300x300.jpg 300w, https:\/\/eleves.escl.fr\/wp2\/cosfun\/wp-content\/uploads\/sites\/27\/2026\/02\/Perruque-de-Costume-de-Cosplay-Navia-Genshin-Impact-uniforme-Fontaine-Spina-Di-Rosula-chapeau-150x150.jpg 150w\" sizes=\"auto, (max-width: 736px) 100vw, 736px\" \/><\/figure>\n<\/div>\n\n\n\n<div class=\"wp-block-column is-layout-flow wp-block-column-is-layout-flow\" style=\"padding-right:0;padding-left:0;flex-basis:50%\">\n<p><\/p>\n\n\n\n<p style=\"padding-top:0;padding-right:0;padding-bottom:0;padding-left:0\">Les costumes sont une partie essentiel du cosplay !<\/p>\n\n\n\n<p>les costumes, qu&rsquo;ils soient achet\u00e9, cousus, fabriqu\u00e9 ou de seconde main, sont une partie int\u00e9grante du cosplay !<\/p>\n\n\n\n<p>quelques sites o\u00f9 acheter des cosplay: <\/p>\n\n\n\n<p><a href=\"https:\/\/newcossky.fr\/\" data-type=\"link\" data-id=\"https:\/\/newcossky.fr\/\">https:\/\/newcossky.fr\/<\/a><\/p>\n\n\n\n<p><a href=\"https:\/\/dokidokicos.com\/\" data-type=\"link\" data-id=\"https:\/\/dokidokicos.com\/\">https:\/\/dokidokicos.com\/<\/a><\/p>\n\n\n\n<p><a href=\"https:\/\/uwowocosplay.com\" data-type=\"link\" data-id=\"https:\/\/uwowocosplay.com\">https:\/\/uwowocosplay.com<\/a><\/p>\n\n\n\n<p><a href=\"https:\/\/www.vinted.fr\/\" data-type=\"link\" data-id=\"https:\/\/www.vinted.fr\/\">https:\/\/www.vinted.fr\/<\/a><\/p>\n\n\n\n<p><a href=\"http:\/\/aliexpress.com\" data-type=\"link\" data-id=\"aliexpress.com\">aliexpress.com<\/a><\/p>\n<\/div>\n<\/div>\n\n\n\n<div class=\"wp-block-columns alignfull is-layout-flex wp-container-core-columns-is-layout-87beb0d0 wp-block-columns-is-layout-flex\">\n<div class=\"wp-block-column is-layout-flow wp-block-column-is-layout-flow\">\n<h2 class=\"wp-block-heading\" style=\"padding-top:0;padding-right:var(--wp--preset--spacing--30);padding-bottom:0;padding-left:var(--wp--preset--spacing--30)\">2- Les Perruques<\/h2>\n\n\n\n<figure class=\"wp-block-image alignright size-full\"><img loading=\"lazy\" decoding=\"async\" width=\"474\" height=\"474\" src=\"https:\/\/eleves.escl.fr\/wp2\/cosfun\/wp-content\/uploads\/sites\/27\/2026\/03\/perruques.webp\" alt=\"\" class=\"wp-image-103\" srcset=\"https:\/\/eleves.escl.fr\/wp2\/cosfun\/wp-content\/uploads\/sites\/27\/2026\/03\/perruques.webp 474w, https:\/\/eleves.escl.fr\/wp2\/cosfun\/wp-content\/uploads\/sites\/27\/2026\/03\/perruques-300x300.webp 300w, https:\/\/eleves.escl.fr\/wp2\/cosfun\/wp-content\/uploads\/sites\/27\/2026\/03\/perruques-150x150.webp 150w\" sizes=\"auto, (max-width: 474px) 100vw, 474px\" \/><\/figure>\n<\/div>\n\n\n\n<div class=\"wp-block-column is-vertically-aligned-top is-style-default is-layout-flow wp-block-column-is-layout-flow\">\n<p><\/p>\n\n\n\n<p><\/p>\n\n\n\n<p style=\"margin-right:var(--wp--preset--spacing--30);margin-left:var(--wp--preset--spacing--30)\">ou aussi appel\u00e9e wig, elles sont tr\u00e8s pr\u00e9sentes dans le cosplay, elles sont sois tr\u00e8s stylis\u00e9 avec beaucoup d&rsquo;accessoires sois assez simple avec une stylisation peu pouss\u00e9. Des cosplays se font aussi sans perruques ou wigs.<\/p>\n\n\n\n<p>sites de perruques:<\/p>\n\n\n\n<p><a href=\"https:\/\/cosplaysmart.com\" data-type=\"link\" data-id=\"https:\/\/cosplaysmart.com\">https:\/\/cosplaysmart.com<\/a><\/p>\n\n\n\n<p><a href=\"https:\/\/fr.aliexpress.com\/\" data-type=\"link\" data-id=\"https:\/\/fr.aliexpress.com\/\">https:\/\/fr.aliexpress.com\/<\/a><\/p>\n\n\n\n<p class=\"has-text-align-right\" style=\"padding-right:var(--wp--preset--spacing--20);padding-left:var(--wp--preset--spacing--20)\">source image: <a href=\"http:\/\/gcosplay.com\" data-type=\"link\" data-id=\"gcosplay.com\">gcosplay.com<\/a><\/p>\n<\/div>\n<\/div>\n<\/div>\n\n\n\n<div class=\"wp-block-columns alignfull is-layout-flex wp-container-core-columns-is-layout-28f84493 wp-block-columns-is-layout-flex\">\n<div class=\"wp-block-column is-layout-flow wp-block-column-is-layout-flow\" style=\"padding-top:var(--wp--preset--spacing--60);padding-right:var(--wp--preset--spacing--20);padding-bottom:var(--wp--preset--spacing--60);padding-left:var(--wp--preset--spacing--20);flex-basis:25%\">\n<figure class=\"wp-block-image aligncenter size-full\"><img loading=\"lazy\" decoding=\"async\" width=\"736\" height=\"736\" src=\"https:\/\/eleves.escl.fr\/wp2\/cosfun\/wp-content\/uploads\/sites\/27\/2026\/03\/lenses-1.jpg\" alt=\"\" class=\"wp-image-127\" srcset=\"https:\/\/eleves.escl.fr\/wp2\/cosfun\/wp-content\/uploads\/sites\/27\/2026\/03\/lenses-1.jpg 736w, https:\/\/eleves.escl.fr\/wp2\/cosfun\/wp-content\/uploads\/sites\/27\/2026\/03\/lenses-1-300x300.jpg 300w, https:\/\/eleves.escl.fr\/wp2\/cosfun\/wp-content\/uploads\/sites\/27\/2026\/03\/lenses-1-150x150.jpg 150w\" sizes=\"auto, (max-width: 736px) 100vw, 736px\" \/><\/figure>\n<\/div>\n\n\n\n<div class=\"wp-block-column is-layout-flow wp-block-column-is-layout-flow\" style=\"flex-basis:50%\">\n<h2 class=\"wp-block-heading has-text-align-center\"><strong>3- Les lentilles et le maquillage<\/strong><\/h2>\n\n\n\n<p>les lentilles et le maquillages sont les d\u00e9tails qui perfectionnent les cosplay. Les lentilles sont peu port\u00e9 car c&rsquo;est assez compliquer d&rsquo;en mettre ou d&rsquo;en acheter de bonne qualit\u00e9. Enfin les maquillages ne sont jamais identiques, des cosplayers font des maquillages identiques a ceux des personnages a l&rsquo;inverse d&rsquo;autre qui rajoutent a leur maquillage leurs touches personnelles. <\/p>\n\n\n\n<p>Site de lentilles de contact:<\/p>\n\n\n\n<p><a href=\"http:\/\/pinkyparadise.com\" data-type=\"link\" data-id=\"pinkyparadise.com\">pinkyparadise.com<\/a><\/p>\n<\/div>\n\n\n\n<div class=\"wp-block-column is-layout-flow wp-block-column-is-layout-flow\" style=\"flex-basis:25%\">\n<figure class=\"wp-block-image size-full\" style=\"margin-top:var(--wp--preset--spacing--70);margin-right:var(--wp--preset--spacing--20);margin-bottom:var(--wp--preset--spacing--70);margin-left:var(--wp--preset--spacing--20)\"><img loading=\"lazy\" decoding=\"async\" width=\"736\" height=\"981\" src=\"https:\/\/eleves.escl.fr\/wp2\/cosfun\/wp-content\/uploads\/sites\/27\/2026\/03\/makeup.jpg\" alt=\"\" class=\"wp-image-130\" srcset=\"https:\/\/eleves.escl.fr\/wp2\/cosfun\/wp-content\/uploads\/sites\/27\/2026\/03\/makeup.jpg 736w, https:\/\/eleves.escl.fr\/wp2\/cosfun\/wp-content\/uploads\/sites\/27\/2026\/03\/makeup-225x300.jpg 225w\" sizes=\"auto, (max-width: 736px) 100vw, 736px\" \/><\/figure>\n<\/div>\n<\/div>\n\n\n\n<p><\/p>\n\n\n\n<p><\/p>\n\n\n\n<p><\/p>\n\n\n\n<p><\/p>\n","protected":false},"excerpt":{"rendered":"<p>1- Les costumes Les costumes sont une partie essentiel du cosplay ! les costumes, qu&rsquo;ils soient achet\u00e9, cousus, fabriqu\u00e9 ou de seconde main, sont une partie int\u00e9grante du cosplay ! quelques sites o\u00f9 acheter des cosplay: https:\/\/newcossky.fr\/ https:\/\/dokidokicos.com\/ https:\/\/uwowocosplay.com https:\/\/www.vinted.fr\/ aliexpress.com 2- Les Perruques ou aussi appel\u00e9e wig, elles sont tr\u00e8s pr\u00e9sentes dans le cosplay, [&hellip;]<\/p>\n","protected":false},"author":50,"featured_media":0,"parent":0,"menu_order":0,"comment_status":"closed","ping_status":"closed","template":"","meta":{"footnotes":""},"class_list":["post-65","page","type-page","status-publish","hentry"],"_links":{"self":[{"href":"https:\/\/eleves.escl.fr\/wp2\/cosfun\/wp-json\/wp\/v2\/pages\/65","targetHints":{"allow":["GET"]}}],"collection":[{"href":"https:\/\/eleves.escl.fr\/wp2\/cosfun\/wp-json\/wp\/v2\/pages"}],"about":[{"href":"https:\/\/eleves.escl.fr\/wp2\/cosfun\/wp-json\/wp\/v2\/types\/page"}],"author":[{"embeddable":true,"href":"https:\/\/eleves.escl.fr\/wp2\/cosfun\/wp-json\/wp\/v2\/users\/50"}],"replies":[{"embeddable":true,"href":"https:\/\/eleves.escl.fr\/wp2\/cosfun\/wp-json\/wp\/v2\/comments?post=65"}],"version-history":[{"count":14,"href":"https:\/\/eleves.escl.fr\/wp2\/cosfun\/wp-json\/wp\/v2\/pages\/65\/revisions"}],"predecessor-version":[{"id":182,"href":"https:\/\/eleves.escl.fr\/wp2\/cosfun\/wp-json\/wp\/v2\/pages\/65\/revisions\/182"}],"wp:attachment":[{"href":"https:\/\/eleves.escl.fr\/wp2\/cosfun\/wp-json\/wp\/v2\/media?parent=65"}],"curies":[{"name":"wp","href":"https:\/\/api.w.org\/{rel}","templated":true}]}}