{"id":122,"date":"2025-01-21T15:04:07","date_gmt":"2025-01-21T14:04:07","guid":{"rendered":"https:\/\/eleves.escl.fr\/wp2\/cuisine\/?page_id=122"},"modified":"2025-03-04T14:34:21","modified_gmt":"2025-03-04T13:34:21","slug":"cuba","status":"publish","type":"page","link":"https:\/\/eleves.escl.fr\/wp2\/cuisine\/page-d-exemple\/cuba\/","title":{"rendered":"Cuba"},"content":{"rendered":"\n<div class=\"wp-block-group alignfull has-global-padding is-layout-constrained wp-container-core-group-is-layout-490fa1db wp-block-group-is-layout-constrained\" style=\"padding-top:var(--wp--preset--spacing--50);padding-right:var(--wp--preset--spacing--50);padding-bottom:var(--wp--preset--spacing--50);padding-left:var(--wp--preset--spacing--50)\">\n<div class=\"wp-block-group has-global-padding is-layout-constrained wp-container-core-group-is-layout-650790e1 wp-block-group-is-layout-constrained\">\n<h1 class=\"wp-block-heading has-text-align-center has-x-large-font-size\">poulet \u00e0 la cubanaise <\/h1>\n\n\n\n<div style=\"height:1.25rem\" aria-hidden=\"true\" class=\"wp-block-spacer\"><\/div>\n\n\n\n<p class=\"has-text-align-center\"><\/p>\n\n\n\n<div style=\"height:1.25rem\" aria-hidden=\"true\" class=\"wp-block-spacer\"><\/div>\n<\/div>\n\n\n\n<div style=\"height:var(--wp--preset--spacing--30)\" aria-hidden=\"true\" class=\"wp-block-spacer\"><\/div>\n\n\n\n<figure class=\"wp-block-image alignwide size-full is-style-rounded is-style-rounded--1\"><img loading=\"lazy\" decoding=\"async\" width=\"660\" height=\"660\" src=\"https:\/\/eleves.escl.fr\/wp2\/cuisine\/wp-content\/uploads\/sites\/13\/2025\/03\/image-poulet-2.jpeg\" alt=\"\" class=\"wp-image-244\" srcset=\"https:\/\/eleves.escl.fr\/wp2\/cuisine\/wp-content\/uploads\/sites\/13\/2025\/03\/image-poulet-2.jpeg 660w, https:\/\/eleves.escl.fr\/wp2\/cuisine\/wp-content\/uploads\/sites\/13\/2025\/03\/image-poulet-2-300x300.jpeg 300w, https:\/\/eleves.escl.fr\/wp2\/cuisine\/wp-content\/uploads\/sites\/13\/2025\/03\/image-poulet-2-150x150.jpeg 150w\" sizes=\"auto, (max-width: 660px) 100vw, 660px\" \/><\/figure>\n<\/div>\n\n\n\n<div class=\"wp-block-group alignfull has-global-padding is-layout-constrained wp-container-core-group-is-layout-d89aad35 wp-block-group-is-layout-constrained\" style=\"margin-top:0;margin-bottom:0;padding-top:var(--wp--preset--spacing--50);padding-right:var(--wp--preset--spacing--50);padding-bottom:var(--wp--preset--spacing--50);padding-left:var(--wp--preset--spacing--50)\">\n<h2 class=\"wp-block-heading alignwide has-x-large-font-size\" style=\"margin-top:0;margin-bottom:var(--wp--preset--spacing--40);line-height:1\"><\/h2>\n\n\n\n<p><strong>ingr\u00e9dients<\/strong><\/p>\n\n\n\n<p>Poulet<\/p>\n\n\n\n<p>Bouillon de volaille 1<\/p>\n\n\n\n<p>Piment<\/p>\n\n\n\n<p>Oignon(s)<\/p>\n\n\n\n<p>Ail 3<\/p>\n\n\n\n<p>Vinaigre 1 c. \u00e0 soupe<\/p>\n\n\n\n<p>Huile<\/p>\n\n\n\n<p>Sel poivre<\/p>\n<\/div>\n\n\n\n<h2 class=\"wp-block-heading\">Pr\u00e9paration<\/h2>\n\n\n\n<ul class=\"wp-block-list\">\n<li>\u00c9tape 1 D\u00e9coupez le poulet en morceaux et faites-le revenir dans une cocotte avec de l&rsquo;huile.<\/li>\n\n\n\n<li>\u00c9tape 2 Pilez et hachez les oignons et les gousses d&rsquo;ail.<\/li>\n\n\n\n<li>\u00c9tape 3 Ajoutez-les dans la cocotte avec le vinaigre et laissez cuire 30 min \u00e0 feu doux.<\/li>\n\n\n\n<li>\u00c9tape 4 Coupez les piments en lamelles et ajoutez-lesensuite \u00e0 la viande avec le bouillon, le sel et le poivre.<\/li>\n\n\n\n<li>\u00c9tape 5 Laissez mijoter 30 min<\/li>\n<\/ul>\n\n\n\n<p><\/p>\n","protected":false},"excerpt":{"rendered":"<p>poulet \u00e0 la cubanaise ingr\u00e9dients Poulet Bouillon de volaille 1 Piment Oignon(s) Ail 3 Vinaigre 1 c. \u00e0 soupe Huile Sel poivre Pr\u00e9paration<\/p>\n","protected":false},"author":12,"featured_media":0,"parent":2,"menu_order":0,"comment_status":"closed","ping_status":"closed","template":"","meta":{"footnotes":""},"class_list":["post-122","page","type-page","status-publish","hentry"],"_links":{"self":[{"href":"https:\/\/eleves.escl.fr\/wp2\/cuisine\/wp-json\/wp\/v2\/pages\/122","targetHints":{"allow":["GET"]}}],"collection":[{"href":"https:\/\/eleves.escl.fr\/wp2\/cuisine\/wp-json\/wp\/v2\/pages"}],"about":[{"href":"https:\/\/eleves.escl.fr\/wp2\/cuisine\/wp-json\/wp\/v2\/types\/page"}],"author":[{"embeddable":true,"href":"https:\/\/eleves.escl.fr\/wp2\/cuisine\/wp-json\/wp\/v2\/users\/12"}],"replies":[{"embeddable":true,"href":"https:\/\/eleves.escl.fr\/wp2\/cuisine\/wp-json\/wp\/v2\/comments?post=122"}],"version-history":[{"count":2,"href":"https:\/\/eleves.escl.fr\/wp2\/cuisine\/wp-json\/wp\/v2\/pages\/122\/revisions"}],"predecessor-version":[{"id":249,"href":"https:\/\/eleves.escl.fr\/wp2\/cuisine\/wp-json\/wp\/v2\/pages\/122\/revisions\/249"}],"up":[{"embeddable":true,"href":"https:\/\/eleves.escl.fr\/wp2\/cuisine\/wp-json\/wp\/v2\/pages\/2"}],"wp:attachment":[{"href":"https:\/\/eleves.escl.fr\/wp2\/cuisine\/wp-json\/wp\/v2\/media?parent=122"}],"curies":[{"name":"wp","href":"https:\/\/api.w.org\/{rel}","templated":true}]}}