{"id":172,"date":"2025-02-04T13:52:36","date_gmt":"2025-02-04T12:52:36","guid":{"rendered":"https:\/\/eleves.escl.fr\/wp2\/cuisine\/?page_id=172"},"modified":"2025-03-18T15:11:23","modified_gmt":"2025-03-18T14:11:23","slug":"cote-divoire","status":"publish","type":"page","link":"https:\/\/eleves.escl.fr\/wp2\/cuisine\/afrique\/cote-divoire\/","title":{"rendered":"Cote d&rsquo;ivoire"},"content":{"rendered":"\n<div class=\"wp-block-group alignfull has-global-padding is-layout-constrained wp-container-core-group-is-layout-490fa1db wp-block-group-is-layout-constrained\" style=\"padding-top:var(--wp--preset--spacing--50);padding-right:var(--wp--preset--spacing--50);padding-bottom:var(--wp--preset--spacing--50);padding-left:var(--wp--preset--spacing--50)\">\n<div class=\"wp-block-group has-global-padding is-layout-constrained wp-container-core-group-is-layout-650790e1 wp-block-group-is-layout-constrained\">\n<h2 class=\"wp-block-heading\">foutou sauce graine<\/h2>\n<\/div>\n\n\n\n<div style=\"height:var(--wp--preset--spacing--30)\" aria-hidden=\"true\" class=\"wp-block-spacer\"><\/div>\n\n\n\n<figure class=\"wp-block-image alignwide size-full is-style-rounded is-style-rounded--1\"><img loading=\"lazy\" decoding=\"async\" width=\"1200\" height=\"800\" src=\"https:\/\/eleves.escl.fr\/wp2\/cuisine\/wp-content\/uploads\/sites\/13\/2025\/03\/Sauce-graine-36-copie.jpg\" alt=\"\" class=\"wp-image-298\" srcset=\"https:\/\/eleves.escl.fr\/wp2\/cuisine\/wp-content\/uploads\/sites\/13\/2025\/03\/Sauce-graine-36-copie.jpg 1200w, https:\/\/eleves.escl.fr\/wp2\/cuisine\/wp-content\/uploads\/sites\/13\/2025\/03\/Sauce-graine-36-copie-300x200.jpg 300w, https:\/\/eleves.escl.fr\/wp2\/cuisine\/wp-content\/uploads\/sites\/13\/2025\/03\/Sauce-graine-36-copie-1024x683.jpg 1024w, https:\/\/eleves.escl.fr\/wp2\/cuisine\/wp-content\/uploads\/sites\/13\/2025\/03\/Sauce-graine-36-copie-768x512.jpg 768w\" sizes=\"auto, (max-width: 1200px) 100vw, 1200px\" \/><\/figure>\n<\/div>\n\n\n\n<p class=\"has-large-font-size\">Ingr\u00e9dient<\/p>\n\n\n\n<p>2 kgs de noix de palme<\/p>\n\n\n\n<p>2 kgs de mouton<\/p>\n\n\n\n<p>500 g de crabe<\/p>\n\n\n\n<p>1 Poisson fum\u00e9<\/p>\n\n\n\n<p>3 Oignons<\/p>\n\n\n\n<p>2 t\u00eates d\u2019Ail<\/p>\n\n\n\n<p>4 \u00e9pices \/ Poivre blanc \/ Sel<\/p>\n\n\n\n<p>140 g de tomate concentr\u00e9e<\/p>\n\n\n\n<p class=\"has-large-font-size\">Etapes<\/p>\n\n\n\n<p>1 Lavez les noix de palme et les faire bouillir pendant 45 minutes. La noix va cuire et deviendra molle.<\/p>\n\n\n\n<p>2 lavez la viande de mouton et mettez-la dans une casserole sur feu vif.<\/p>\n\n\n\n<p>3 Assaisonnez, mettez les gousses d\u2019ail et laissez cuire 20 minutes puis r\u00e9servez.<\/p>\n\n\n\n<p>4 Transvasez la viande dans un grand wok mais ne jetez surtout pas le jus de cuisson!<\/p>\n\n\n\n<p>5 Ajoutez un filet d\u2019huile et faites dorer le tout pendant 10\/15 minutes.<\/p>\n\n\n\n<p>6 La viande prendra une jolie couleur.<\/p>\n\n\n\n<p>7 Lavez les crabes : Enlevez la chair, gardez certaines carcasses, les pinces.<\/p>\n\n\n\n<p>8 Assaisonnez le tout et faites cuire \u00e0 la po\u00eale pendant 5 minutes. R\u00e9servez.<\/p>\n\n\n\n<p>9 Lavez le poisson fum\u00e9 et pr\u00e9levez toute la chair.<\/p>\n\n\n\n<p>10 Une fois les noix cuites, lavez-les.<\/p>\n\n\n\n<p>11 A l\u2019aide d\u2019un mortier, \u00e9crasez-les. Si vous n\u2019en avez pas,  allez-y avec les mains!<\/p>\n\n\n\n<p>Pr\u00e9levez toute l\u2019huile pr\u00e9sente dans les noix en conservant l\u2019eau avec laquelle vous allez les rincer.<\/p>\n\n\n\n<p>Lavez et ajoutez de l\u2019eau au fur et \u00e0 mesure. Vous obtiendrez environ 4L de liquide.<\/p>\n\n\n\n<p>Mettez dans une grande marmite et faire bouillir pendant 1h30\/2h. Dans un premier temps, mettez 3 L d\u2019eau. Avec la cuisson, l\u2019eau va r\u00e9duire. Ajoutez l\u2019eau restante une fois que votre casserole vous le permet!<\/p>\n\n\n\n<p>&nbsp;Coupez les 3 oignons et mettez-les dans la sauce.<\/p>\n\n\n\n<p>Laissez bouillir une nouvelle fois<\/p>\n\n\n\n<p>Lorsque toute l\u2019eau a \u00e9t\u00e9 incorpor\u00e9e et que l\u2019huile est bien pr\u00e9sente \u00e0 la surface, ajoutez la viande et m\u00e9langez.<\/p>\n\n\n\n<p>Ajoutez la tomate concentr\u00e9e<\/p>\n\n\n\n<p>Ajustez l\u2019assaisonnement et laissez cuire encore 20 minutes.<\/p>\n\n\n\n<p>Apr\u00e8s ce temps, ajoutez 6 feuilles de laurier<\/p>\n\n\n\n<p>Couvrez la casserole et poursuivez la cuisson pendant encore 45\/60 min.<\/p>\n\n\n\n<p>Ajoutez le poisson fum\u00e9, le crabe pr\u00e9alablement cuit&nbsp;et le jus de la viande que vous avez conserv\u00e9!<\/p>\n\n\n\n<p>Poursuivez la cuisson une quinzaine de minutes sur feu doux<\/p>\n","protected":false},"excerpt":{"rendered":"<p>foutou sauce graine Ingr\u00e9dient 2 kgs de noix de palme 2 kgs de mouton 500 g de crabe 1 Poisson fum\u00e9 3 Oignons 2 t\u00eates d\u2019Ail 4 \u00e9pices \/ Poivre blanc \/ Sel 140 g de tomate concentr\u00e9e Etapes 1 Lavez les noix de palme et les faire bouillir pendant 45 minutes. La noix va [&hellip;]<\/p>\n","protected":false},"author":12,"featured_media":0,"parent":30,"menu_order":0,"comment_status":"closed","ping_status":"closed","template":"","meta":{"footnotes":""},"class_list":["post-172","page","type-page","status-publish","hentry"],"_links":{"self":[{"href":"https:\/\/eleves.escl.fr\/wp2\/cuisine\/wp-json\/wp\/v2\/pages\/172","targetHints":{"allow":["GET"]}}],"collection":[{"href":"https:\/\/eleves.escl.fr\/wp2\/cuisine\/wp-json\/wp\/v2\/pages"}],"about":[{"href":"https:\/\/eleves.escl.fr\/wp2\/cuisine\/wp-json\/wp\/v2\/types\/page"}],"author":[{"embeddable":true,"href":"https:\/\/eleves.escl.fr\/wp2\/cuisine\/wp-json\/wp\/v2\/users\/12"}],"replies":[{"embeddable":true,"href":"https:\/\/eleves.escl.fr\/wp2\/cuisine\/wp-json\/wp\/v2\/comments?post=172"}],"version-history":[{"count":5,"href":"https:\/\/eleves.escl.fr\/wp2\/cuisine\/wp-json\/wp\/v2\/pages\/172\/revisions"}],"predecessor-version":[{"id":353,"href":"https:\/\/eleves.escl.fr\/wp2\/cuisine\/wp-json\/wp\/v2\/pages\/172\/revisions\/353"}],"up":[{"embeddable":true,"href":"https:\/\/eleves.escl.fr\/wp2\/cuisine\/wp-json\/wp\/v2\/pages\/30"}],"wp:attachment":[{"href":"https:\/\/eleves.escl.fr\/wp2\/cuisine\/wp-json\/wp\/v2\/media?parent=172"}],"curies":[{"name":"wp","href":"https:\/\/api.w.org\/{rel}","templated":true}]}}