{"id":565,"date":"2025-05-19T20:27:28","date_gmt":"2025-05-19T18:27:28","guid":{"rendered":"https:\/\/eleves.escl.fr\/wp2\/dressup\/?page_id=565"},"modified":"2025-05-19T21:36:39","modified_gmt":"2025-05-19T19:36:39","slug":"robe","status":"publish","type":"page","link":"https:\/\/eleves.escl.fr\/wp2\/dressup\/robe\/","title":{"rendered":"Robe"},"content":{"rendered":"\n<h2 class=\"wp-block-heading has-text-color has-link-color has-xx-large-font-size wp-elements-fe456840871007added6fc2fdc76e93b\" style=\"color:#740000\"><strong><em>Robe shift<\/em><\/strong><\/h2>\n\n\n\n<p>Une shift robe peut d\u00e9signer un type de robe ou d\u2019habillement, qui est une robe simple et ample suspendue directement sur les \u00e9paules sans tour de taille d\u00e9fini. C\u2019est un v\u00eatement intemporel et polyvalent, souvent associ\u00e9 au confort et \u00e0 l\u2019\u00e9l\u00e9gance.<\/p>\n\n\n\n<div class=\"wp-block-columns is-layout-flex wp-container-core-columns-is-layout-28f84493 wp-block-columns-is-layout-flex\">\n<div class=\"wp-block-column is-layout-flow wp-block-column-is-layout-flow\">\n<figure class=\"wp-block-image size-full\"><img loading=\"lazy\" decoding=\"async\" width=\"736\" height=\"736\" src=\"https:\/\/eleves.escl.fr\/wp2\/dressup\/wp-content\/uploads\/sites\/11\/2025\/05\/b.jpg\" alt=\"\" class=\"wp-image-568\" srcset=\"https:\/\/eleves.escl.fr\/wp2\/dressup\/wp-content\/uploads\/sites\/11\/2025\/05\/b.jpg 736w, https:\/\/eleves.escl.fr\/wp2\/dressup\/wp-content\/uploads\/sites\/11\/2025\/05\/b-300x300.jpg 300w, https:\/\/eleves.escl.fr\/wp2\/dressup\/wp-content\/uploads\/sites\/11\/2025\/05\/b-150x150.jpg 150w\" sizes=\"auto, (max-width: 736px) 100vw, 736px\" \/><\/figure>\n<\/div>\n\n\n\n<div class=\"wp-block-column is-layout-flow wp-block-column-is-layout-flow\">\n<figure class=\"wp-block-image size-large\"><img loading=\"lazy\" decoding=\"async\" width=\"696\" height=\"1024\" src=\"https:\/\/eleves.escl.fr\/wp2\/dressup\/wp-content\/uploads\/sites\/11\/2025\/05\/n-696x1024.jpg\" alt=\"\" class=\"wp-image-569\" srcset=\"https:\/\/eleves.escl.fr\/wp2\/dressup\/wp-content\/uploads\/sites\/11\/2025\/05\/n-696x1024.jpg 696w, https:\/\/eleves.escl.fr\/wp2\/dressup\/wp-content\/uploads\/sites\/11\/2025\/05\/n-204x300.jpg 204w, https:\/\/eleves.escl.fr\/wp2\/dressup\/wp-content\/uploads\/sites\/11\/2025\/05\/n.jpg 736w\" sizes=\"auto, (max-width: 696px) 100vw, 696px\" \/><\/figure>\n<\/div>\n\n\n\n<div class=\"wp-block-column is-layout-flow wp-block-column-is-layout-flow\"><\/div>\n<\/div>\n\n\n\n<h2 class=\"wp-block-heading has-text-color has-link-color has-xx-large-font-size wp-elements-61ca75c9c0d92ac554f0dfbe6c0362c3\" style=\"color:#740000\"><strong><em>A-Line<\/em><\/strong><\/h2>\n\n\n\n<p>La robe A-line, ou robe en forme de \u201cA\u201d, est un\u00a0style de robe dont la silhouette \u00e9voque la lettre \u201cA\u201d. Elle est ajust\u00e9e au niveau du buste et s\u2019\u00e9vase progressivement depuis la taille jusqu\u2019\u00e0 l\u2019ourlet, cr\u00e9ant une ligne fluide et \u00e9quilibr\u00e9e.<\/p>\n\n\n\n<div class=\"wp-block-columns is-layout-flex wp-container-core-columns-is-layout-28f84493 wp-block-columns-is-layout-flex\">\n<div class=\"wp-block-column is-layout-flow wp-block-column-is-layout-flow\">\n<figure class=\"wp-block-image size-full\"><img loading=\"lazy\" decoding=\"async\" width=\"287\" height=\"393\" src=\"https:\/\/eleves.escl.fr\/wp2\/dressup\/wp-content\/uploads\/sites\/11\/2025\/05\/b-1.jpg\" alt=\"\" class=\"wp-image-570\" srcset=\"https:\/\/eleves.escl.fr\/wp2\/dressup\/wp-content\/uploads\/sites\/11\/2025\/05\/b-1.jpg 287w, https:\/\/eleves.escl.fr\/wp2\/dressup\/wp-content\/uploads\/sites\/11\/2025\/05\/b-1-219x300.jpg 219w\" sizes=\"auto, (max-width: 287px) 100vw, 287px\" \/><\/figure>\n<\/div>\n\n\n\n<div class=\"wp-block-column is-layout-flow wp-block-column-is-layout-flow\">\n<figure class=\"wp-block-image size-full\"><img loading=\"lazy\" decoding=\"async\" width=\"736\" height=\"981\" src=\"https:\/\/eleves.escl.fr\/wp2\/dressup\/wp-content\/uploads\/sites\/11\/2025\/05\/n-1.jpg\" alt=\"\" class=\"wp-image-571\" srcset=\"https:\/\/eleves.escl.fr\/wp2\/dressup\/wp-content\/uploads\/sites\/11\/2025\/05\/n-1.jpg 736w, https:\/\/eleves.escl.fr\/wp2\/dressup\/wp-content\/uploads\/sites\/11\/2025\/05\/n-1-225x300.jpg 225w\" sizes=\"auto, (max-width: 736px) 100vw, 736px\" \/><\/figure>\n<\/div>\n\n\n\n<div class=\"wp-block-column is-layout-flow wp-block-column-is-layout-flow\"><\/div>\n<\/div>\n\n\n\n<h2 class=\"wp-block-heading has-text-color has-link-color has-xx-large-font-size wp-elements-71aacdf1b540d8e2718558c69bc14c8c\" style=\"color:#740000\"><strong><em>Sheath<\/em><\/strong><\/h2>\n\n\n\n<p>Une robe sheath qui est assez droite mais ajust\u00e9e autour de la taille et des hanches.<\/p>\n\n\n\n<div class=\"wp-block-columns is-layout-flex wp-container-core-columns-is-layout-28f84493 wp-block-columns-is-layout-flex\">\n<div class=\"wp-block-column is-layout-flow wp-block-column-is-layout-flow\">\n<figure class=\"wp-block-image size-large\"><img loading=\"lazy\" decoding=\"async\" width=\"618\" height=\"1024\" src=\"https:\/\/eleves.escl.fr\/wp2\/dressup\/wp-content\/uploads\/sites\/11\/2025\/05\/b-2-618x1024.jpg\" alt=\"\" class=\"wp-image-572\" srcset=\"https:\/\/eleves.escl.fr\/wp2\/dressup\/wp-content\/uploads\/sites\/11\/2025\/05\/b-2-618x1024.jpg 618w, https:\/\/eleves.escl.fr\/wp2\/dressup\/wp-content\/uploads\/sites\/11\/2025\/05\/b-2-181x300.jpg 181w, https:\/\/eleves.escl.fr\/wp2\/dressup\/wp-content\/uploads\/sites\/11\/2025\/05\/b-2.jpg 735w\" sizes=\"auto, (max-width: 618px) 100vw, 618px\" \/><\/figure>\n<\/div>\n\n\n\n<div class=\"wp-block-column is-layout-flow wp-block-column-is-layout-flow\">\n<figure class=\"wp-block-image size-full\"><img loading=\"lazy\" decoding=\"async\" width=\"533\" height=\"800\" src=\"https:\/\/eleves.escl.fr\/wp2\/dressup\/wp-content\/uploads\/sites\/11\/2025\/05\/n-2.jpg\" alt=\"\" class=\"wp-image-573\" srcset=\"https:\/\/eleves.escl.fr\/wp2\/dressup\/wp-content\/uploads\/sites\/11\/2025\/05\/n-2.jpg 533w, https:\/\/eleves.escl.fr\/wp2\/dressup\/wp-content\/uploads\/sites\/11\/2025\/05\/n-2-200x300.jpg 200w\" sizes=\"auto, (max-width: 533px) 100vw, 533px\" \/><\/figure>\n<\/div>\n\n\n\n<div class=\"wp-block-column is-layout-flow wp-block-column-is-layout-flow\"><\/div>\n<\/div>\n\n\n\n<h2 class=\"wp-block-heading has-text-color has-link-color has-xx-large-font-size wp-elements-c68bc16c476072af06b96f366f1e8014\" style=\"color:#740000\"><strong><em>Bodycon<\/em><\/strong><\/h2>\n\n\n\n<p>La robe bodycon d\u00e9signe une\u00a0robe moulante ou en tout cas pr\u00e8s du corps, qui en suit les courbes au plus juste pour les mettre en valeur. Les fibres \u00e9lastiques comme l\u2019\u00e9lasthanne s\u2019associent \u00e0 d\u2019autres mati\u00e8res comme le coton, le polyester ou le velours pour former un v\u00eatement confortable et \u00e9l\u00e9gant.<\/p>\n\n\n\n<div class=\"wp-block-columns is-layout-flex wp-container-core-columns-is-layout-28f84493 wp-block-columns-is-layout-flex\">\n<div class=\"wp-block-column is-layout-flow wp-block-column-is-layout-flow\">\n<figure class=\"wp-block-image size-full\"><img loading=\"lazy\" decoding=\"async\" width=\"600\" height=\"900\" src=\"https:\/\/eleves.escl.fr\/wp2\/dressup\/wp-content\/uploads\/sites\/11\/2025\/05\/b-3.jpg\" alt=\"\" class=\"wp-image-575\" srcset=\"https:\/\/eleves.escl.fr\/wp2\/dressup\/wp-content\/uploads\/sites\/11\/2025\/05\/b-3.jpg 600w, https:\/\/eleves.escl.fr\/wp2\/dressup\/wp-content\/uploads\/sites\/11\/2025\/05\/b-3-200x300.jpg 200w\" sizes=\"auto, (max-width: 600px) 100vw, 600px\" \/><\/figure>\n<\/div>\n\n\n\n<div class=\"wp-block-column is-layout-flow wp-block-column-is-layout-flow\">\n<figure class=\"wp-block-image size-full\"><img loading=\"lazy\" decoding=\"async\" width=\"736\" height=\"981\" src=\"https:\/\/eleves.escl.fr\/wp2\/dressup\/wp-content\/uploads\/sites\/11\/2025\/05\/n-3.jpg\" alt=\"\" class=\"wp-image-576\" srcset=\"https:\/\/eleves.escl.fr\/wp2\/dressup\/wp-content\/uploads\/sites\/11\/2025\/05\/n-3.jpg 736w, https:\/\/eleves.escl.fr\/wp2\/dressup\/wp-content\/uploads\/sites\/11\/2025\/05\/n-3-225x300.jpg 225w\" sizes=\"auto, (max-width: 736px) 100vw, 736px\" \/><\/figure>\n<\/div>\n\n\n\n<div class=\"wp-block-column is-layout-flow wp-block-column-is-layout-flow\"><\/div>\n<\/div>\n\n\n\n<h2 class=\"wp-block-heading has-text-color has-link-color has-xx-large-font-size wp-elements-2d9df6b8a39c0be9728914bcdd703285\" style=\"color:#740000\"><strong><em>Tent<\/em><\/strong><\/h2>\n\n\n\n<p>Une robe de tente est une robe qui se d\u00e9tache de l\u2019\u00e9paule jusqu\u2019au bas des hanches et n\u2019a pas de tour de taille. Elle se porte sans ceinture.<br>La robe de tente \u00e9tait l\u2019une des tendances de 2007. Ils sont vendus dans la plupart des grands magasins ou des supermarch\u00e9s de v\u00eatements, et peuvent \u00e9galement \u00eatre faits maison ou sur mesure.<\/p>\n\n\n\n<div class=\"wp-block-columns is-layout-flex wp-container-core-columns-is-layout-28f84493 wp-block-columns-is-layout-flex\">\n<div class=\"wp-block-column is-layout-flow wp-block-column-is-layout-flow\">\n<figure class=\"wp-block-image size-full\"><img loading=\"lazy\" decoding=\"async\" width=\"320\" height=\"480\" src=\"https:\/\/eleves.escl.fr\/wp2\/dressup\/wp-content\/uploads\/sites\/11\/2025\/05\/b-4.jpg\" alt=\"\" class=\"wp-image-577\" srcset=\"https:\/\/eleves.escl.fr\/wp2\/dressup\/wp-content\/uploads\/sites\/11\/2025\/05\/b-4.jpg 320w, https:\/\/eleves.escl.fr\/wp2\/dressup\/wp-content\/uploads\/sites\/11\/2025\/05\/b-4-200x300.jpg 200w\" sizes=\"auto, (max-width: 320px) 100vw, 320px\" \/><\/figure>\n<\/div>\n\n\n\n<div class=\"wp-block-column is-layout-flow wp-block-column-is-layout-flow\">\n<figure class=\"wp-block-image size-full\"><img loading=\"lazy\" decoding=\"async\" width=\"736\" height=\"981\" src=\"https:\/\/eleves.escl.fr\/wp2\/dressup\/wp-content\/uploads\/sites\/11\/2025\/05\/n-4.jpg\" alt=\"\" class=\"wp-image-578\" srcset=\"https:\/\/eleves.escl.fr\/wp2\/dressup\/wp-content\/uploads\/sites\/11\/2025\/05\/n-4.jpg 736w, https:\/\/eleves.escl.fr\/wp2\/dressup\/wp-content\/uploads\/sites\/11\/2025\/05\/n-4-225x300.jpg 225w\" sizes=\"auto, (max-width: 736px) 100vw, 736px\" \/><\/figure>\n<\/div>\n\n\n\n<div class=\"wp-block-column is-layout-flow wp-block-column-is-layout-flow\"><\/div>\n<\/div>\n\n\n\n<h2 class=\"wp-block-heading has-text-color has-link-color has-xx-large-font-size wp-elements-1dc976e2f2673df2c7590497ade029fb\" style=\"color:#740000\"><strong><em>Empire<\/em><\/strong><\/h2>\n\n\n\n<p>La robe style Empire est un<strong>\u00a0<\/strong>v\u00eatement en vogue entre 1795 et 1820, ainsi nomm\u00e9 en r\u00e9f\u00e9rence \u00e0 l\u2019Empire et \u00e0 Jos\u00e9phine de Beauharnais, qui fut tr\u00e8s influente dans le rayonnement de ce style \u00e0 travers l\u2019Europe.<\/p>\n\n\n\n<div class=\"wp-block-columns is-layout-flex wp-container-core-columns-is-layout-28f84493 wp-block-columns-is-layout-flex\">\n<div class=\"wp-block-column is-layout-flow wp-block-column-is-layout-flow\">\n<figure class=\"wp-block-image size-full\"><img loading=\"lazy\" decoding=\"async\" width=\"600\" height=\"600\" src=\"https:\/\/eleves.escl.fr\/wp2\/dressup\/wp-content\/uploads\/sites\/11\/2025\/05\/b-5.jpg\" alt=\"\" class=\"wp-image-581\" srcset=\"https:\/\/eleves.escl.fr\/wp2\/dressup\/wp-content\/uploads\/sites\/11\/2025\/05\/b-5.jpg 600w, https:\/\/eleves.escl.fr\/wp2\/dressup\/wp-content\/uploads\/sites\/11\/2025\/05\/b-5-300x300.jpg 300w, https:\/\/eleves.escl.fr\/wp2\/dressup\/wp-content\/uploads\/sites\/11\/2025\/05\/b-5-150x150.jpg 150w\" sizes=\"auto, (max-width: 600px) 100vw, 600px\" \/><\/figure>\n<\/div>\n\n\n\n<div class=\"wp-block-column is-layout-flow wp-block-column-is-layout-flow\">\n<figure class=\"wp-block-image size-full\"><img loading=\"lazy\" decoding=\"async\" width=\"240\" height=\"240\" src=\"https:\/\/eleves.escl.fr\/wp2\/dressup\/wp-content\/uploads\/sites\/11\/2025\/05\/Couture-Vintage-and-Designer-Fashion-120-For-Sale-at-1stDibs-Page-2.jpg\" alt=\"\" class=\"wp-image-580\" srcset=\"https:\/\/eleves.escl.fr\/wp2\/dressup\/wp-content\/uploads\/sites\/11\/2025\/05\/Couture-Vintage-and-Designer-Fashion-120-For-Sale-at-1stDibs-Page-2.jpg 240w, https:\/\/eleves.escl.fr\/wp2\/dressup\/wp-content\/uploads\/sites\/11\/2025\/05\/Couture-Vintage-and-Designer-Fashion-120-For-Sale-at-1stDibs-Page-2-150x150.jpg 150w\" sizes=\"auto, (max-width: 240px) 100vw, 240px\" \/><\/figure>\n<\/div>\n\n\n\n<div class=\"wp-block-column is-layout-flow wp-block-column-is-layout-flow\"><\/div>\n<\/div>\n\n\n\n<h2 class=\"wp-block-heading has-text-color has-link-color has-xx-large-font-size wp-elements-5f933700b57f40772af303789ba6378a\" style=\"color:#740000\"><strong><em>Strapless<\/em><\/strong><\/h2>\n\n\n\n<p>Une robe ou un haut sans bretelles est un v\u00eatement qui reste autour du haut du corps sans bretelles ni autres supports visibles. Il est g\u00e9n\u00e9ralement soutenu par un corset et\/ou un soutien-gorge interne, avec la fermet\u00e9 du corsage emp\u00eachant la robe de glisser hors de sa position.<\/p>\n\n\n\n<div class=\"wp-block-columns is-layout-flex wp-container-core-columns-is-layout-28f84493 wp-block-columns-is-layout-flex\">\n<div class=\"wp-block-column is-layout-flow wp-block-column-is-layout-flow\">\n<figure class=\"wp-block-image size-full\"><img loading=\"lazy\" decoding=\"async\" width=\"736\" height=\"736\" src=\"https:\/\/eleves.escl.fr\/wp2\/dressup\/wp-content\/uploads\/sites\/11\/2025\/05\/Reposhing-This-Item-I-Purchased-From-@Roxymtb1513\u2026.jpg\" alt=\"\" class=\"wp-image-583\" srcset=\"https:\/\/eleves.escl.fr\/wp2\/dressup\/wp-content\/uploads\/sites\/11\/2025\/05\/Reposhing-This-Item-I-Purchased-From-@Roxymtb1513\u2026.jpg 736w, https:\/\/eleves.escl.fr\/wp2\/dressup\/wp-content\/uploads\/sites\/11\/2025\/05\/Reposhing-This-Item-I-Purchased-From-@Roxymtb1513\u2026-300x300.jpg 300w, https:\/\/eleves.escl.fr\/wp2\/dressup\/wp-content\/uploads\/sites\/11\/2025\/05\/Reposhing-This-Item-I-Purchased-From-@Roxymtb1513\u2026-150x150.jpg 150w\" sizes=\"auto, (max-width: 736px) 100vw, 736px\" \/><\/figure>\n<\/div>\n\n\n\n<div class=\"wp-block-column is-layout-flow wp-block-column-is-layout-flow\">\n<figure class=\"wp-block-image size-full\"><img loading=\"lazy\" decoding=\"async\" width=\"736\" height=\"736\" src=\"https:\/\/eleves.escl.fr\/wp2\/dressup\/wp-content\/uploads\/sites\/11\/2025\/05\/Mini-robe-noire-bustier-Plein-Sud-vintage-des\u2026.jpg\" alt=\"\" class=\"wp-image-584\" srcset=\"https:\/\/eleves.escl.fr\/wp2\/dressup\/wp-content\/uploads\/sites\/11\/2025\/05\/Mini-robe-noire-bustier-Plein-Sud-vintage-des\u2026.jpg 736w, https:\/\/eleves.escl.fr\/wp2\/dressup\/wp-content\/uploads\/sites\/11\/2025\/05\/Mini-robe-noire-bustier-Plein-Sud-vintage-des\u2026-300x300.jpg 300w, https:\/\/eleves.escl.fr\/wp2\/dressup\/wp-content\/uploads\/sites\/11\/2025\/05\/Mini-robe-noire-bustier-Plein-Sud-vintage-des\u2026-150x150.jpg 150w\" sizes=\"auto, (max-width: 736px) 100vw, 736px\" \/><\/figure>\n<\/div>\n\n\n\n<div class=\"wp-block-column is-layout-flow wp-block-column-is-layout-flow\"><\/div>\n<\/div>\n\n\n\n<h2 class=\"wp-block-heading has-text-color has-link-color has-xx-large-font-size wp-elements-ddf48cbeccc0f02d46ab7b4310f589b1\" style=\"color:#740000\"><strong><em>Halter dress<\/em><\/strong><\/h2>\n\n\n\n<p>Halterneck est un style de sangle de v\u00eatements pour femmes qui s\u2019\u00e9tend de l\u2019avant du v\u00eatement autour de l\u2019arri\u00e8re du cou, laissant g\u00e9n\u00e9ralement le haut du dos d\u00e9couvert. Le nom vient des \u00e9leveurs de b\u00e9tail. Le mot \u00ab\u00a0halter\u00a0\u00bb est d\u2019origine germanique et signifie \u00ab\u00a0d\u00e9tenteur\u00a0\u00bb ou \u00ab\u00a0celui qui d\u00e9tient\u00a0\u00bb.<\/p>\n\n\n\n<div class=\"wp-block-columns is-layout-flex wp-container-core-columns-is-layout-28f84493 wp-block-columns-is-layout-flex\">\n<div class=\"wp-block-column is-layout-flow wp-block-column-is-layout-flow\">\n<figure class=\"wp-block-image size-full\"><img loading=\"lazy\" decoding=\"async\" width=\"534\" height=\"712\" src=\"https:\/\/eleves.escl.fr\/wp2\/dressup\/wp-content\/uploads\/sites\/11\/2025\/05\/9eca5a5e-0907-41d4-82ca-cf86e00345f5.jpg\" alt=\"\" class=\"wp-image-585\" srcset=\"https:\/\/eleves.escl.fr\/wp2\/dressup\/wp-content\/uploads\/sites\/11\/2025\/05\/9eca5a5e-0907-41d4-82ca-cf86e00345f5.jpg 534w, https:\/\/eleves.escl.fr\/wp2\/dressup\/wp-content\/uploads\/sites\/11\/2025\/05\/9eca5a5e-0907-41d4-82ca-cf86e00345f5-225x300.jpg 225w\" sizes=\"auto, (max-width: 534px) 100vw, 534px\" \/><\/figure>\n<\/div>\n\n\n\n<div class=\"wp-block-column is-layout-flow wp-block-column-is-layout-flow\">\n<figure class=\"wp-block-image size-full\"><img loading=\"lazy\" decoding=\"async\" width=\"736\" height=\"980\" src=\"https:\/\/eleves.escl.fr\/wp2\/dressup\/wp-content\/uploads\/sites\/11\/2025\/05\/Robe-courte-evasee-noire-unie-pour-femmes-avec\u2026.jpg\" alt=\"\" class=\"wp-image-586\" srcset=\"https:\/\/eleves.escl.fr\/wp2\/dressup\/wp-content\/uploads\/sites\/11\/2025\/05\/Robe-courte-evasee-noire-unie-pour-femmes-avec\u2026.jpg 736w, https:\/\/eleves.escl.fr\/wp2\/dressup\/wp-content\/uploads\/sites\/11\/2025\/05\/Robe-courte-evasee-noire-unie-pour-femmes-avec\u2026-225x300.jpg 225w\" sizes=\"auto, (max-width: 736px) 100vw, 736px\" \/><\/figure>\n<\/div>\n\n\n\n<div class=\"wp-block-column is-layout-flow wp-block-column-is-layout-flow\"><\/div>\n<\/div>\n\n\n\n<h2 class=\"wp-block-heading has-text-color has-link-color has-xx-large-font-size wp-elements-e9ad2c6ad0d1e1bdfb7488b425e228e9\" style=\"color:#740000\"><strong><em>1-Shoulder<\/em><\/strong><\/h2>\n\n\n\n<p>La robe \u00e0 une \u00e9paule est caract\u00e9ris\u00e9e comme ayant du tissu sur une seule \u00e9paule, l\u2019autre \u00e9paule restant nue. Ce style de robe peut avoir soit un large manchon de style sangle ou une manche pleine longueur selon le concepteur et l\u2019\u00e9poque. Ces robes peuvent \u00eatre n\u2019importe quelle longueur de mini-robe au-dessus du genou ou m\u00eame la longueur du plancher.<\/p>\n\n\n\n<div class=\"wp-block-columns is-layout-flex wp-container-core-columns-is-layout-28f84493 wp-block-columns-is-layout-flex\">\n<div class=\"wp-block-column is-layout-flow wp-block-column-is-layout-flow\">\n<figure class=\"wp-block-image size-large\"><img loading=\"lazy\" decoding=\"async\" width=\"683\" height=\"1024\" src=\"https:\/\/eleves.escl.fr\/wp2\/dressup\/wp-content\/uploads\/sites\/11\/2025\/05\/White-Dresses-_-Mini-Midi-Maxi-_-Summer\u2026-683x1024.jpg\" alt=\"\" class=\"wp-image-588\" srcset=\"https:\/\/eleves.escl.fr\/wp2\/dressup\/wp-content\/uploads\/sites\/11\/2025\/05\/White-Dresses-_-Mini-Midi-Maxi-_-Summer\u2026-683x1024.jpg 683w, https:\/\/eleves.escl.fr\/wp2\/dressup\/wp-content\/uploads\/sites\/11\/2025\/05\/White-Dresses-_-Mini-Midi-Maxi-_-Summer\u2026-200x300.jpg 200w, https:\/\/eleves.escl.fr\/wp2\/dressup\/wp-content\/uploads\/sites\/11\/2025\/05\/White-Dresses-_-Mini-Midi-Maxi-_-Summer\u2026.jpg 736w\" sizes=\"auto, (max-width: 683px) 100vw, 683px\" \/><\/figure>\n<\/div>\n\n\n\n<div class=\"wp-block-column is-layout-flow wp-block-column-is-layout-flow\">\n<figure class=\"wp-block-image size-full\"><img loading=\"lazy\" decoding=\"async\" width=\"736\" height=\"920\" src=\"https:\/\/eleves.escl.fr\/wp2\/dressup\/wp-content\/uploads\/sites\/11\/2025\/05\/One-shoulder-dress-in-jersey-crepe.jpg\" alt=\"\" class=\"wp-image-589\" srcset=\"https:\/\/eleves.escl.fr\/wp2\/dressup\/wp-content\/uploads\/sites\/11\/2025\/05\/One-shoulder-dress-in-jersey-crepe.jpg 736w, https:\/\/eleves.escl.fr\/wp2\/dressup\/wp-content\/uploads\/sites\/11\/2025\/05\/One-shoulder-dress-in-jersey-crepe-240x300.jpg 240w\" sizes=\"auto, (max-width: 736px) 100vw, 736px\" \/><\/figure>\n<\/div>\n\n\n\n<div class=\"wp-block-column is-layout-flow wp-block-column-is-layout-flow\"><\/div>\n<\/div>\n","protected":false},"excerpt":{"rendered":"<p>Robe shift Une shift robe peut d\u00e9signer un type de robe ou d\u2019habillement, qui est une robe simple et ample suspendue directement sur les \u00e9paules sans tour de taille d\u00e9fini. C\u2019est un v\u00eatement intemporel et polyvalent, souvent associ\u00e9 au confort et \u00e0 l\u2019\u00e9l\u00e9gance. A-Line La robe A-line, ou robe en forme de \u201cA\u201d, est un\u00a0style [&hellip;]<\/p>\n","protected":false},"author":16,"featured_media":0,"parent":0,"menu_order":0,"comment_status":"closed","ping_status":"closed","template":"","meta":{"footnotes":""},"class_list":["post-565","page","type-page","status-publish","hentry"],"_links":{"self":[{"href":"https:\/\/eleves.escl.fr\/wp2\/dressup\/wp-json\/wp\/v2\/pages\/565","targetHints":{"allow":["GET"]}}],"collection":[{"href":"https:\/\/eleves.escl.fr\/wp2\/dressup\/wp-json\/wp\/v2\/pages"}],"about":[{"href":"https:\/\/eleves.escl.fr\/wp2\/dressup\/wp-json\/wp\/v2\/types\/page"}],"author":[{"embeddable":true,"href":"https:\/\/eleves.escl.fr\/wp2\/dressup\/wp-json\/wp\/v2\/users\/16"}],"replies":[{"embeddable":true,"href":"https:\/\/eleves.escl.fr\/wp2\/dressup\/wp-json\/wp\/v2\/comments?post=565"}],"version-history":[{"count":7,"href":"https:\/\/eleves.escl.fr\/wp2\/dressup\/wp-json\/wp\/v2\/pages\/565\/revisions"}],"predecessor-version":[{"id":590,"href":"https:\/\/eleves.escl.fr\/wp2\/dressup\/wp-json\/wp\/v2\/pages\/565\/revisions\/590"}],"wp:attachment":[{"href":"https:\/\/eleves.escl.fr\/wp2\/dressup\/wp-json\/wp\/v2\/media?parent=565"}],"curies":[{"name":"wp","href":"https:\/\/api.w.org\/{rel}","templated":true}]}}