{"id":24,"date":"2026-01-06T14:33:16","date_gmt":"2026-01-06T13:33:16","guid":{"rendered":"https:\/\/eleves.escl.fr\/wp2\/femhis\/?page_id=24"},"modified":"2026-03-17T14:24:38","modified_gmt":"2026-03-17T13:24:38","slug":"afghanistan","status":"publish","type":"page","link":"https:\/\/eleves.escl.fr\/wp2\/femhis\/afghanistan\/","title":{"rendered":"Afghanistan"},"content":{"rendered":"\n<div class=\"wp-block-cover\" style=\"min-height:190px;aspect-ratio:unset;\"><img loading=\"lazy\" decoding=\"async\" width=\"1024\" height=\"684\" class=\"wp-block-cover__image-background wp-image-100 size-large\" alt=\"\" src=\"https:\/\/eleves.escl.fr\/wp2\/femhis\/wp-content\/uploads\/sites\/22\/2026\/02\/burka-1024x684.jpg\" data-object-fit=\"cover\" srcset=\"https:\/\/eleves.escl.fr\/wp2\/femhis\/wp-content\/uploads\/sites\/22\/2026\/02\/burka-1024x684.jpg 1024w, https:\/\/eleves.escl.fr\/wp2\/femhis\/wp-content\/uploads\/sites\/22\/2026\/02\/burka-300x200.jpg 300w, https:\/\/eleves.escl.fr\/wp2\/femhis\/wp-content\/uploads\/sites\/22\/2026\/02\/burka-768x513.jpg 768w, https:\/\/eleves.escl.fr\/wp2\/femhis\/wp-content\/uploads\/sites\/22\/2026\/02\/burka-1536x1026.jpg 1536w, https:\/\/eleves.escl.fr\/wp2\/femhis\/wp-content\/uploads\/sites\/22\/2026\/02\/burka-2048x1367.jpg 2048w\" sizes=\"auto, (max-width: 1024px) 100vw, 1024px\" \/><span aria-hidden=\"true\" class=\"wp-block-cover__background has-background-dim\" style=\"background-color:#51627e\"><\/span><div class=\"wp-block-cover__inner-container has-global-padding is-layout-constrained wp-block-cover-is-layout-constrained\">\n<p class=\"has-text-align-center is-style-default has-large-font-size\">l&rsquo;histoire femmes afghanes<\/p>\n<\/div><\/div>\n\n\n\n<p class=\"is-style-text-subtitle has-literata-font-family has-x-large-font-size is-style-text-subtitle--1\"><\/p>\n\n\n\n<p class=\"has-text-align-center\"><strong>1823-1926 &#8211; Emirat d\u2019Afghanistan<\/strong><\/p>\n\n\n\n<ul class=\"wp-block-list\">\n<li>les russes et les anglais colonisent l&rsquo;Asie central<\/li>\n<\/ul>\n\n\n\n<p class=\"has-text-align-center\"><strong>1880-1919<\/strong><\/p>\n\n\n\n<ul class=\"wp-block-list\">\n<li>Malalai Anaa rallie les troupes contre la colonisation dans la bataille de Maiwad, elle est consid\u00e9r\u00e9e comme une h\u00e9ro\u00efne et meurs par la suite<\/li>\n\n\n\n<li>Amanullah khan r\u00e9cup\u00e8re l\u2019Afghanistan<\/li>\n\n\n\n<li>il instore un programme de reforme ;<\/li>\n<\/ul>\n\n\n\n<figure class=\"wp-block-table\"><table class=\"has-fixed-layout\"><tbody><tr><td>modernise le pays am\u00e9liore la condition des femmes en luttant contre l\u2019empire du patriarcat traditionnel <br>interdit : le mariage forc\u00e9, la polygamie <br>soutient ; l\u2019\u00e9ducation des filles <br>Sa femme Soraya, am\u00e9liore la vie des femmes et leur place dans ; la famille, le mariage, l\u2019\u00e9ducation et la vie professionnel <br>elle apparaitra m\u00eame en 1928 sans port\u00e9 voile islamique.<\/td><\/tr><\/tbody><\/table><\/figure>\n\n\n\n<p class=\"has-text-align-center\"><strong>1926-1929 &#8211; le Royaume d\u2019Afghanistan<\/strong><\/p>\n\n\n\n<ul class=\"wp-block-list\">\n<li>chute de Amanullah Khan \u2192 m\u00e9contentement populaire de la modernisation drastique de la situation des femmes<\/li>\n\n\n\n<li>Habibullah Ghazi \u2192 annule les reformes<\/li>\n\n\n\n<li>r\u00e9gime religieux autocratique. <\/li>\n<\/ul>\n\n\n\n<figure class=\"wp-block-table\"><table class=\"has-fixed-layout\"><tbody><tr><td>il rejette les droits des femmes ; les magazines f\u00e9minin, les association des femmes, l&rsquo;\u00e9ducation\u2026( des \u00e9tudiantes de Turquie sont ramen\u00e9 au pays ) <br>il oblige le port du voile et renforce la purdah ( pratique selon laquelle les hommes et les femmes ne peuvent pas se voir )<br>et r\u00e9introduit la polygamie pour les hommes. <\/td><\/tr><\/tbody><\/table><\/figure>\n\n\n\n<p class=\"has-text-align-center\"><strong>1929<\/strong><\/p>\n\n\n\n<p>Occidentalisation du pays ; renouveau des droits des femmes. avec Mohammad Nadir Shah et Mohammad Zaher Shah <\/p>\n\n\n\n<p>ils utilisent des reformes moins brutales afin de ne pas brusquer la population conservative tout en faisant avanc\u00e9 petit a petit les droits des femmes <\/p>\n\n\n\n<figure class=\"wp-block-table\"><table class=\"has-fixed-layout\"><tbody><tr><td>il r\u00e9ouvre certaines \u00e9coles de fille<br>il autorise les femmes Mostra et Kaboul a suivre des cours a l&rsquo;h\u00f4pital<br>les classes sup\u00e9rieurs peuvent retirer le voile ( en priv\u00e9) <br><strong>Daoud Khan<\/strong>&#8211; premier ministre ( 1953-1963) :<br>encourage l&rsquo;acc\u00e8s des femme au fonctions publique<br>il f\u00e9minise plusieurs institution <br>ainsi que le d\u00e9voilement volontaire<\/td><\/tr><\/tbody><\/table><\/figure>\n\n\n\n<p class=\"has-text-align-center\"><strong>1959 <\/strong>-Enlevage du Tchadar autoris\u00e9<\/p>\n\n\n\n<div class=\"wp-block-group is-nowrap is-layout-flex wp-container-core-group-is-layout-6c531013 wp-block-group-is-layout-flex\">\n<p class=\"has-text-align-center\"><strong>1960<\/strong> &#8211; Poursuite de lib\u00e9ration des femmes vestimentairement, au travail et en \u00e9tude<\/p>\n\n\n\n<figure class=\"wp-block-image alignright size-full is-resized\"><img loading=\"lazy\" decoding=\"async\" width=\"474\" height=\"334\" src=\"https:\/\/eleves.escl.fr\/wp2\/femhis\/wp-content\/uploads\/sites\/22\/2026\/03\/afgah.jpg\" alt=\"\" class=\"wp-image-127\" style=\"aspect-ratio:1.4192485585756827;width:328px;height:auto\" srcset=\"https:\/\/eleves.escl.fr\/wp2\/femhis\/wp-content\/uploads\/sites\/22\/2026\/03\/afgah.jpg 474w, https:\/\/eleves.escl.fr\/wp2\/femhis\/wp-content\/uploads\/sites\/22\/2026\/03\/afgah-300x211.jpg 300w\" sizes=\"auto, (max-width: 474px) 100vw, 474px\" \/><\/figure>\n<\/div>\n\n\n\n<p class=\"has-text-align-center\"><strong>1964<\/strong> &#8211; Droit de vote -&gt; 1ere \u00e9lections au l\u00e9gislative en 1965 <\/p>\n\n\n\n<div class=\"wp-block-group is-nowrap is-layout-flex wp-container-core-group-is-layout-6c531013 wp-block-group-is-layout-flex\">\n<p>4 d\u00e9put\u00e9s femmes sont \u00e9lu : <\/p>\n<\/div>\n\n\n\n<ul class=\"wp-block-list\">\n<li>Roqia Abubak <\/li>\n\n\n\n<li>Khadija Ahrar<\/li>\n\n\n\n<li>Masuma Esmuti Warduk<\/li>\n\n\n\n<li>Anahita Ratebza<\/li>\n<\/ul>\n\n\n\n<p>ainsi que 2 s\u00e9natrice <\/p>\n\n\n\n<ul class=\"wp-block-list\">\n<li>Aziza Gradizi <\/li>\n\n\n\n<li>Homeira Seljuqui <\/li>\n<\/ul>\n\n\n\n<p>ET une ministre <\/p>\n\n\n\n<ul class=\"wp-block-list\">\n<li>Kubra Seljuq           <\/li>\n<\/ul>\n\n\n\n<p>\u00e0 la m\u00eame \u00e9poque la reine se montre sans voile avec des habilles occidentaux  en public <\/p>\n\n\n\n<p>-&gt; a Kaboul ( capitale ) les cin\u00e9mas les clubs et les caf\u00e9s deviennent mixtes. on instaure aussi le tourisme non voil\u00e9e <\/p>\n\n\n\n<p>&#8212;-&gt; les campagnes restent tr\u00e8s conservative et traditionnel malgr\u00e9 les changement drastique en ville. <\/p>\n\n\n\n<p class=\"has-text-align-center\"><strong>1966<\/strong><\/p>\n\n\n\n<p>le partie democratique populaire d&rsquo;afghanistan se met en place, remplacant l&rsquo;association de protection des femmes fond\u00e9e en 1946. <\/p>\n\n\n\n<p>1969 la secheresse provoque la famine qui tue des dizaines de milliers de paysant<\/p>\n\n\n\n<p>1973  -&gt; chute de la monarchie<\/p>\n\n\n\n<p class=\"has-text-align-center\"><strong>1973-1992 <\/strong><\/p>\n\n\n\n<p class=\"has-text-align-center\"><strong>R\u00e9publique puis p\u00e9riode communiste <\/strong><\/p>\n\n\n\n<p>r\u00e9publique est instaure par : &#8211; des militaires form\u00e9 en URSS et le cousin de l&rsquo;ancien roi ; Mohammad Daoud Khan ( nouveau chef d&rsquo;\u00e9tat ) <\/p>\n\n\n\n<p>1978 -&gt; Daoud Khan est tu\u00e9 <\/p>\n\n\n\n<p>-&gt; r\u00e9gime pro-sovi\u00e9tique instaure des reformes pr\u00f4nant ; <\/p>\n\n\n\n<figure class=\"wp-block-image alignright size-full is-resized\"><img loading=\"lazy\" decoding=\"async\" width=\"474\" height=\"316\" src=\"https:\/\/eleves.escl.fr\/wp2\/femhis\/wp-content\/uploads\/sites\/22\/2026\/03\/OIP.jpg\" alt=\"\" class=\"wp-image-132\" style=\"width:370px;height:auto\" srcset=\"https:\/\/eleves.escl.fr\/wp2\/femhis\/wp-content\/uploads\/sites\/22\/2026\/03\/OIP.jpg 474w, https:\/\/eleves.escl.fr\/wp2\/femhis\/wp-content\/uploads\/sites\/22\/2026\/03\/OIP-300x200.jpg 300w\" sizes=\"auto, (max-width: 474px) 100vw, 474px\" \/><\/figure>\n\n\n\n<ul class=\"wp-block-list\">\n<li>l&rsquo;\u00e9galit\u00e9s des femmes et des hommes <\/li>\n<\/ul>\n\n\n\n<ul class=\"wp-block-list\">\n<li>l&rsquo;\u00e9cole obligatoire pour les fille <\/li>\n\n\n\n<li>la dot est supprime <\/li>\n\n\n\n<li>voile interdit dans l&rsquo;espace public<\/li>\n\n\n\n<li>morcellement de la religions. <\/li>\n<\/ul>\n\n\n\n<p class=\"has-text-align-center\"><strong>Entre 1979 et 1989<\/strong><\/p>\n\n\n\n<p class=\"has-text-align-left\">, une&nbsp;guerre&nbsp;oppose l&rsquo;\u00c9tat afghan la\u00efc, soutenu par l&rsquo;URSS, soutenus par les \u00c9tats-Unis, dans le contexte plus g\u00e9n\u00e9ral de la&nbsp;guerre froide. Les seconds l&#8217;emportent et s&rsquo;ensuit la&nbsp;dislocation de l&rsquo;URSS.<\/p>\n\n\n\n<p class=\"has-text-align-center\"><strong>En 1989<\/strong><\/p>\n\n\n\n<p class=\"has-text-align-center\"> deux femmes sont admises dans pour la premi\u00e8re fois dans l&rsquo;arm\u00e9e de l&rsquo;air afghane&nbsp;:<strong>&nbsp;Laliuma Nabizada&nbsp;et&nbsp;Latifa Nabizada, <\/strong>qui obtiennent leur licence de pilote d&rsquo;h\u00e9licopt\u00e8re en <strong>1991<\/strong><\/p>\n\n\n\n<p class=\"has-text-align-center\"><strong>En 1990<\/strong><\/p>\n\n\n\n<p>&nbsp;Mohammad Najibullah&nbsp;dissout l&rsquo;Organisation d\u00e9mocratique des femmes d&rsquo;Afghanistan et la remplace pa<strong>r le&nbsp;Conseil des femmes afghanes<\/strong>, dont le principal objectif est la<strong> promotion de la position des femmes dans la famille.<\/strong> Le Conseil est pr\u00e9sent\u00e9 comme \u00ab&nbsp;moins politique et plus social&nbsp;\u00bb<\/p>\n\n\n\n<p class=\"has-text-align-center\"><strong>1992-2001<\/strong> &#8211; <strong>Etat -&gt; \u00e9mirats islamique<\/strong><\/p>\n\n\n\n<p><strong>mai &#8211; juillet 1992 <\/strong>= les sovi\u00e9tiques partent et la charia ( lois islamique ) est instaur\u00e9 petit a petit. Suite \u00e0 ca le sort des femmes se d\u00e9grade ( r\u00e9gression de leurs droits fondamentaux )<\/p>\n\n\n\n<p><strong>1992-1996<\/strong> = les talibans s&#8217;emparent du pouvoir. les droits des femmes r\u00e9gressent encore plus, celles-ci \u00e9tant interdites d&rsquo;\u00e9tudier et d&rsquo;exercer un m\u00e9tier.&nbsp; <\/p>\n\n\n\n<p>Le port de la&nbsp;burqa&nbsp;devient obligatoire&nbsp;; les femmes ne le portant pas sont fouett\u00e9es par les agents du&nbsp;minist\u00e8re pour la Promotion de la vertu et la R\u00e9pression du vice<\/p>\n\n\n\n<p><strong>1999 = <\/strong>un article sign\u00e9 par la f\u00e9ministe Noreen Shanahan appelle \u00e0 lutter contre l&rsquo;apartheid de genre&nbsp;en&nbsp;Afghanistan<\/p>\n\n\n\n<p><strong>2001 <\/strong>= intervention militaire, les talibans son chass\u00e9s. Installation de nouvelles institutions = progr\u00e9s <\/p>\n\n\n\n<p>&nbsp;= &nbsp;Sima Samar&nbsp;devient ministre de la Condition f\u00e9minine. <\/p>\n\n\n\n<div class=\"wp-block-group is-nowrap is-layout-flex wp-container-core-group-is-layout-6c531013 wp-block-group-is-layout-flex\">\n<p><strong>2005<\/strong>= ,\u00a0Malalai Joya\u00a0devient \u00e0 27 ans la plus jeune d\u00e9put\u00e9e de l&rsquo;h\u00e9micycle, ce qui ne l&#8217;emp\u00eache pas d&rsquo;\u00eatre agress\u00e9e par d&rsquo;autres parlementaires ni d&rsquo;avoir \u00e9t\u00e9 l&rsquo;objet de tentatives d&rsquo;assassinat <\/p>\n\n\n\n<figure class=\"wp-block-image alignright size-full\"><img loading=\"lazy\" decoding=\"async\" width=\"248\" height=\"248\" src=\"https:\/\/eleves.escl.fr\/wp2\/femhis\/wp-content\/uploads\/sites\/22\/2026\/03\/afg-edited.webp\" alt=\"\" class=\"wp-image-143\" srcset=\"https:\/\/eleves.escl.fr\/wp2\/femhis\/wp-content\/uploads\/sites\/22\/2026\/03\/afg-edited.webp 248w, https:\/\/eleves.escl.fr\/wp2\/femhis\/wp-content\/uploads\/sites\/22\/2026\/03\/afg-edited-150x150.webp 150w\" sizes=\"auto, (max-width: 248px) 100vw, 248px\" \/><\/figure>\n<\/div>\n\n\n\n<p><strong>2014<\/strong>= le pays compte 27,7&nbsp;% de femmes d\u00e9put\u00e9es \u00e0 l&rsquo;Assembl\u00e9e nationale (la moyenne mondiale \u00e9tant de 21,7&nbsp;%), un nombre de femmes multipli\u00e9 par quatre dans la police par rapport \u00e0 2007 et par trois dans la justice par rapport \u00e0 2001. Mais les femmes polici\u00e8res ne sont pas accept\u00e9es et elles seront nombreuses \u00e0 \u00eatre assassin\u00e9es par les talibans, <\/p>\n\n\n\n<div class=\"wp-block-group is-nowrap is-layout-flex wp-container-core-group-is-layout-6c531013 wp-block-group-is-layout-flex\">\n<p><strong>2015<\/strong>=,&nbsp;Najiba Ayubi&nbsp;est nomm\u00e9e par le pr\u00e9sident&nbsp;Ashraf Ghani&nbsp;pour diriger le minist\u00e8re des Affaires f\u00e9minines mais n&rsquo;est pas confirm\u00e9e par l&rsquo;Assembl\u00e9e nationale<sup><a href=\"https:\/\/fr.wikipedia.org\/wiki\/Condition_des_femmes_en_Afghanistan#cite_note-38\">[35]<\/a><\/sup>.<\/p>\n<\/div>\n\n\n\n<p><strong>actualit\u00e9 <\/strong><\/p>\n\n\n\n<div class=\"wp-block-group is-nowrap is-layout-flex wp-container-core-group-is-layout-6c531013 wp-block-group-is-layout-flex\">\n<figure class=\"wp-block-image size-full\"><img loading=\"lazy\" decoding=\"async\" width=\"474\" height=\"315\" src=\"https:\/\/eleves.escl.fr\/wp2\/femhis\/wp-content\/uploads\/sites\/22\/2026\/03\/OIP-1.jpg\" alt=\"\" class=\"wp-image-131\" srcset=\"https:\/\/eleves.escl.fr\/wp2\/femhis\/wp-content\/uploads\/sites\/22\/2026\/03\/OIP-1.jpg 474w, https:\/\/eleves.escl.fr\/wp2\/femhis\/wp-content\/uploads\/sites\/22\/2026\/03\/OIP-1-300x199.jpg 300w\" sizes=\"auto, (max-width: 474px) 100vw, 474px\" \/><\/figure>\n\n\n\n<p>Depuis&nbsp;l\u2019arriv\u00e9e des talibans au pouvoir en Afghanistan,&nbsp;<strong>les droits des femmes ont \u00e9t\u00e9 drastiquement r\u00e9duits.<\/strong>&nbsp;Les femmes afghanes&nbsp;<strong>sont confront\u00e9es \u00e0 de nombreuses interdictions<\/strong>&nbsp;comme fr\u00e9quenter certains \u00e9tablissements scolaires ou travailler dans le domaine public.<\/p>\n<\/div>\n\n\n\n<p>Malgr\u00e9 cette situation, des femmes font entendre leur voix pour exiger l\u2019\u00e9galit\u00e9 des sexes et d\u00e9fendre leurs droits et ceux de tous les Afghans.<\/p>\n","protected":false},"excerpt":{"rendered":"<p>1823-1926 &#8211; Emirat d\u2019Afghanistan 1880-1919 modernise le pays am\u00e9liore la condition des femmes en luttant contre l\u2019empire du patriarcat traditionnel interdit : le mariage forc\u00e9, la polygamie soutient ; l\u2019\u00e9ducation des filles Sa femme Soraya, am\u00e9liore la vie des femmes et leur place dans ; la famille, le mariage, l\u2019\u00e9ducation et la vie professionnel elle [&hellip;]<\/p>\n","protected":false},"author":39,"featured_media":0,"parent":0,"menu_order":0,"comment_status":"closed","ping_status":"closed","template":"","meta":{"footnotes":""},"class_list":["post-24","page","type-page","status-publish","hentry"],"_links":{"self":[{"href":"https:\/\/eleves.escl.fr\/wp2\/femhis\/wp-json\/wp\/v2\/pages\/24","targetHints":{"allow":["GET"]}}],"collection":[{"href":"https:\/\/eleves.escl.fr\/wp2\/femhis\/wp-json\/wp\/v2\/pages"}],"about":[{"href":"https:\/\/eleves.escl.fr\/wp2\/femhis\/wp-json\/wp\/v2\/types\/page"}],"author":[{"embeddable":true,"href":"https:\/\/eleves.escl.fr\/wp2\/femhis\/wp-json\/wp\/v2\/users\/39"}],"replies":[{"embeddable":true,"href":"https:\/\/eleves.escl.fr\/wp2\/femhis\/wp-json\/wp\/v2\/comments?post=24"}],"version-history":[{"count":9,"href":"https:\/\/eleves.escl.fr\/wp2\/femhis\/wp-json\/wp\/v2\/pages\/24\/revisions"}],"predecessor-version":[{"id":144,"href":"https:\/\/eleves.escl.fr\/wp2\/femhis\/wp-json\/wp\/v2\/pages\/24\/revisions\/144"}],"wp:attachment":[{"href":"https:\/\/eleves.escl.fr\/wp2\/femhis\/wp-json\/wp\/v2\/media?parent=24"}],"curies":[{"name":"wp","href":"https:\/\/api.w.org\/{rel}","templated":true}]}}