{"id":51,"date":"2026-01-06T14:54:11","date_gmt":"2026-01-06T13:54:11","guid":{"rendered":"https:\/\/eleves.escl.fr\/wp2\/femhis\/?page_id=51"},"modified":"2026-03-17T13:48:14","modified_gmt":"2026-03-17T12:48:14","slug":"chine","status":"publish","type":"page","link":"https:\/\/eleves.escl.fr\/wp2\/femhis\/chine\/","title":{"rendered":"Chine"},"content":{"rendered":"\n<div class=\"wp-block-cover\" style=\"min-height:199px;aspect-ratio:unset;\"><img loading=\"lazy\" decoding=\"async\" width=\"1024\" height=\"700\" class=\"wp-block-cover__image-background wp-image-109 size-full\" alt=\"\" src=\"https:\/\/eleves.escl.fr\/wp2\/femhis\/wp-content\/uploads\/sites\/22\/2026\/02\/chinoise.jpg\" data-object-fit=\"cover\" srcset=\"https:\/\/eleves.escl.fr\/wp2\/femhis\/wp-content\/uploads\/sites\/22\/2026\/02\/chinoise.jpg 1024w, https:\/\/eleves.escl.fr\/wp2\/femhis\/wp-content\/uploads\/sites\/22\/2026\/02\/chinoise-300x205.jpg 300w, https:\/\/eleves.escl.fr\/wp2\/femhis\/wp-content\/uploads\/sites\/22\/2026\/02\/chinoise-768x525.jpg 768w\" sizes=\"auto, (max-width: 1024px) 100vw, 1024px\" \/><span aria-hidden=\"true\" class=\"wp-block-cover__background has-background-dim\" style=\"background-color:#6b5e59\"><\/span><div class=\"wp-block-cover__inner-container has-global-padding is-layout-constrained wp-block-cover-is-layout-constrained\">\n<p class=\"has-text-align-center has-large-font-size\">l&rsquo;histoire de la femme en chine <\/p>\n<\/div><\/div>\n\n\n\n<p>l\u2019histoire des femmes en Chine, des ann\u00e9es 1700 \u00e0 aujourd\u2019hui :<\/p>\n\n\n\n<h2 class=\"wp-block-heading\">1. Vers 1700\u20131800 : Chine imp\u00e9riale (dynastie Qing)<\/h2>\n\n\n\n<div class=\"wp-block-group is-nowrap is-layout-flex wp-container-core-group-is-layout-6c531013 wp-block-group-is-layout-flex\">\n<ul class=\"wp-block-list\">\n<li>La soci\u00e9t\u00e9 est fortement <strong>confuc\u00e9enne et patriarcale<\/strong>.<\/li>\n\n\n\n<li>Les femmes sont soumises aux <strong>\u00ab trois ob\u00e9issances \u00bb<\/strong> : au p\u00e8re, au mari, puis au fils.<\/li>\n\n\n\n<li><strong>Mariages arrang\u00e9s<\/strong>, divorces presque impossibles pour les femmes.<\/li>\n\n\n\n<li>Pratique du <strong>bandage des pieds<\/strong>, symbole de statut social mais cause de grandes souffrances.<\/li>\n\n\n\n<li>Acc\u00e8s quasi nul \u00e0 l\u2019\u00e9ducation et \u00e0 la vie politique.<\/li>\n<\/ul>\n\n\n\n<figure class=\"wp-block-image alignright size-large is-resized\"><img loading=\"lazy\" decoding=\"async\" width=\"1024\" height=\"666\" src=\"https:\/\/eleves.escl.fr\/wp2\/femhis\/wp-content\/uploads\/sites\/22\/2026\/03\/image-3-1024x666.png\" alt=\"\" class=\"wp-image-115\" style=\"aspect-ratio:1.537544696066746;width:400px;height:auto\" srcset=\"https:\/\/eleves.escl.fr\/wp2\/femhis\/wp-content\/uploads\/sites\/22\/2026\/03\/image-3-1024x666.png 1024w, https:\/\/eleves.escl.fr\/wp2\/femhis\/wp-content\/uploads\/sites\/22\/2026\/03\/image-3-300x195.png 300w, https:\/\/eleves.escl.fr\/wp2\/femhis\/wp-content\/uploads\/sites\/22\/2026\/03\/image-3-768x499.png 768w, https:\/\/eleves.escl.fr\/wp2\/femhis\/wp-content\/uploads\/sites\/22\/2026\/03\/image-3-1536x998.png 1536w, https:\/\/eleves.escl.fr\/wp2\/femhis\/wp-content\/uploads\/sites\/22\/2026\/03\/image-3.png 2000w\" sizes=\"auto, (max-width: 1024px) 100vw, 1024px\" \/><\/figure>\n<\/div>\n\n\n\n<div class=\"wp-block-group is-nowrap is-layout-flex wp-container-core-group-is-layout-6c531013 wp-block-group-is-layout-flex\">\n<p>\ud83d\udc49 Le r\u00f4le principal des femmes est domestique : \u00e9pouse, m\u00e8re, belle-fille.<\/p>\n<\/div>\n\n\n\n<div class=\"wp-block-group is-nowrap is-layout-flex wp-container-core-group-is-layout-6c531013 wp-block-group-is-layout-flex\">\n<h2 class=\"wp-block-heading\">2. XIX\u1d49 si\u00e8cle : crises et premi\u00e8res remises en question<\/h2>\n<\/div>\n\n\n\n<ul class=\"wp-block-list\">\n<li>Guerres de l\u2019Opium et affaiblissement de l\u2019empire.<\/li>\n\n\n\n<li>Apparition de <strong>critiques intellectuelles<\/strong> contre le bandage des pieds.<\/li>\n\n\n\n<li>D\u00e9buts tr\u00e8s limit\u00e9s de l\u2019<strong>\u00e9ducation f\u00e9minine<\/strong> dans certaines villes.<\/li>\n\n\n\n<li>Les femmes restent cependant juridiquement et socialement inf\u00e9rieures.<\/li>\n<\/ul>\n\n\n\n<h2 class=\"wp-block-heading\">3. 1911\u20131949 : R\u00e9publique de Chine et mouvements f\u00e9ministes<\/h2>\n\n\n\n<div class=\"wp-block-group is-nowrap is-layout-flex wp-container-core-group-is-layout-6c531013 wp-block-group-is-layout-flex\">\n<ul class=\"wp-block-list\">\n<li>Chute de l\u2019empire en 1911.<\/li>\n\n\n\n<li>Le <strong>Mouvement du 4 mai 1919<\/strong> promeut l\u2019\u00e9galit\u00e9, l\u2019\u00e9ducation et l\u2019\u00e9mancipation.<\/li>\n\n\n\n<li>Abolition progressive du bandage des pieds.<\/li>\n\n\n\n<li>Les femmes acc\u00e8dent davantage \u00e0 l\u2019<strong>\u00e9cole<\/strong>, au <strong>travail salari\u00e9<\/strong> et aux d\u00e9bats politiques.<\/li>\n<\/ul>\n\n\n\n<figure class=\"wp-block-image alignright size-large is-resized\"><img loading=\"lazy\" decoding=\"async\" width=\"1024\" height=\"538\" src=\"https:\/\/eleves.escl.fr\/wp2\/femhis\/wp-content\/uploads\/sites\/22\/2026\/03\/image-2-1024x538.png\" alt=\"\" class=\"wp-image-114\" style=\"aspect-ratio:1.9044635865309318;width:305px;height:auto\" srcset=\"https:\/\/eleves.escl.fr\/wp2\/femhis\/wp-content\/uploads\/sites\/22\/2026\/03\/image-2-1024x538.png 1024w, https:\/\/eleves.escl.fr\/wp2\/femhis\/wp-content\/uploads\/sites\/22\/2026\/03\/image-2-300x158.png 300w, https:\/\/eleves.escl.fr\/wp2\/femhis\/wp-content\/uploads\/sites\/22\/2026\/03\/image-2-768x403.png 768w, https:\/\/eleves.escl.fr\/wp2\/femhis\/wp-content\/uploads\/sites\/22\/2026\/03\/image-2.png 1200w\" sizes=\"auto, (max-width: 1024px) 100vw, 1024px\" \/><\/figure>\n<\/div>\n\n\n\n<p>\ud83d\udc49 Les id\u00e9es d\u2019\u00e9galit\u00e9 se diffusent, mais restent incompl\u00e8tes dans la pratique.<\/p>\n\n\n\n<h2 class=\"wp-block-heading\">4. 1949\u20131976 : Chine communiste (Mao Zedong)<\/h2>\n\n\n\n<div class=\"wp-block-group is-nowrap is-layout-flex wp-container-core-group-is-layout-6c531013 wp-block-group-is-layout-flex\">\n<figure class=\"wp-block-image alignleft size-large is-resized\"><img loading=\"lazy\" decoding=\"async\" width=\"737\" height=\"1024\" src=\"https:\/\/eleves.escl.fr\/wp2\/femhis\/wp-content\/uploads\/sites\/22\/2026\/03\/mao-737x1024.jpg\" alt=\"\" class=\"wp-image-119\" style=\"aspect-ratio:0.7197405586358405;width:115px;height:auto\" srcset=\"https:\/\/eleves.escl.fr\/wp2\/femhis\/wp-content\/uploads\/sites\/22\/2026\/03\/mao-737x1024.jpg 737w, https:\/\/eleves.escl.fr\/wp2\/femhis\/wp-content\/uploads\/sites\/22\/2026\/03\/mao-216x300.jpg 216w, https:\/\/eleves.escl.fr\/wp2\/femhis\/wp-content\/uploads\/sites\/22\/2026\/03\/mao-768x1067.jpg 768w, https:\/\/eleves.escl.fr\/wp2\/femhis\/wp-content\/uploads\/sites\/22\/2026\/03\/mao-1106x1536.jpg 1106w, https:\/\/eleves.escl.fr\/wp2\/femhis\/wp-content\/uploads\/sites\/22\/2026\/03\/mao.jpg 1474w\" sizes=\"auto, (max-width: 737px) 100vw, 737px\" \/><figcaption class=\"wp-element-caption\">Chinese leader Mao Zedong.poses for a portrait in circa 1950. (Photo Courtesy of US National Archives)<\/figcaption><\/figure>\n\n\n\n<ul class=\"wp-block-list\">\n<li>Fondation de la R\u00e9publique populaire de Chine (1949).<\/li>\n\n\n\n<li>Loi sur le mariage (1950) :\n<ul class=\"wp-block-list\">\n<li>mariage libre<\/li>\n\n\n\n<li>droit au divorce<\/li>\n\n\n\n<li>interdiction de la polygamie<\/li>\n<\/ul>\n<\/li>\n\n\n\n<li>Slogan c\u00e9l\u00e8bre : <strong>\u00ab Les femmes portent la moiti\u00e9 du ciel \u00bb<\/strong>.<\/li>\n\n\n\n<li>Int\u00e9gration massive des femmes dans le <strong>travail<\/strong> et la production.<\/li>\n<\/ul>\n<\/div>\n\n\n\n<p>\u26a0\ufe0f \u00c9galit\u00e9 surtout \u00e9conomique ; la charge domestique reste majoritairement f\u00e9minine.<\/p>\n\n\n\n<h2 class=\"wp-block-heading\">5. 1978\u2013ann\u00e9es 2000 : R\u00e9formes \u00e9conomiques<\/h2>\n\n\n\n<div class=\"wp-block-group is-nowrap is-layout-flex wp-container-core-group-is-layout-6c531013 wp-block-group-is-layout-flex\">\n<ul class=\"wp-block-list\">\n<li>Retour de certaines <strong>in\u00e9galit\u00e9s<\/strong> avec l\u2019\u00e9conomie de march\u00e9.<\/li>\n\n\n\n<li>Politique de l\u2019<strong>enfant unique<\/strong> (1979) :\n<ul class=\"wp-block-list\">\n<li>pression sur le corps des femmes<\/li>\n\n\n\n<li>avortements forc\u00e9s<\/li>\n\n\n\n<li>d\u00e9s\u00e9quilibre hommes\/femmes<\/li>\n<\/ul>\n<\/li>\n\n\n\n<li>Meilleur acc\u00e8s \u00e0 l\u2019\u00e9ducation sup\u00e9rieure, mais <strong>discriminations \u00e0 l\u2019embauche<\/strong>.<\/li>\n<\/ul>\n\n\n\n<figure class=\"wp-block-image alignright size-full is-resized\"><img loading=\"lazy\" decoding=\"async\" width=\"960\" height=\"480\" src=\"https:\/\/eleves.escl.fr\/wp2\/femhis\/wp-content\/uploads\/sites\/22\/2026\/03\/image.png\" alt=\"\" class=\"wp-image-117\" style=\"width:227px;height:auto\" srcset=\"https:\/\/eleves.escl.fr\/wp2\/femhis\/wp-content\/uploads\/sites\/22\/2026\/03\/image.png 960w, https:\/\/eleves.escl.fr\/wp2\/femhis\/wp-content\/uploads\/sites\/22\/2026\/03\/image-300x150.png 300w, https:\/\/eleves.escl.fr\/wp2\/femhis\/wp-content\/uploads\/sites\/22\/2026\/03\/image-768x384.png 768w\" sizes=\"auto, (max-width: 960px) 100vw, 960px\" \/><\/figure>\n<\/div>\n\n\n\n<h2 class=\"wp-block-heading\">6. Ann\u00e9es 2010 \u00e0 aujourd\u2019hui : progr\u00e8s et limites<\/h2>\n\n\n\n<ul class=\"wp-block-list\">\n<li>Les femmes sont tr\u00e8s pr\u00e9sentes dans l\u2019<strong>\u00e9ducation<\/strong> et le <strong>travail urbain<\/strong>.<\/li>\n\n\n\n<li>\u00c9mergence de <strong>mouvements f\u00e9ministes<\/strong> (MeToo chinois).<\/li>\n\n\n\n<li>L\u2019\u00c9tat limite cependant l\u2019activisme f\u00e9ministe.<\/li>\n\n\n\n<li>Pression sociale sur le mariage et la maternit\u00e9 (femmes dites \u00ab shengn\u00fc \u00bb).<\/li>\n<\/ul>\n\n\n\n<p>\ud83d\udc49 Les femmes ont plus de droits qu\u2019avant, mais l\u2019\u00e9galit\u00e9 r\u00e9elle reste incompl\u00e8te.<\/p>\n","protected":false},"excerpt":{"rendered":"<p>l\u2019histoire des femmes en Chine, des ann\u00e9es 1700 \u00e0 aujourd\u2019hui : 1. Vers 1700\u20131800 : Chine imp\u00e9riale (dynastie Qing) \ud83d\udc49 Le r\u00f4le principal des femmes est domestique : \u00e9pouse, m\u00e8re, belle-fille. 2. XIX\u1d49 si\u00e8cle : crises et premi\u00e8res remises en question 3. 1911\u20131949 : R\u00e9publique de Chine et mouvements f\u00e9ministes \ud83d\udc49 Les id\u00e9es d\u2019\u00e9galit\u00e9 se [&hellip;]<\/p>\n","protected":false},"author":39,"featured_media":0,"parent":0,"menu_order":0,"comment_status":"closed","ping_status":"closed","template":"","meta":{"footnotes":""},"class_list":["post-51","page","type-page","status-publish","hentry"],"_links":{"self":[{"href":"https:\/\/eleves.escl.fr\/wp2\/femhis\/wp-json\/wp\/v2\/pages\/51","targetHints":{"allow":["GET"]}}],"collection":[{"href":"https:\/\/eleves.escl.fr\/wp2\/femhis\/wp-json\/wp\/v2\/pages"}],"about":[{"href":"https:\/\/eleves.escl.fr\/wp2\/femhis\/wp-json\/wp\/v2\/types\/page"}],"author":[{"embeddable":true,"href":"https:\/\/eleves.escl.fr\/wp2\/femhis\/wp-json\/wp\/v2\/users\/39"}],"replies":[{"embeddable":true,"href":"https:\/\/eleves.escl.fr\/wp2\/femhis\/wp-json\/wp\/v2\/comments?post=51"}],"version-history":[{"count":5,"href":"https:\/\/eleves.escl.fr\/wp2\/femhis\/wp-json\/wp\/v2\/pages\/51\/revisions"}],"predecessor-version":[{"id":120,"href":"https:\/\/eleves.escl.fr\/wp2\/femhis\/wp-json\/wp\/v2\/pages\/51\/revisions\/120"}],"wp:attachment":[{"href":"https:\/\/eleves.escl.fr\/wp2\/femhis\/wp-json\/wp\/v2\/media?parent=51"}],"curies":[{"name":"wp","href":"https:\/\/api.w.org\/{rel}","templated":true}]}}