{"id":231,"date":"2025-04-08T14:33:42","date_gmt":"2025-04-08T12:33:42","guid":{"rendered":"https:\/\/eleves.escl.fr\/wp2\/hayday\/?page_id=231"},"modified":"2025-05-06T14:38:52","modified_gmt":"2025-05-06T12:38:52","slug":"equipe","status":"publish","type":"page","link":"https:\/\/eleves.escl.fr\/wp2\/hayday\/equipe\/","title":{"rendered":"L&rsquo;\u00e9quipe"},"content":{"rendered":"\n<p class=\"has-text-align-center\"><strong>Bienvenue sur notre site d\u00e9di\u00e9 \u00e0 Hay Day !<\/strong> \ud83c\udf3e\ud83d\udc13<\/p>\n\n\n\n<p class=\"has-text-align-center\">Bonjour, nous sommes actuellement \u00e9l\u00e8ves en std2a, dans le cadre de notre formation dans la mati\u00e8re OLN (outils et langage num\u00e9rique) nous avons choisie de faire notre site internet sur Hay Day .<\/p>\n\n\n\n<p class=\"has-text-align-center\">Nous sommes actuellement deux \u00e9tudiantes en premi\u00e8re dans une fili\u00e8re artistique, STD2A. Dans le cadre de notre formation dans la mati\u00e8re.<\/p>\n\n\n\n<p class=\"has-text-align-center\"> \u00c0 travers ce site, nous partageons notre amour pour <strong>Hay Day<\/strong>, un jeu qui allie gestion, cr\u00e9ativit\u00e9 et entraide entre joueurs .<\/p>\n\n\n\n<p class=\"has-text-align-center\">Que vous soyez un fermier totalement d\u00e9butant ou un expert en culture et \u00e9levage, vous trouverez ici de nombreuse informations, d\u00e9di\u00e9 a l&rsquo;univers Hay Day<\/p>\n\n\n\n<p class=\"has-text-align-center\">Rejoignez nous dans cette aventure o\u00f9 l\u2019agriculture virtuelle \ud83d\ude9c\ud83c\udf3b<\/p>\n\n\n\n<figure class=\"wp-block-image size-large\"><img loading=\"lazy\" decoding=\"async\" width=\"1024\" height=\"1024\" src=\"https:\/\/eleves.escl.fr\/wp2\/hayday\/wp-content\/uploads\/sites\/9\/2025\/05\/IMG_1598-1024x1024.jpg\" alt=\"\" class=\"wp-image-399\" srcset=\"https:\/\/eleves.escl.fr\/wp2\/hayday\/wp-content\/uploads\/sites\/9\/2025\/05\/IMG_1598-1024x1024.jpg 1024w, https:\/\/eleves.escl.fr\/wp2\/hayday\/wp-content\/uploads\/sites\/9\/2025\/05\/IMG_1598-300x300.jpg 300w, https:\/\/eleves.escl.fr\/wp2\/hayday\/wp-content\/uploads\/sites\/9\/2025\/05\/IMG_1598-150x150.jpg 150w, https:\/\/eleves.escl.fr\/wp2\/hayday\/wp-content\/uploads\/sites\/9\/2025\/05\/IMG_1598-768x768.jpg 768w, https:\/\/eleves.escl.fr\/wp2\/hayday\/wp-content\/uploads\/sites\/9\/2025\/05\/IMG_1598.jpg 1242w\" sizes=\"auto, (max-width: 1024px) 100vw, 1024px\" \/><\/figure>\n\n\n\n<p><\/p>\n","protected":false},"excerpt":{"rendered":"<p>Bienvenue sur notre site d\u00e9di\u00e9 \u00e0 Hay Day ! \ud83c\udf3e\ud83d\udc13 Bonjour, nous sommes actuellement \u00e9l\u00e8ves en std2a, dans le cadre de notre formation dans la mati\u00e8re OLN (outils et langage num\u00e9rique) nous avons choisie de faire notre site internet sur Hay Day . Nous sommes actuellement deux \u00e9tudiantes en premi\u00e8re dans une fili\u00e8re artistique, STD2A. [&hellip;]<\/p>\n","protected":false},"author":26,"featured_media":0,"parent":0,"menu_order":0,"comment_status":"closed","ping_status":"closed","template":"","meta":{"footnotes":""},"class_list":["post-231","page","type-page","status-publish","hentry"],"_links":{"self":[{"href":"https:\/\/eleves.escl.fr\/wp2\/hayday\/wp-json\/wp\/v2\/pages\/231","targetHints":{"allow":["GET"]}}],"collection":[{"href":"https:\/\/eleves.escl.fr\/wp2\/hayday\/wp-json\/wp\/v2\/pages"}],"about":[{"href":"https:\/\/eleves.escl.fr\/wp2\/hayday\/wp-json\/wp\/v2\/types\/page"}],"author":[{"embeddable":true,"href":"https:\/\/eleves.escl.fr\/wp2\/hayday\/wp-json\/wp\/v2\/users\/26"}],"replies":[{"embeddable":true,"href":"https:\/\/eleves.escl.fr\/wp2\/hayday\/wp-json\/wp\/v2\/comments?post=231"}],"version-history":[{"count":11,"href":"https:\/\/eleves.escl.fr\/wp2\/hayday\/wp-json\/wp\/v2\/pages\/231\/revisions"}],"predecessor-version":[{"id":398,"href":"https:\/\/eleves.escl.fr\/wp2\/hayday\/wp-json\/wp\/v2\/pages\/231\/revisions\/398"}],"wp:attachment":[{"href":"https:\/\/eleves.escl.fr\/wp2\/hayday\/wp-json\/wp\/v2\/media?parent=231"}],"curies":[{"name":"wp","href":"https:\/\/api.w.org\/{rel}","templated":true}]}}