{"id":82,"date":"2025-01-28T14:52:15","date_gmt":"2025-01-28T13:52:15","guid":{"rendered":"https:\/\/eleves.escl.fr\/wp2\/hayday\/?page_id=82"},"modified":"2025-05-06T15:07:23","modified_gmt":"2025-05-06T13:07:23","slug":"accueil","status":"publish","type":"page","link":"https:\/\/eleves.escl.fr\/wp2\/hayday\/","title":{"rendered":"HAY DAY"},"content":{"rendered":"\n\n\n\n$(function() {\n$(&lsquo;.map&rsquo;).maphilight();\n});\n\n\n\n\n<img loading=\"lazy\" decoding=\"async\" src=\"https:\/\/eleves.escl.fr\/wp2\/hayday\/wp-content\/uploads\/sites\/9\/2025\/01\/Hay_Day_Profilbild.webp\" width=\"1012\" height=\"385\" border=\"0\" usemap=\"#map\" \/>\n\n<map name=\"map\">\n<!-- #$-:Image map file created by GIMP Image Map plug-in -->\n<!-- #$-:GIMP Image Map plug-in by Maurits Rijk -->\n<!-- #$-:Please do not edit lines starting with \"#$\" -->\n<!-- #$VERSION:2.3 -->\n<!-- #$AUTHOR:Poste -->\n<area shape=\"rect\" coords=\"363,251,474,368\" href=\"https:\/\/eleves.escl.fr\/wp2\/hayday\/wp-admin\/post.php?post=142&amp;action=edit\" \/>\n<area shape=\"rect\" coords=\"20,262,221,378\" href=\"https:\/\/eleves.escl.fr\/wp2\/hayday\/wp-admin\/post.php?post=151&amp;action=edit\" \/>\n<area shape=\"rect\" coords=\"662,295,734,364\" href=\"https:\/\/eleves.escl.fr\/wp2\/hayday\/wp-admin\/post.php?post=286&amp;action=edit\" \/>\n<\/map>\n\n\n\n<p class=\"has-text-align-center\"><strong>Hay Day<\/strong> est un jeu mobile de simulation agricole d\u00e9velopp\u00e9 par <strong>Supercell<\/strong>, sorti en 2012. Le joueur g\u00e8re une ferme : il cultive des plantes, \u00e9l\u00e8ve des animaux et fabrique des produits \u00e0 vendre. Le jeu propose aussi des \u00e9changes avec d\u2019autres joueurs, des commandes \u00e0 livrer, et la possibilit\u00e9 d\u2019agrandir et d\u00e9corer sa ferme. Avec ses graphismes color\u00e9s et son ambiance d\u00e9tendue, <em>Hay Day<\/em> est un jeu accessible \u00e0 tous, gratuit avec des achats int\u00e9gr\u00e9s.<\/p>\n\n\n\n<div class=\"wp-block-columns is-layout-flex wp-container-core-columns-is-layout-28f84493 wp-block-columns-is-layout-flex\">\n<div class=\"wp-block-column is-layout-flow wp-block-column-is-layout-flow\" style=\"flex-basis:100%\">\n<div class=\"wp-block-group has-global-padding is-layout-constrained wp-block-group-is-layout-constrained\">\n<figure class=\"wp-block-gallery has-nested-images columns-default is-cropped wp-block-gallery-1 is-layout-flex wp-block-gallery-is-layout-flex\">\n<figure class=\"wp-block-image size-large\"><a href=\"https:\/\/eleves.escl.fr\/wp2\/hayday\/les-fabriques\/\"><img loading=\"lazy\" decoding=\"async\" width=\"160\" height=\"159\" data-id=\"62\" src=\"https:\/\/eleves.escl.fr\/wp2\/hayday\/wp-content\/uploads\/sites\/9\/2025\/01\/Les_Fabriques.webp\" alt=\"\" class=\"wp-image-62\" srcset=\"https:\/\/eleves.escl.fr\/wp2\/hayday\/wp-content\/uploads\/sites\/9\/2025\/01\/Les_Fabriques.webp 160w, https:\/\/eleves.escl.fr\/wp2\/hayday\/wp-content\/uploads\/sites\/9\/2025\/01\/Les_Fabriques-150x150.webp 150w\" sizes=\"auto, (max-width: 160px) 100vw, 160px\" \/><\/a><\/figure>\n\n\n\n<figure class=\"wp-block-image size-large\"><a href=\"https:\/\/eleves.escl.fr\/wp2\/hayday\/les-stockages\/\"><img loading=\"lazy\" decoding=\"async\" width=\"157\" height=\"160\" data-id=\"121\" src=\"https:\/\/eleves.escl.fr\/wp2\/hayday\/wp-content\/uploads\/sites\/9\/2025\/02\/Les_Stockages.webp\" alt=\"\" class=\"wp-image-121\" \/><\/a><\/figure>\n\n\n\n<figure class=\"wp-block-image size-large\"><a href=\"https:\/\/eleves.escl.fr\/wp2\/hayday\/les-animaux\/\"><img loading=\"lazy\" decoding=\"async\" width=\"160\" height=\"157\" data-id=\"116\" src=\"https:\/\/eleves.escl.fr\/wp2\/hayday\/wp-content\/uploads\/sites\/9\/2025\/02\/Les_Animaux.webp\" alt=\"\" class=\"wp-image-116\" \/><\/a><\/figure>\n\n\n\n<figure class=\"wp-block-image size-large\"><a href=\"https:\/\/eleves.escl.fr\/wp2\/hayday\/les-recoltes\/\"><img loading=\"lazy\" decoding=\"async\" width=\"160\" height=\"160\" data-id=\"120\" src=\"https:\/\/eleves.escl.fr\/wp2\/hayday\/wp-content\/uploads\/sites\/9\/2025\/02\/Les_R3Fcoltes.webp\" alt=\"\" class=\"wp-image-120\" srcset=\"https:\/\/eleves.escl.fr\/wp2\/hayday\/wp-content\/uploads\/sites\/9\/2025\/02\/Les_R3Fcoltes.webp 160w, https:\/\/eleves.escl.fr\/wp2\/hayday\/wp-content\/uploads\/sites\/9\/2025\/02\/Les_R3Fcoltes-150x150.webp 150w\" sizes=\"auto, (max-width: 160px) 100vw, 160px\" \/><\/a><\/figure>\n\n\n\n<figure class=\"wp-block-image size-large\"><a href=\"https:\/\/eleves.escl.fr\/wp2\/hayday\/arbres-et-animaux\/\"><img loading=\"lazy\" decoding=\"async\" width=\"158\" height=\"160\" data-id=\"110\" src=\"https:\/\/eleves.escl.fr\/wp2\/hayday\/wp-content\/uploads\/sites\/9\/2025\/02\/Arbres26Buissons.webp\" alt=\"\" class=\"wp-image-110\" \/><\/a><\/figure>\n\n\n\n<figure class=\"wp-block-image size-full\"><a href=\"https:\/\/eleves.escl.fr\/wp2\/hayday\/les-produits\/\"><img loading=\"lazy\" decoding=\"async\" width=\"160\" height=\"160\" data-id=\"119\" src=\"https:\/\/eleves.escl.fr\/wp2\/hayday\/wp-content\/uploads\/sites\/9\/2025\/02\/Les_Produits.webp\" alt=\"\" class=\"wp-image-119\" srcset=\"https:\/\/eleves.escl.fr\/wp2\/hayday\/wp-content\/uploads\/sites\/9\/2025\/02\/Les_Produits.webp 160w, https:\/\/eleves.escl.fr\/wp2\/hayday\/wp-content\/uploads\/sites\/9\/2025\/02\/Les_Produits-150x150.webp 150w\" sizes=\"auto, (max-width: 160px) 100vw, 160px\" \/><\/a><\/figure>\n<\/figure>\n<\/div>\n<\/div>\n<\/div>\n","protected":false},"excerpt":{"rendered":"<p>$(function() { $(&lsquo;.map&rsquo;).maphilight(); }); Hay Day est un jeu mobile de simulation agricole d\u00e9velopp\u00e9 par Supercell, sorti en 2012. Le joueur g\u00e8re une ferme : il cultive des plantes, \u00e9l\u00e8ve des animaux et fabrique des produits \u00e0 vendre. Le jeu propose aussi des \u00e9changes avec d\u2019autres joueurs, des commandes \u00e0 livrer, et la possibilit\u00e9 d\u2019agrandir [&hellip;]<\/p>\n","protected":false},"author":26,"featured_media":0,"parent":0,"menu_order":0,"comment_status":"closed","ping_status":"closed","template":"","meta":{"footnotes":""},"class_list":["post-82","page","type-page","status-publish","hentry"],"_links":{"self":[{"href":"https:\/\/eleves.escl.fr\/wp2\/hayday\/wp-json\/wp\/v2\/pages\/82","targetHints":{"allow":["GET"]}}],"collection":[{"href":"https:\/\/eleves.escl.fr\/wp2\/hayday\/wp-json\/wp\/v2\/pages"}],"about":[{"href":"https:\/\/eleves.escl.fr\/wp2\/hayday\/wp-json\/wp\/v2\/types\/page"}],"author":[{"embeddable":true,"href":"https:\/\/eleves.escl.fr\/wp2\/hayday\/wp-json\/wp\/v2\/users\/26"}],"replies":[{"embeddable":true,"href":"https:\/\/eleves.escl.fr\/wp2\/hayday\/wp-json\/wp\/v2\/comments?post=82"}],"version-history":[{"count":52,"href":"https:\/\/eleves.escl.fr\/wp2\/hayday\/wp-json\/wp\/v2\/pages\/82\/revisions"}],"predecessor-version":[{"id":407,"href":"https:\/\/eleves.escl.fr\/wp2\/hayday\/wp-json\/wp\/v2\/pages\/82\/revisions\/407"}],"wp:attachment":[{"href":"https:\/\/eleves.escl.fr\/wp2\/hayday\/wp-json\/wp\/v2\/media?parent=82"}],"curies":[{"name":"wp","href":"https:\/\/api.w.org\/{rel}","templated":true}]}}