{"id":197,"date":"2026-02-10T14:27:36","date_gmt":"2026-02-10T13:27:36","guid":{"rendered":"https:\/\/eleves.escl.fr\/wp2\/japon\/?page_id=197"},"modified":"2026-03-22T20:38:51","modified_gmt":"2026-03-22T19:38:51","slug":"yukata","status":"publish","type":"page","link":"https:\/\/eleves.escl.fr\/wp2\/japon\/mode\/yukata\/","title":{"rendered":"YUKATA"},"content":{"rendered":"\n<figure class=\"wp-block-image alignfull size-large\"><img loading=\"lazy\" decoding=\"async\" width=\"1024\" height=\"372\" src=\"https:\/\/eleves.escl.fr\/wp2\/japon\/wp-content\/uploads\/sites\/26\/2026\/03\/IMG_0060-1024x372.jpeg\" alt=\"\" class=\"wp-image-400\" srcset=\"https:\/\/eleves.escl.fr\/wp2\/japon\/wp-content\/uploads\/sites\/26\/2026\/03\/IMG_0060-1024x372.jpeg 1024w, https:\/\/eleves.escl.fr\/wp2\/japon\/wp-content\/uploads\/sites\/26\/2026\/03\/IMG_0060-300x109.jpeg 300w, https:\/\/eleves.escl.fr\/wp2\/japon\/wp-content\/uploads\/sites\/26\/2026\/03\/IMG_0060-768x279.jpeg 768w, https:\/\/eleves.escl.fr\/wp2\/japon\/wp-content\/uploads\/sites\/26\/2026\/03\/IMG_0060.jpeg 1129w\" sizes=\"auto, (max-width: 1024px) 100vw, 1024px\" \/><\/figure>\n\n\n\n<p><strong>Origine :<\/strong>&nbsp;XVIIe si\u00e8cle<\/p>\n\n\n\n<p>\u00c0 l\u2019origine port\u00e9 apr\u00e8s le bain, le yukata devient un v\u00eatement d\u2019\u00e9t\u00e9 populaire. Plus l\u00e9ger et moins formel que le kimono, il est surtout port\u00e9 lors des festivals et feux d\u2019artifice. Il repr\u00e9sente le c\u00f4t\u00e9 simple et convivial de la tradition<\/p>\n\n\n\n<p><strong>Les accessoires et chaussures :<\/strong><\/p>\n\n\n\n<ul class=\"wp-block-list\">\n<li><strong>Koshi-himo :<\/strong>&nbsp;Fins cordons utilis\u00e9s pour ajuster la hauteur et maintenir le croisement des pans avant la pose de la ceinture.<\/li>\n\n\n\n<li><strong>Date-jime :&nbsp;<\/strong>Ceinture large et rigide plac\u00e9e par-dessus le koshi-himo pour aplatir le tissu et s\u00e9curiser l&rsquo;ensemble avant de mettre l&rsquo;obi.<\/li>\n\n\n\n<li><strong>Obi :<\/strong>&nbsp;La ceinture principale (souvent un Nagoya-obi ou un Hanhaba-obi plus simple pour le yukata).<\/li>\n\n\n\n<li><strong>Obi-jime :&nbsp;<\/strong>Cordon d\u00e9coratif nou\u00e9 par-dessus l&rsquo;obi pour le maintenir en place.<\/li>\n\n\n\n<li><strong>Obi-age :&nbsp;<\/strong>\u00c9charpe fine gliss\u00e9e dans le n\u0153ud de l&rsquo;obi pour le garnir et le d\u00e9corer.<\/li>\n\n\n\n<li><strong>Geta :<\/strong>&nbsp;Sandales traditionnelles en bois \u00e0 deux dents, sp\u00e9cifiques au yukata.<\/li>\n<\/ul>\n\n\n\n<figure class=\"wp-block-gallery has-nested-images columns-default is-cropped wp-block-gallery-1 is-layout-flex wp-block-gallery-is-layout-flex\">\n<figure class=\"wp-block-image size-full\"><img loading=\"lazy\" decoding=\"async\" width=\"312\" height=\"444\" data-id=\"132\" src=\"https:\/\/eleves.escl.fr\/wp2\/japon\/wp-content\/uploads\/sites\/26\/2026\/01\/yukata-3.jpg\" alt=\"\" class=\"wp-image-132\" srcset=\"https:\/\/eleves.escl.fr\/wp2\/japon\/wp-content\/uploads\/sites\/26\/2026\/01\/yukata-3.jpg 312w, https:\/\/eleves.escl.fr\/wp2\/japon\/wp-content\/uploads\/sites\/26\/2026\/01\/yukata-3-211x300.jpg 211w\" sizes=\"auto, (max-width: 312px) 100vw, 312px\" \/><\/figure>\n\n\n\n<figure class=\"wp-block-image size-full\"><img loading=\"lazy\" decoding=\"async\" width=\"736\" height=\"1105\" data-id=\"131\" src=\"https:\/\/eleves.escl.fr\/wp2\/japon\/wp-content\/uploads\/sites\/26\/2026\/01\/yukata-2.jpg\" alt=\"\" class=\"wp-image-131\" srcset=\"https:\/\/eleves.escl.fr\/wp2\/japon\/wp-content\/uploads\/sites\/26\/2026\/01\/yukata-2.jpg 736w, https:\/\/eleves.escl.fr\/wp2\/japon\/wp-content\/uploads\/sites\/26\/2026\/01\/yukata-2-200x300.jpg 200w, https:\/\/eleves.escl.fr\/wp2\/japon\/wp-content\/uploads\/sites\/26\/2026\/01\/yukata-2-682x1024.jpg 682w\" sizes=\"auto, (max-width: 736px) 100vw, 736px\" \/><\/figure>\n\n\n\n<figure class=\"wp-block-image size-full\"><img loading=\"lazy\" decoding=\"async\" width=\"736\" height=\"1104\" data-id=\"130\" src=\"https:\/\/eleves.escl.fr\/wp2\/japon\/wp-content\/uploads\/sites\/26\/2026\/01\/yukata-1.jpg\" alt=\"\" class=\"wp-image-130\" srcset=\"https:\/\/eleves.escl.fr\/wp2\/japon\/wp-content\/uploads\/sites\/26\/2026\/01\/yukata-1.jpg 736w, https:\/\/eleves.escl.fr\/wp2\/japon\/wp-content\/uploads\/sites\/26\/2026\/01\/yukata-1-200x300.jpg 200w, https:\/\/eleves.escl.fr\/wp2\/japon\/wp-content\/uploads\/sites\/26\/2026\/01\/yukata-1-683x1024.jpg 683w\" sizes=\"auto, (max-width: 736px) 100vw, 736px\" \/><\/figure>\n<\/figure>\n","protected":false},"excerpt":{"rendered":"<p>Origine :&nbsp;XVIIe si\u00e8cle \u00c0 l\u2019origine port\u00e9 apr\u00e8s le bain, le yukata devient un v\u00eatement d\u2019\u00e9t\u00e9 populaire. Plus l\u00e9ger et moins formel que le kimono, il est surtout port\u00e9 lors des festivals et feux d\u2019artifice. Il repr\u00e9sente le c\u00f4t\u00e9 simple et convivial de la tradition Les accessoires et chaussures :<\/p>\n","protected":false},"author":42,"featured_media":0,"parent":193,"menu_order":0,"comment_status":"closed","ping_status":"closed","template":"","meta":{"footnotes":""},"class_list":["post-197","page","type-page","status-publish","hentry"],"_links":{"self":[{"href":"https:\/\/eleves.escl.fr\/wp2\/japon\/wp-json\/wp\/v2\/pages\/197","targetHints":{"allow":["GET"]}}],"collection":[{"href":"https:\/\/eleves.escl.fr\/wp2\/japon\/wp-json\/wp\/v2\/pages"}],"about":[{"href":"https:\/\/eleves.escl.fr\/wp2\/japon\/wp-json\/wp\/v2\/types\/page"}],"author":[{"embeddable":true,"href":"https:\/\/eleves.escl.fr\/wp2\/japon\/wp-json\/wp\/v2\/users\/42"}],"replies":[{"embeddable":true,"href":"https:\/\/eleves.escl.fr\/wp2\/japon\/wp-json\/wp\/v2\/comments?post=197"}],"version-history":[{"count":10,"href":"https:\/\/eleves.escl.fr\/wp2\/japon\/wp-json\/wp\/v2\/pages\/197\/revisions"}],"predecessor-version":[{"id":431,"href":"https:\/\/eleves.escl.fr\/wp2\/japon\/wp-json\/wp\/v2\/pages\/197\/revisions\/431"}],"up":[{"embeddable":true,"href":"https:\/\/eleves.escl.fr\/wp2\/japon\/wp-json\/wp\/v2\/pages\/193"}],"wp:attachment":[{"href":"https:\/\/eleves.escl.fr\/wp2\/japon\/wp-json\/wp\/v2\/media?parent=197"}],"curies":[{"name":"wp","href":"https:\/\/api.w.org\/{rel}","templated":true}]}}