{"id":330,"date":"2025-03-18T14:41:36","date_gmt":"2025-03-18T13:41:36","guid":{"rendered":"https:\/\/eleves.escl.fr\/wp2\/magarchi\/?page_id=330"},"modified":"2025-04-30T21:01:19","modified_gmt":"2025-04-30T19:01:19","slug":"meuble","status":"publish","type":"page","link":"https:\/\/eleves.escl.fr\/wp2\/magarchi\/meuble\/","title":{"rendered":"\u00c9tag\u00e8res"},"content":{"rendered":"\n<details class=\"wp-block-details is-layout-flow wp-block-details-is-layout-flow\"><summary>Rayons<\/summary>\n<p><a href=\"https:\/\/eleves.escl.fr\/wp2\/magarchi\/\">accueil<\/a><\/p>\n\n\n\n<p><a href=\"https:\/\/eleves.escl.fr\/wp2\/magarchi\/canapes\/\">miroirs<\/a><\/p>\n\n\n\n<p><a href=\"https:\/\/eleves.escl.fr\/wp2\/magarchi\/149-2\/\">lampes<\/a><\/p>\n\n\n\n<p><a href=\"https:\/\/eleves.escl.fr\/wp2\/magarchi\/canape\/\">canap\u00e9s<\/a><\/p>\n\n\n\n<p><a href=\"https:\/\/eleves.escl.fr\/wp2\/magarchi\/tapis\/\">tapis<\/a><\/p>\n\n\n\n<p><a href=\"https:\/\/eleves.escl.fr\/wp2\/magarchi\/tables\/\">tables<\/a><\/p>\n\n\n\n<p><a href=\"https:\/\/eleves.escl.fr\/wp2\/magarchi\/vase\/\">vases<\/a><\/p>\n<\/details>\n\n\n\n<div class=\"wp-block-group alignfull has-global-padding is-layout-constrained wp-container-core-group-is-layout-b25ccd55 wp-block-group-is-layout-constrained\" style=\"margin-top:0;margin-bottom:0;padding-top:var(--wp--preset--spacing--50);padding-right:var(--wp--preset--spacing--50);padding-bottom:var(--wp--preset--spacing--50);padding-left:var(--wp--preset--spacing--50)\">\n<div class=\"wp-block-columns alignwide is-layout-flex wp-container-core-columns-is-layout-ff4b9c61 wp-block-columns-is-layout-flex\" style=\"margin-top:0;margin-bottom:0\">\n<div class=\"wp-block-column is-layout-flow wp-container-core-column-is-layout-8a368f38 wp-block-column-is-layout-flow\">\n<p class=\"has-contrast-2-color has-text-color has-link-color wp-elements-9f4486f475f949e4031a7d171ea323e9\">Rangement Mural<\/p>\n\n\n\n<figure class=\"wp-block-image size-full is-style-rounded is-style-rounded--1\"><a href=\"https:\/\/www.madeindesign.com\/prod-rangement-mural-uten-silo-i-re-plastique-rouge-recycle-dorothee-becker-1969-67-x-87-cm-vitra-ref21512403.html\"><img loading=\"lazy\" decoding=\"async\" width=\"800\" height=\"800\" src=\"https:\/\/eleves.escl.fr\/wp2\/magarchi\/wp-content\/uploads\/sites\/5\/2025\/03\/rangement-mural-uten-silo-i-re-rouge-japonais-vitra_madeindesign_389822_original.webp\" alt=\"\" class=\"wp-image-291\" style=\"aspect-ratio:3\/4;object-fit:cover\" srcset=\"https:\/\/eleves.escl.fr\/wp2\/magarchi\/wp-content\/uploads\/sites\/5\/2025\/03\/rangement-mural-uten-silo-i-re-rouge-japonais-vitra_madeindesign_389822_original.webp 800w, https:\/\/eleves.escl.fr\/wp2\/magarchi\/wp-content\/uploads\/sites\/5\/2025\/03\/rangement-mural-uten-silo-i-re-rouge-japonais-vitra_madeindesign_389822_original-300x300.webp 300w, https:\/\/eleves.escl.fr\/wp2\/magarchi\/wp-content\/uploads\/sites\/5\/2025\/03\/rangement-mural-uten-silo-i-re-rouge-japonais-vitra_madeindesign_389822_original-150x150.webp 150w, https:\/\/eleves.escl.fr\/wp2\/magarchi\/wp-content\/uploads\/sites\/5\/2025\/03\/rangement-mural-uten-silo-i-re-rouge-japonais-vitra_madeindesign_389822_original-768x768.webp 768w\" sizes=\"auto, (max-width: 800px) 100vw, 800px\" \/><\/a><\/figure>\n\n\n\n<div style=\"height:var(--wp--preset--spacing--50)\" aria-hidden=\"true\" class=\"wp-block-spacer\"><\/div>\n\n\n\n<p class=\"has-contrast-2-color has-text-color has-link-color wp-elements-ac654fd5a3c0a55f82e4e08babe9d1b6\">Etag\u00e8re Rotative<\/p>\n\n\n\n<figure class=\"wp-block-image size-full is-style-rounded is-style-rounded--2\"><a href=\"https:\/\/www.madeindesign.com\/prod-etagere-rotative-adelaide-wood-bois-naturel-pivotante-pour-plafond-de-230-a-253-cm-mogg-refmad29w-madacaw.html\"><img loading=\"lazy\" decoding=\"async\" width=\"800\" height=\"800\" src=\"https:\/\/eleves.escl.fr\/wp2\/magarchi\/wp-content\/uploads\/sites\/5\/2025\/03\/etagere-rotative-adelaide-wood-plafond-de-230-a-253-cm-bois_madeindesign_362646_original.webp\" alt=\"\" class=\"wp-image-282\" style=\"aspect-ratio:3\/4;object-fit:cover\" srcset=\"https:\/\/eleves.escl.fr\/wp2\/magarchi\/wp-content\/uploads\/sites\/5\/2025\/03\/etagere-rotative-adelaide-wood-plafond-de-230-a-253-cm-bois_madeindesign_362646_original.webp 800w, https:\/\/eleves.escl.fr\/wp2\/magarchi\/wp-content\/uploads\/sites\/5\/2025\/03\/etagere-rotative-adelaide-wood-plafond-de-230-a-253-cm-bois_madeindesign_362646_original-300x300.webp 300w, https:\/\/eleves.escl.fr\/wp2\/magarchi\/wp-content\/uploads\/sites\/5\/2025\/03\/etagere-rotative-adelaide-wood-plafond-de-230-a-253-cm-bois_madeindesign_362646_original-150x150.webp 150w, https:\/\/eleves.escl.fr\/wp2\/magarchi\/wp-content\/uploads\/sites\/5\/2025\/03\/etagere-rotative-adelaide-wood-plafond-de-230-a-253-cm-bois_madeindesign_362646_original-768x768.webp 768w\" sizes=\"auto, (max-width: 800px) 100vw, 800px\" \/><\/a><\/figure>\n\n\n\n<div style=\"height:var(--wp--preset--spacing--50)\" aria-hidden=\"true\" class=\"wp-block-spacer\"><\/div>\n\n\n\n<p class=\"has-contrast-2-color has-text-color has-link-color wp-elements-02e68c0f60609e90bdfc48c745001cee\">Etag\u00e8re Tokyo<\/p>\n\n\n\n<figure class=\"wp-block-image size-full is-style-rounded is-style-rounded--3\"><a href=\"https:\/\/www.madeindesign.com\/prod-etagere-tokyo-large-metal-argent-l-80-cm-maison-sarah-lavoine-refm116292801.html\"><img loading=\"lazy\" decoding=\"async\" width=\"800\" height=\"800\" src=\"https:\/\/eleves.escl.fr\/wp2\/magarchi\/wp-content\/uploads\/sites\/5\/2025\/03\/etagere-tokyo-large-inox-brosse-maison-sarah-lavoine_madeindesign_1740068045_original.webp\" alt=\"\" class=\"wp-image-286\" style=\"aspect-ratio:16\/9;object-fit:cover\" srcset=\"https:\/\/eleves.escl.fr\/wp2\/magarchi\/wp-content\/uploads\/sites\/5\/2025\/03\/etagere-tokyo-large-inox-brosse-maison-sarah-lavoine_madeindesign_1740068045_original.webp 800w, https:\/\/eleves.escl.fr\/wp2\/magarchi\/wp-content\/uploads\/sites\/5\/2025\/03\/etagere-tokyo-large-inox-brosse-maison-sarah-lavoine_madeindesign_1740068045_original-300x300.webp 300w, https:\/\/eleves.escl.fr\/wp2\/magarchi\/wp-content\/uploads\/sites\/5\/2025\/03\/etagere-tokyo-large-inox-brosse-maison-sarah-lavoine_madeindesign_1740068045_original-150x150.webp 150w, https:\/\/eleves.escl.fr\/wp2\/magarchi\/wp-content\/uploads\/sites\/5\/2025\/03\/etagere-tokyo-large-inox-brosse-maison-sarah-lavoine_madeindesign_1740068045_original-768x768.webp 768w\" sizes=\"auto, (max-width: 800px) 100vw, 800px\" \/><\/a><\/figure>\n<\/div>\n\n\n\n<div class=\"wp-block-column is-layout-flow wp-container-core-column-is-layout-8a368f38 wp-block-column-is-layout-flow\">\n<div style=\"height:var(--wp--preset--spacing--50)\" aria-hidden=\"true\" class=\"wp-block-spacer\"><\/div>\n\n\n\n<p class=\"has-contrast-2-color has-text-color has-link-color wp-elements-736178b71a5c699224ade114434516f0\">Prod Rangements<\/p>\n\n\n\n<figure class=\"wp-block-image size-full is-style-rounded is-style-rounded--4\"><a href=\"https:\/\/www.madeindesign.com\/prod-rangement-componibili-plastique-gris-argent-4-tiroirs-h-77-cm-anna-castelli-ferrieri-1968-kartell-ref4985-si.html\"><img loading=\"lazy\" decoding=\"async\" width=\"800\" height=\"800\" src=\"https:\/\/eleves.escl.fr\/wp2\/magarchi\/wp-content\/uploads\/sites\/5\/2025\/03\/rangement-componibili-argent-kartell_madeindesign_272660_original.webp\" alt=\"\" class=\"wp-image-289\" style=\"aspect-ratio:1;object-fit:cover\" srcset=\"https:\/\/eleves.escl.fr\/wp2\/magarchi\/wp-content\/uploads\/sites\/5\/2025\/03\/rangement-componibili-argent-kartell_madeindesign_272660_original.webp 800w, https:\/\/eleves.escl.fr\/wp2\/magarchi\/wp-content\/uploads\/sites\/5\/2025\/03\/rangement-componibili-argent-kartell_madeindesign_272660_original-300x300.webp 300w, https:\/\/eleves.escl.fr\/wp2\/magarchi\/wp-content\/uploads\/sites\/5\/2025\/03\/rangement-componibili-argent-kartell_madeindesign_272660_original-150x150.webp 150w, https:\/\/eleves.escl.fr\/wp2\/magarchi\/wp-content\/uploads\/sites\/5\/2025\/03\/rangement-componibili-argent-kartell_madeindesign_272660_original-768x768.webp 768w\" sizes=\"auto, (max-width: 800px) 100vw, 800px\" \/><\/a><\/figure>\n\n\n\n<div style=\"height:var(--wp--preset--spacing--50)\" aria-hidden=\"true\" class=\"wp-block-spacer\"><\/div>\n\n\n\n<p class=\"has-contrast-2-color has-text-color has-link-color wp-elements-985d3f3b2b7032e3a06d312ab0fd1943\">Etag\u00e8re Strat<\/p>\n\n\n\n<figure class=\"wp-block-image size-full is-style-rounded is-style-rounded--5\"><a href=\"https:\/\/www.madeindesign.com\/prod-etagere-strat-small-bois-naturel-buffet-l-130-x-p-42-x-h-60-5-cm-kann-design-refm115597501.html\"><img loading=\"lazy\" decoding=\"async\" width=\"800\" height=\"800\" src=\"https:\/\/eleves.escl.fr\/wp2\/magarchi\/wp-content\/uploads\/sites\/5\/2025\/03\/etagere-strat-small-teck-noir_madeindesign_420968_original.webp\" alt=\"\" class=\"wp-image-285\" style=\"aspect-ratio:16\/9;object-fit:cover\" srcset=\"https:\/\/eleves.escl.fr\/wp2\/magarchi\/wp-content\/uploads\/sites\/5\/2025\/03\/etagere-strat-small-teck-noir_madeindesign_420968_original.webp 800w, https:\/\/eleves.escl.fr\/wp2\/magarchi\/wp-content\/uploads\/sites\/5\/2025\/03\/etagere-strat-small-teck-noir_madeindesign_420968_original-300x300.webp 300w, https:\/\/eleves.escl.fr\/wp2\/magarchi\/wp-content\/uploads\/sites\/5\/2025\/03\/etagere-strat-small-teck-noir_madeindesign_420968_original-150x150.webp 150w, https:\/\/eleves.escl.fr\/wp2\/magarchi\/wp-content\/uploads\/sites\/5\/2025\/03\/etagere-strat-small-teck-noir_madeindesign_420968_original-768x768.webp 768w\" sizes=\"auto, (max-width: 800px) 100vw, 800px\" \/><\/a><\/figure>\n\n\n\n<div style=\"height:var(--wp--preset--spacing--50)\" aria-hidden=\"true\" class=\"wp-block-spacer\"><\/div>\n\n\n\n<p class=\"has-contrast-2-color has-text-color has-link-color wp-elements-14af8c7151cb0c11886d9bf11b93d8cd\">Biblioth\u00e8que Large<\/p>\n\n\n\n<figure class=\"wp-block-image size-full is-style-rounded is-style-rounded--6\"><a href=\"https:\/\/www.madeindesign.com\/prod-bibliotheque-m-large-bois-marron-l-104-x-h-219-cm-ethnicraft-refm115600701.html\"><img loading=\"lazy\" decoding=\"async\" width=\"800\" height=\"800\" src=\"https:\/\/eleves.escl.fr\/wp2\/magarchi\/wp-content\/uploads\/sites\/5\/2025\/03\/bibliotheque-m-large-teck_madeindesign_421893_original.webp\" alt=\"\" class=\"wp-image-264\" style=\"aspect-ratio:9\/16;object-fit:cover\" srcset=\"https:\/\/eleves.escl.fr\/wp2\/magarchi\/wp-content\/uploads\/sites\/5\/2025\/03\/bibliotheque-m-large-teck_madeindesign_421893_original.webp 800w, https:\/\/eleves.escl.fr\/wp2\/magarchi\/wp-content\/uploads\/sites\/5\/2025\/03\/bibliotheque-m-large-teck_madeindesign_421893_original-300x300.webp 300w, https:\/\/eleves.escl.fr\/wp2\/magarchi\/wp-content\/uploads\/sites\/5\/2025\/03\/bibliotheque-m-large-teck_madeindesign_421893_original-150x150.webp 150w, https:\/\/eleves.escl.fr\/wp2\/magarchi\/wp-content\/uploads\/sites\/5\/2025\/03\/bibliotheque-m-large-teck_madeindesign_421893_original-768x768.webp 768w\" sizes=\"auto, (max-width: 800px) 100vw, 800px\" \/><\/a><\/figure>\n<\/div>\n\n\n\n<div class=\"wp-block-column is-layout-flow wp-container-core-column-is-layout-8a368f38 wp-block-column-is-layout-flow\">\n<p class=\"has-contrast-2-color has-text-color has-link-color wp-elements-55972aa88c236ad271ec12c80aaa6eb2\">Stracked Bois<\/p>\n\n\n\n<figure class=\"wp-block-image size-full is-style-rounded is-style-rounded--7\"><a href=\"https:\/\/www.madeindesign.com\/prod-etagere-stacked-bois-vert-configuration-4-l-87-x-h-87-cm-muuto-refm116093201.html\"><img loading=\"lazy\" decoding=\"async\" width=\"800\" height=\"800\" src=\"https:\/\/eleves.escl.fr\/wp2\/magarchi\/wp-content\/uploads\/sites\/5\/2025\/03\/etagere-stacked-vert-kaki-muuto_madeindesign_435586_original.webp\" alt=\"\" class=\"wp-image-284\" style=\"aspect-ratio:3\/4;object-fit:cover\" srcset=\"https:\/\/eleves.escl.fr\/wp2\/magarchi\/wp-content\/uploads\/sites\/5\/2025\/03\/etagere-stacked-vert-kaki-muuto_madeindesign_435586_original.webp 800w, https:\/\/eleves.escl.fr\/wp2\/magarchi\/wp-content\/uploads\/sites\/5\/2025\/03\/etagere-stacked-vert-kaki-muuto_madeindesign_435586_original-300x300.webp 300w, https:\/\/eleves.escl.fr\/wp2\/magarchi\/wp-content\/uploads\/sites\/5\/2025\/03\/etagere-stacked-vert-kaki-muuto_madeindesign_435586_original-150x150.webp 150w, https:\/\/eleves.escl.fr\/wp2\/magarchi\/wp-content\/uploads\/sites\/5\/2025\/03\/etagere-stacked-vert-kaki-muuto_madeindesign_435586_original-768x768.webp 768w\" sizes=\"auto, (max-width: 800px) 100vw, 800px\" \/><\/a><\/figure>\n\n\n\n<div style=\"height:var(--wp--preset--spacing--50)\" aria-hidden=\"true\" class=\"wp-block-spacer\"><\/div>\n\n\n\n<p class=\"has-contrast-2-color has-text-color has-link-color wp-elements-aca54ee5595ba2e552a5a303a2feacba\">Etag\u00e8re Kona<\/p>\n\n\n\n<figure class=\"wp-block-image size-full is-style-rounded is-style-rounded--8\"><a href=\"https:\/\/www.madeindesign.com\/prod-etagere-kona-2x4-bois-marron-l-122-5-x-h-141-cm-ferm-living-refm116067201.html\"><img loading=\"lazy\" decoding=\"async\" width=\"800\" height=\"800\" src=\"https:\/\/eleves.escl.fr\/wp2\/magarchi\/wp-content\/uploads\/sites\/5\/2025\/03\/etagere-kona-2x4-chene-fonce-ferm-living_madeindesign_432751_original.webp\" alt=\"\" class=\"wp-image-274\" style=\"aspect-ratio:3\/4;object-fit:cover\" srcset=\"https:\/\/eleves.escl.fr\/wp2\/magarchi\/wp-content\/uploads\/sites\/5\/2025\/03\/etagere-kona-2x4-chene-fonce-ferm-living_madeindesign_432751_original.webp 800w, https:\/\/eleves.escl.fr\/wp2\/magarchi\/wp-content\/uploads\/sites\/5\/2025\/03\/etagere-kona-2x4-chene-fonce-ferm-living_madeindesign_432751_original-300x300.webp 300w, https:\/\/eleves.escl.fr\/wp2\/magarchi\/wp-content\/uploads\/sites\/5\/2025\/03\/etagere-kona-2x4-chene-fonce-ferm-living_madeindesign_432751_original-150x150.webp 150w, https:\/\/eleves.escl.fr\/wp2\/magarchi\/wp-content\/uploads\/sites\/5\/2025\/03\/etagere-kona-2x4-chene-fonce-ferm-living_madeindesign_432751_original-768x768.webp 768w\" sizes=\"auto, (max-width: 800px) 100vw, 800px\" \/><\/a><\/figure>\n\n\n\n<div style=\"height:var(--wp--preset--spacing--50)\" aria-hidden=\"true\" class=\"wp-block-spacer\"><\/div>\n\n\n\n<p class=\"has-contrast-2-color has-text-color has-link-color wp-elements-3de30fc381aa4c5e5ebefe4f70c14ee5\">Etag\u00e8re  Korpus<\/p>\n\n\n\n<figure class=\"wp-block-image size-full is-style-rounded is-style-rounded--9\"><a href=\"https:\/\/www.madeindesign.com\/prod-etagere-korpus-medium-metal-rouge-4-crochets-l-60-x-p-25-x-h-14-cm-hay-ref9440134009000.html\"><img loading=\"lazy\" decoding=\"async\" width=\"800\" height=\"800\" src=\"https:\/\/eleves.escl.fr\/wp2\/magarchi\/wp-content\/uploads\/sites\/5\/2025\/03\/etagere-korpus-medium-rouge-brique_madeindesign_388108_original.webp\" alt=\"\" class=\"wp-image-275\" style=\"aspect-ratio:16\/9;object-fit:cover\" srcset=\"https:\/\/eleves.escl.fr\/wp2\/magarchi\/wp-content\/uploads\/sites\/5\/2025\/03\/etagere-korpus-medium-rouge-brique_madeindesign_388108_original.webp 800w, https:\/\/eleves.escl.fr\/wp2\/magarchi\/wp-content\/uploads\/sites\/5\/2025\/03\/etagere-korpus-medium-rouge-brique_madeindesign_388108_original-300x300.webp 300w, https:\/\/eleves.escl.fr\/wp2\/magarchi\/wp-content\/uploads\/sites\/5\/2025\/03\/etagere-korpus-medium-rouge-brique_madeindesign_388108_original-150x150.webp 150w, https:\/\/eleves.escl.fr\/wp2\/magarchi\/wp-content\/uploads\/sites\/5\/2025\/03\/etagere-korpus-medium-rouge-brique_madeindesign_388108_original-768x768.webp 768w\" sizes=\"auto, (max-width: 800px) 100vw, 800px\" \/><\/a><\/figure>\n<\/div>\n\n\n\n<div class=\"wp-block-column is-layout-flow wp-container-core-column-is-layout-8a368f38 wp-block-column-is-layout-flow\">\n<div style=\"height:var(--wp--preset--spacing--50)\" aria-hidden=\"true\" class=\"wp-block-spacer\"><\/div>\n\n\n\n<p class=\"has-contrast-2-color has-text-color has-link-color wp-elements-3df581806f33e2bc831b3931ebb4b63b\">Etag\u00e8re Toss Wide<\/p>\n\n\n\n<figure class=\"wp-block-image size-full is-style-rounded is-style-rounded--10\"><a href=\"https:\/\/www.madeindesign.com\/prod-etagere-toss-wide-metal-rose-l-112-x-p-38-x-h-182-cm-modulable-pols-potten-refm115270101.html\"><img loading=\"lazy\" decoding=\"async\" width=\"800\" height=\"800\" src=\"https:\/\/eleves.escl.fr\/wp2\/magarchi\/wp-content\/uploads\/sites\/5\/2025\/03\/etagere-toss-wide-rose-pols-potten_madeindesign_416708_original.webp\" alt=\"\" class=\"wp-image-287\" style=\"aspect-ratio:1;object-fit:cover\" srcset=\"https:\/\/eleves.escl.fr\/wp2\/magarchi\/wp-content\/uploads\/sites\/5\/2025\/03\/etagere-toss-wide-rose-pols-potten_madeindesign_416708_original.webp 800w, https:\/\/eleves.escl.fr\/wp2\/magarchi\/wp-content\/uploads\/sites\/5\/2025\/03\/etagere-toss-wide-rose-pols-potten_madeindesign_416708_original-300x300.webp 300w, https:\/\/eleves.escl.fr\/wp2\/magarchi\/wp-content\/uploads\/sites\/5\/2025\/03\/etagere-toss-wide-rose-pols-potten_madeindesign_416708_original-150x150.webp 150w, https:\/\/eleves.escl.fr\/wp2\/magarchi\/wp-content\/uploads\/sites\/5\/2025\/03\/etagere-toss-wide-rose-pols-potten_madeindesign_416708_original-768x768.webp 768w\" sizes=\"auto, (max-width: 800px) 100vw, 800px\" \/><\/a><\/figure>\n\n\n\n<div style=\"height:var(--wp--preset--spacing--50)\" aria-hidden=\"true\" class=\"wp-block-spacer\"><\/div>\n\n\n\n<p class=\"has-contrast-2-color has-text-color has-link-color wp-elements-ccd1c0dc156a8de5fc3bca4234fce9eb\">Etag\u00e8re Wall<\/p>\n\n\n\n<figure class=\"wp-block-image size-full is-style-rounded is-style-rounded--11\"><a href=\"https:\/\/www.madeindesign.com\/prod-etagere-wall-shelving-ws-85-3-bois-marron-l-239-x-h-85-x-prof-17-5-cm-moebe-refm115747501.html\"><img loading=\"lazy\" decoding=\"async\" width=\"800\" height=\"800\" src=\"https:\/\/eleves.escl.fr\/wp2\/magarchi\/wp-content\/uploads\/sites\/5\/2025\/03\/etagere-wall-shelving-ws-85-3-chene-fume-bleu_madeindesign_424484_original.webp\" alt=\"\" class=\"wp-image-288\" style=\"aspect-ratio:16\/9;object-fit:cover\" srcset=\"https:\/\/eleves.escl.fr\/wp2\/magarchi\/wp-content\/uploads\/sites\/5\/2025\/03\/etagere-wall-shelving-ws-85-3-chene-fume-bleu_madeindesign_424484_original.webp 800w, https:\/\/eleves.escl.fr\/wp2\/magarchi\/wp-content\/uploads\/sites\/5\/2025\/03\/etagere-wall-shelving-ws-85-3-chene-fume-bleu_madeindesign_424484_original-300x300.webp 300w, https:\/\/eleves.escl.fr\/wp2\/magarchi\/wp-content\/uploads\/sites\/5\/2025\/03\/etagere-wall-shelving-ws-85-3-chene-fume-bleu_madeindesign_424484_original-150x150.webp 150w, https:\/\/eleves.escl.fr\/wp2\/magarchi\/wp-content\/uploads\/sites\/5\/2025\/03\/etagere-wall-shelving-ws-85-3-chene-fume-bleu_madeindesign_424484_original-768x768.webp 768w\" sizes=\"auto, (max-width: 800px) 100vw, 800px\" \/><\/a><\/figure>\n\n\n\n<div style=\"height:var(--wp--preset--spacing--50)\" aria-hidden=\"true\" class=\"wp-block-spacer\"><\/div>\n\n\n\n<p>Biblioth\u00e8que en Bois<\/p>\n\n\n\n<figure class=\"wp-block-image size-full is-style-rounded is-style-rounded--12\"><a href=\"https:\/\/www.madeindesign.com\/prod-bibliotheque-pi-bois-marron-l-110-x-h-187-cm-ethnicraft-refm116090001.html\"><img loading=\"lazy\" decoding=\"async\" width=\"800\" height=\"800\" src=\"https:\/\/eleves.escl.fr\/wp2\/magarchi\/wp-content\/uploads\/sites\/5\/2025\/03\/bibliotheque-pi-acajou-brun-fonce-ethnicraft_madeindesign_435214_original.webp\" alt=\"\" class=\"wp-image-265\" style=\"aspect-ratio:0.5625;object-fit:cover\" srcset=\"https:\/\/eleves.escl.fr\/wp2\/magarchi\/wp-content\/uploads\/sites\/5\/2025\/03\/bibliotheque-pi-acajou-brun-fonce-ethnicraft_madeindesign_435214_original.webp 800w, https:\/\/eleves.escl.fr\/wp2\/magarchi\/wp-content\/uploads\/sites\/5\/2025\/03\/bibliotheque-pi-acajou-brun-fonce-ethnicraft_madeindesign_435214_original-300x300.webp 300w, https:\/\/eleves.escl.fr\/wp2\/magarchi\/wp-content\/uploads\/sites\/5\/2025\/03\/bibliotheque-pi-acajou-brun-fonce-ethnicraft_madeindesign_435214_original-150x150.webp 150w, https:\/\/eleves.escl.fr\/wp2\/magarchi\/wp-content\/uploads\/sites\/5\/2025\/03\/bibliotheque-pi-acajou-brun-fonce-ethnicraft_madeindesign_435214_original-768x768.webp 768w\" sizes=\"auto, (max-width: 800px) 100vw, 800px\" \/><\/a><\/figure>\n<\/div>\n<\/div>\n<\/div>\n\n\n\n<p><\/p>\n","protected":false},"excerpt":{"rendered":"<p>Rangement Mural Etag\u00e8re Rotative Etag\u00e8re Tokyo Prod Rangements Etag\u00e8re Strat Biblioth\u00e8que Large Stracked Bois Etag\u00e8re Kona Etag\u00e8re Korpus Etag\u00e8re Toss Wide Etag\u00e8re Wall Biblioth\u00e8que en Bois<\/p>\n","protected":false},"author":4,"featured_media":0,"parent":0,"menu_order":0,"comment_status":"closed","ping_status":"closed","template":"","meta":{"footnotes":""},"class_list":["post-330","page","type-page","status-publish","hentry"],"_links":{"self":[{"href":"https:\/\/eleves.escl.fr\/wp2\/magarchi\/wp-json\/wp\/v2\/pages\/330","targetHints":{"allow":["GET"]}}],"collection":[{"href":"https:\/\/eleves.escl.fr\/wp2\/magarchi\/wp-json\/wp\/v2\/pages"}],"about":[{"href":"https:\/\/eleves.escl.fr\/wp2\/magarchi\/wp-json\/wp\/v2\/types\/page"}],"author":[{"embeddable":true,"href":"https:\/\/eleves.escl.fr\/wp2\/magarchi\/wp-json\/wp\/v2\/users\/4"}],"replies":[{"embeddable":true,"href":"https:\/\/eleves.escl.fr\/wp2\/magarchi\/wp-json\/wp\/v2\/comments?post=330"}],"version-history":[{"count":9,"href":"https:\/\/eleves.escl.fr\/wp2\/magarchi\/wp-json\/wp\/v2\/pages\/330\/revisions"}],"predecessor-version":[{"id":492,"href":"https:\/\/eleves.escl.fr\/wp2\/magarchi\/wp-json\/wp\/v2\/pages\/330\/revisions\/492"}],"wp:attachment":[{"href":"https:\/\/eleves.escl.fr\/wp2\/magarchi\/wp-json\/wp\/v2\/media?parent=330"}],"curies":[{"name":"wp","href":"https:\/\/api.w.org\/{rel}","templated":true}]}}