{"id":104,"date":"2025-01-14T14:50:53","date_gmt":"2025-01-14T13:50:53","guid":{"rendered":"https:\/\/eleves.escl.fr\/wp2\/monde\/?page_id=104"},"modified":"2025-03-11T14:21:05","modified_gmt":"2025-03-11T13:21:05","slug":"braque-allemand","status":"publish","type":"page","link":"https:\/\/eleves.escl.fr\/wp2\/monde\/chien-de-chasses\/braque-allemand\/","title":{"rendered":"Braque Allemand"},"content":{"rendered":"\n<p><strong>Le Braque Allemand est un chien de chasse intelligent et endurant<\/strong><\/p>\n\n\n\n<figure class=\"wp-block-image alignright size-full is-resized\"><img loading=\"lazy\" decoding=\"async\" width=\"927\" height=\"847\" src=\"https:\/\/eleves.escl.fr\/wp2\/monde\/wp-content\/uploads\/sites\/8\/2025\/03\/braque-allemand-bulle-bleue-1-1.png\" alt=\"\" class=\"wp-image-224\" style=\"width:323px;height:auto\" srcset=\"https:\/\/eleves.escl.fr\/wp2\/monde\/wp-content\/uploads\/sites\/8\/2025\/03\/braque-allemand-bulle-bleue-1-1.png 927w, https:\/\/eleves.escl.fr\/wp2\/monde\/wp-content\/uploads\/sites\/8\/2025\/03\/braque-allemand-bulle-bleue-1-1-300x274.png 300w, https:\/\/eleves.escl.fr\/wp2\/monde\/wp-content\/uploads\/sites\/8\/2025\/03\/braque-allemand-bulle-bleue-1-1-768x702.png 768w\" sizes=\"auto, (max-width: 927px) 100vw, 927px\" \/><\/figure>\n\n\n\n<div class=\"wp-block-columns alignwide is-layout-flex wp-container-core-columns-is-layout-28f84493 wp-block-columns-is-layout-flex\">\n<div class=\"wp-block-column is-layout-flow wp-block-column-is-layout-flow\">\n<p class=\"has-xx-large-font-size\" style=\"text-decoration:underline\">Le Braque Allemand, un chien aussi \u00e9l\u00e9gant qu&rsquo;endurant !<\/p>\n\n\n\n<p>Le Braque allemand est une&nbsp;<a href=\"https:\/\/chienfacile.fr\/races-de-chien\">race de chien<\/a>&nbsp;qui trouve ses origines en Allemagne. Son histoire remonte \u00e0 plusieurs si\u00e8cles, et il descend de chiens d\u2019arr\u00eat m\u00e9diterran\u00e9ens qui ont \u00e9t\u00e9 introduits en Allemagne par le biais de diff\u00e9rents pays. La race a \u00e9t\u00e9&nbsp;<strong>officiellement reconnue au 19\u00e8me si\u00e8cle<\/strong>&nbsp;et depuis lors, le Braque allemand est devenu un chien de chasse polyvalent et appr\u00e9ci\u00e9.<\/p>\n\n\n\n<p>Les anc\u00eatres du Braque allemand ont \u00e9t\u00e9 d\u00e9velopp\u00e9s pour leur capacit\u00e9 \u00e0 trouver et \u00e0 pointer le gibier, et ils \u00e9taient particuli\u00e8rement adapt\u00e9s \u00e0 la chasse \u00e0 la plume. Au fil du temps, des efforts ont \u00e9t\u00e9 faits pour affiner la race et am\u00e9liorer ses qualit\u00e9s de chasse, ce qui a donn\u00e9 naissance au Braque allemand que nous connaissons aujourd\u2019hui.<\/p>\n\n\n\n<p>Aujourd\u2019hui, le Braque allemand est non seulement un chien de chasse comp\u00e9tent, mais il est \u00e9galement&nbsp;<strong>appr\u00e9ci\u00e9 en tant que chien de compagnie<\/strong>&nbsp;en raison de son caract\u00e8re doux, de son intelligence et de sa loyaut\u00e9 envers sa famille. Sa popularit\u00e9 continue de cro\u00eetre en Allemagne et dans le monde entier.<\/p>\n<\/div>\n<\/div>\n\n\n\n<hr class=\"wp-block-separator has-alpha-channel-opacity\" \/>\n\n\n\n<p class=\"has-xx-large-font-size\">      Informations sur la race<\/p>\n\n\n\n<ul class=\"wp-block-list\">\n<li>Gabarit :\u00a0Grand <\/li>\n\n\n\n<li>Esperance de vie :\u00a0entre 12 et 14 ans<\/li>\n\n\n\n<li>Type de poils :\u00a0Court, dense et dur (varie selon les vari\u00e9t\u00e9s: \u00e0 poil court, \u00e0 poil dur  ou \u00e0 poil long)<\/li>\n\n\n\n<li>Couleur(s) de robe :\u00a0Marron uni, marron et blanc, rouan, noir et blanc ,ou noir uni  <\/li>\n\n\n\n<li>Taille M\u00e2le :\u00a0De 58 \u00e0 66 cm<\/li>\n\n\n\n<li>Taille Femelle :\u00a0De 53 \u00e0 61 cm<\/li>\n\n\n\n<li>Poids M\u00e2le :\u00a0De 25 \u00e0 32 kgs<\/li>\n\n\n\n<li>Poids Femelle :\u00a0De 20 \u00e0 27 kgs<\/li>\n\n\n\n<li>Perte de poils :Mod\u00e9r\u00e9e, avec  une mue saisonni\u00e8re ; un brossage r\u00e9gulier est recommand\u00e9.<\/li>\n\n\n\n<li>Besoin d\u2019exercice :Tr\u00e8s \u00e9lev\u00e9, ce chien a besoin de longues sorties, d&rsquo;activit\u00e9s physique et mentales quotidienne .<\/li>\n\n\n\n<li>Co\u00fbt mensuel moyen :\u00a0environ 60\u20ac par mois<\/li>\n<\/ul>\n\n\n\n<p><\/p>\n","protected":false},"excerpt":{"rendered":"<p>Le Braque Allemand est un chien de chasse intelligent et endurant Le Braque Allemand, un chien aussi \u00e9l\u00e9gant qu&rsquo;endurant ! Le Braque allemand est une&nbsp;race de chien&nbsp;qui trouve ses origines en Allemagne. Son histoire remonte \u00e0 plusieurs si\u00e8cles, et il descend de chiens d\u2019arr\u00eat m\u00e9diterran\u00e9ens qui ont \u00e9t\u00e9 introduits en Allemagne par le biais de [&hellip;]<\/p>\n","protected":false},"author":25,"featured_media":0,"parent":92,"menu_order":0,"comment_status":"closed","ping_status":"closed","template":"","meta":{"footnotes":""},"class_list":["post-104","page","type-page","status-publish","hentry"],"_links":{"self":[{"href":"https:\/\/eleves.escl.fr\/wp2\/monde\/wp-json\/wp\/v2\/pages\/104","targetHints":{"allow":["GET"]}}],"collection":[{"href":"https:\/\/eleves.escl.fr\/wp2\/monde\/wp-json\/wp\/v2\/pages"}],"about":[{"href":"https:\/\/eleves.escl.fr\/wp2\/monde\/wp-json\/wp\/v2\/types\/page"}],"author":[{"embeddable":true,"href":"https:\/\/eleves.escl.fr\/wp2\/monde\/wp-json\/wp\/v2\/users\/25"}],"replies":[{"embeddable":true,"href":"https:\/\/eleves.escl.fr\/wp2\/monde\/wp-json\/wp\/v2\/comments?post=104"}],"version-history":[{"count":5,"href":"https:\/\/eleves.escl.fr\/wp2\/monde\/wp-json\/wp\/v2\/pages\/104\/revisions"}],"predecessor-version":[{"id":230,"href":"https:\/\/eleves.escl.fr\/wp2\/monde\/wp-json\/wp\/v2\/pages\/104\/revisions\/230"}],"up":[{"embeddable":true,"href":"https:\/\/eleves.escl.fr\/wp2\/monde\/wp-json\/wp\/v2\/pages\/92"}],"wp:attachment":[{"href":"https:\/\/eleves.escl.fr\/wp2\/monde\/wp-json\/wp\/v2\/media?parent=104"}],"curies":[{"name":"wp","href":"https:\/\/api.w.org\/{rel}","templated":true}]}}