{"id":116,"date":"2025-01-14T14:52:57","date_gmt":"2025-01-14T13:52:57","guid":{"rendered":"https:\/\/eleves.escl.fr\/wp2\/monde\/?page_id=116"},"modified":"2025-03-11T14:45:27","modified_gmt":"2025-03-11T13:45:27","slug":"le-caniche","status":"publish","type":"page","link":"https:\/\/eleves.escl.fr\/wp2\/monde\/chien-de-compagnies\/le-caniche\/","title":{"rendered":"Le Caniche"},"content":{"rendered":"\n<p><strong>Le caniche un chien vif, intelligent et \u00e9l\u00e9gant, r\u00e9put\u00e9 pour son poil boucl\u00e9 et son caract\u00e8re affectueux.<\/strong><\/p>\n\n\n\n<figure class=\"wp-block-image alignright size-full is-resized\"><img loading=\"lazy\" decoding=\"async\" width=\"889\" height=\"636\" src=\"https:\/\/eleves.escl.fr\/wp2\/monde\/wp-content\/uploads\/sites\/8\/2025\/03\/caniche-le-caniche.png\" alt=\"\" class=\"wp-image-237\" style=\"width:391px;height:auto\" srcset=\"https:\/\/eleves.escl.fr\/wp2\/monde\/wp-content\/uploads\/sites\/8\/2025\/03\/caniche-le-caniche.png 889w, https:\/\/eleves.escl.fr\/wp2\/monde\/wp-content\/uploads\/sites\/8\/2025\/03\/caniche-le-caniche-300x215.png 300w, https:\/\/eleves.escl.fr\/wp2\/monde\/wp-content\/uploads\/sites\/8\/2025\/03\/caniche-le-caniche-768x549.png 768w\" sizes=\"auto, (max-width: 889px) 100vw, 889px\" \/><\/figure>\n\n\n\n<div class=\"wp-block-columns alignwide is-layout-flex wp-container-core-columns-is-layout-28f84493 wp-block-columns-is-layout-flex\">\n<div class=\"wp-block-column is-layout-flow wp-block-column-is-layout-flow\">\n<p class=\"has-xx-large-font-size\" style=\"text-decoration:underline\">Le Caniche, un chien \u00e0 sortir et \u00e0 red\u00e9couvrir<\/p>\n\n\n\n<p>Race&nbsp;<strong>d&rsquo;origine fran\u00e7aise<\/strong>,&nbsp;le Caniche&nbsp;<strong>descend du&nbsp;<a href=\"https:\/\/www.woopets.fr\/chien\/race\/barbet\/\" target=\"_blank\" rel=\"noreferrer noopener\">Barbet<\/a><\/strong>, dont il h\u00e9rite l&rsquo;aspect g\u00e9n\u00e9ral et l&rsquo;aisance \u00e0&nbsp;la chasse en milieu aquatique. Le Caniche \u00e9tait en effet utilis\u00e9 dans la chasse aux canards ; \u00e9tymologiquement, les mots Caniche et canard poss\u00e8dent d&rsquo;ailleurs la m\u00eame racine.&nbsp;Le terme Caniche&nbsp;\u00e9tait autrefois utilis\u00e9 au f\u00e9minin pour d\u00e9signer la femelle du Barbet. Progressivement, il s&rsquo;est impos\u00e9 comme l&rsquo;un des meilleurs chiens de compagnie gr\u00e2ce \u00e0 son caract\u00e8re jovial et dynamique. Le standard de la race a \u00e9t\u00e9 \u00e9tabli en 1936.<\/p>\n\n\n\n<p>Louis XVI poss\u00e9dait d\u2019ailleurs un Caniche. Il \u00e9tait tondu en lion. Lors du Second Empire, le Caniche voyait sa popularit\u00e9 exploser, si bien qu\u2019il \u00e9tait devenu le chien de compagnie par excellence.<\/p>\n<\/div>\n<\/div>\n\n\n\n<hr class=\"wp-block-separator has-alpha-channel-opacity\" \/>\n\n\n\n<p class=\"has-xx-large-font-size\">      Informations sur la race<\/p>\n\n\n\n<ul class=\"wp-block-list\">\n<li>Gabarit :\u00a0Moyen<\/li>\n\n\n\n<li>Esperance de vie :\u00a0Environ 13 ans<\/li>\n\n\n\n<li>Type de poils :\u00a0Mi-long<\/li>\n\n\n\n<li>Couleur(s) de robe :\u00a0Blanc, Fauve, Marron, Noir<\/li>\n\n\n\n<li>Taille M\u00e2le :\u00a028 \u00e0 60 cm<\/li>\n\n\n\n<li>Taille Femelle :\u00a028 \u00e0 60 cm<\/li>\n\n\n\n<li>Poids M\u00e2le :\u00a06 \u00e0 23 kg<\/li>\n\n\n\n<li>Poids Femelle :\u00a06 \u00e0 23 kg<\/li>\n\n\n\n<li>Perte de poils :\u00a0Le Caniche ne perd que tr\u00e8s peu ses poils.<\/li>\n\n\n\n<li>Besoin d&rsquo;exercice :\u00a0Ce chien demande \u00e9norm\u00e9ment d\u2019attention et doit se d\u00e9penser physiquement et mentalement.<\/li>\n\n\n\n<li>Co\u00fbt mensuel moyen :\u00a0Environ 40 \u20ac par mois<\/li>\n<\/ul>\n\n\n\n<p><\/p>\n","protected":false},"excerpt":{"rendered":"<p>Le caniche un chien vif, intelligent et \u00e9l\u00e9gant, r\u00e9put\u00e9 pour son poil boucl\u00e9 et son caract\u00e8re affectueux. Le Caniche, un chien \u00e0 sortir et \u00e0 red\u00e9couvrir Race&nbsp;d&rsquo;origine fran\u00e7aise,&nbsp;le Caniche&nbsp;descend du&nbsp;Barbet, dont il h\u00e9rite l&rsquo;aspect g\u00e9n\u00e9ral et l&rsquo;aisance \u00e0&nbsp;la chasse en milieu aquatique. Le Caniche \u00e9tait en effet utilis\u00e9 dans la chasse aux canards ; \u00e9tymologiquement, [&hellip;]<\/p>\n","protected":false},"author":25,"featured_media":0,"parent":110,"menu_order":0,"comment_status":"closed","ping_status":"closed","template":"","meta":{"footnotes":""},"class_list":["post-116","page","type-page","status-publish","hentry"],"_links":{"self":[{"href":"https:\/\/eleves.escl.fr\/wp2\/monde\/wp-json\/wp\/v2\/pages\/116","targetHints":{"allow":["GET"]}}],"collection":[{"href":"https:\/\/eleves.escl.fr\/wp2\/monde\/wp-json\/wp\/v2\/pages"}],"about":[{"href":"https:\/\/eleves.escl.fr\/wp2\/monde\/wp-json\/wp\/v2\/types\/page"}],"author":[{"embeddable":true,"href":"https:\/\/eleves.escl.fr\/wp2\/monde\/wp-json\/wp\/v2\/users\/25"}],"replies":[{"embeddable":true,"href":"https:\/\/eleves.escl.fr\/wp2\/monde\/wp-json\/wp\/v2\/comments?post=116"}],"version-history":[{"count":3,"href":"https:\/\/eleves.escl.fr\/wp2\/monde\/wp-json\/wp\/v2\/pages\/116\/revisions"}],"predecessor-version":[{"id":238,"href":"https:\/\/eleves.escl.fr\/wp2\/monde\/wp-json\/wp\/v2\/pages\/116\/revisions\/238"}],"up":[{"embeddable":true,"href":"https:\/\/eleves.escl.fr\/wp2\/monde\/wp-json\/wp\/v2\/pages\/110"}],"wp:attachment":[{"href":"https:\/\/eleves.escl.fr\/wp2\/monde\/wp-json\/wp\/v2\/media?parent=116"}],"curies":[{"name":"wp","href":"https:\/\/api.w.org\/{rel}","templated":true}]}}