{"id":122,"date":"2025-01-14T14:54:05","date_gmt":"2025-01-14T13:54:05","guid":{"rendered":"https:\/\/eleves.escl.fr\/wp2\/monde\/?page_id=122"},"modified":"2025-03-11T14:57:41","modified_gmt":"2025-03-11T13:57:41","slug":"le-carlin","status":"publish","type":"page","link":"https:\/\/eleves.escl.fr\/wp2\/monde\/chien-de-compagnies\/le-carlin\/","title":{"rendered":"Le Carlin"},"content":{"rendered":"\n<p><strong>Le Carlin est un petit chien affectueux, sociable et joueur, reconnu pour son museau \u00e9cras\u00e9 et son expression attachante .<\/strong><\/p>\n\n\n\n<figure class=\"wp-block-image alignright size-full is-resized\"><img loading=\"lazy\" decoding=\"async\" width=\"823\" height=\"905\" src=\"https:\/\/eleves.escl.fr\/wp2\/monde\/wp-content\/uploads\/sites\/8\/2025\/03\/le-carlin-royal-canin-adoption.png\" alt=\"\" class=\"wp-image-240\" style=\"width:468px;height:auto\" \/><\/figure>\n\n\n\n<div class=\"wp-block-columns alignwide is-layout-flex wp-container-core-columns-is-layout-28f84493 wp-block-columns-is-layout-flex\">\n<div class=\"wp-block-column is-layout-flow wp-block-column-is-layout-flow\">\n<p class=\"has-xx-large-font-size\" style=\"text-decoration:underline\">Le Carlin, un chien affectueux pour un ma\u00eetre patient<\/p>\n\n\n\n<p>Le chien carlin, ou \u00ab\u00a0pug\u00a0\u00bb en anglais, est une petite race de chien au caract\u00e8re charmant et \u00e0 l&rsquo;apparence unique. Il poss\u00e8de un corps compact et robuste, avec une t\u00eate ronde et des plis caract\u00e9ristiques sur le visage. Ses yeux, tr\u00e8s expressifs, sont grands et sombres, et ses oreilles sont petites, g\u00e9n\u00e9ralement repli\u00e9es vers l&rsquo;arri\u00e8re. Sa robe, courte et lisse, est souvent de couleur fauve, noir, argent\u00e9 ou bring\u00e9e.<\/p>\n\n\n\n<p>Le carlin est un chien affectueux, joyeux et joueur, appr\u00e9ci\u00e9 pour sa personnalit\u00e9 enjou\u00e9e. C&rsquo;est un excellent compagnon, connu pour \u00eatre fid\u00e8le et sociable avec les enfants et les autres animaux. Malgr\u00e9 sa petite taille, il a une forte personnalit\u00e9 et peut parfois \u00eatre un peu t\u00eatu. Il aime la compagnie et d\u00e9teste \u00eatre laiss\u00e9 seul trop longtemps.<\/p>\n\n\n\n<p>Il faut aussi noter que les carlins ont tendance \u00e0 souffrir de probl\u00e8mes respiratoires en raison de leur nez \u00e9cras\u00e9 (brachyc\u00e9phalie), ce qui n\u00e9cessite parfois une attention particuli\u00e8re \u00e0 leur bien-\u00eatre, notamment pendant les journ\u00e9es chaudes. En d\u00e9pit de cela, ils sont g\u00e9n\u00e9ralement tr\u00e8s adaptables et heureux de vivre en appartement, tant qu&rsquo;ils re\u00e7oivent l&rsquo;attention et les soins dont ils ont besoin.<\/p>\n<\/div>\n<\/div>\n\n\n\n<hr class=\"wp-block-separator has-alpha-channel-opacity\" \/>\n\n\n\n<p class=\"has-xx-large-font-size\">        Informations sur la race<\/p>\n\n\n\n<ul class=\"wp-block-list\">\n<li>Gabarit :\u00a0Petit<\/li>\n\n\n\n<li>Esperance de vie :\u00a0Environ 11 ans<\/li>\n\n\n\n<li>Type de poils :\u00a0Court<\/li>\n\n\n\n<li>Couleur(s) de robe :\u00a0Fauve, Noir, S\u00e9same Noir<\/li>\n\n\n\n<li>Taille M\u00e2le :\u00a030 \u00e0 40 cm<\/li>\n\n\n\n<li>Taille Femelle :\u00a029 \u00e0 36 cm<\/li>\n\n\n\n<li>Poids M\u00e2le :\u00a06 \u00e0 8 kg<\/li>\n\n\n\n<li>Poids Femelle :\u00a06 \u00e0 8 kg<\/li>\n\n\n\n<li>Perte de poils :\u00a0La perte de poils est continue et annuelle. Si cette derni\u00e8re est mod\u00e9r\u00e9e, elle devient intense en p\u00e9riode de mue.<\/li>\n\n\n\n<li>Besoin d&rsquo;exercice :\u00a0Le Carlin doit \u00eatre sorti r\u00e9guli\u00e8rement pour que celui-ci ne souffre pas de surpoids. Un apport important en jeu est \u00e9galement n\u00e9cessaire.<\/li>\n\n\n\n<li>Co\u00fbt mensuel moyen :\u00a030 \u20ac par mois<\/li>\n<\/ul>\n","protected":false},"excerpt":{"rendered":"<p>Le Carlin est un petit chien affectueux, sociable et joueur, reconnu pour son museau \u00e9cras\u00e9 et son expression attachante . Le Carlin, un chien affectueux pour un ma\u00eetre patient Le chien carlin, ou \u00ab\u00a0pug\u00a0\u00bb en anglais, est une petite race de chien au caract\u00e8re charmant et \u00e0 l&rsquo;apparence unique. Il poss\u00e8de un corps compact et [&hellip;]<\/p>\n","protected":false},"author":25,"featured_media":0,"parent":110,"menu_order":0,"comment_status":"closed","ping_status":"closed","template":"","meta":{"footnotes":""},"class_list":["post-122","page","type-page","status-publish","hentry"],"_links":{"self":[{"href":"https:\/\/eleves.escl.fr\/wp2\/monde\/wp-json\/wp\/v2\/pages\/122","targetHints":{"allow":["GET"]}}],"collection":[{"href":"https:\/\/eleves.escl.fr\/wp2\/monde\/wp-json\/wp\/v2\/pages"}],"about":[{"href":"https:\/\/eleves.escl.fr\/wp2\/monde\/wp-json\/wp\/v2\/types\/page"}],"author":[{"embeddable":true,"href":"https:\/\/eleves.escl.fr\/wp2\/monde\/wp-json\/wp\/v2\/users\/25"}],"replies":[{"embeddable":true,"href":"https:\/\/eleves.escl.fr\/wp2\/monde\/wp-json\/wp\/v2\/comments?post=122"}],"version-history":[{"count":3,"href":"https:\/\/eleves.escl.fr\/wp2\/monde\/wp-json\/wp\/v2\/pages\/122\/revisions"}],"predecessor-version":[{"id":241,"href":"https:\/\/eleves.escl.fr\/wp2\/monde\/wp-json\/wp\/v2\/pages\/122\/revisions\/241"}],"up":[{"embeddable":true,"href":"https:\/\/eleves.escl.fr\/wp2\/monde\/wp-json\/wp\/v2\/pages\/110"}],"wp:attachment":[{"href":"https:\/\/eleves.escl.fr\/wp2\/monde\/wp-json\/wp\/v2\/media?parent=122"}],"curies":[{"name":"wp","href":"https:\/\/api.w.org\/{rel}","templated":true}]}}