{"id":54,"date":"2025-01-14T14:34:59","date_gmt":"2025-01-14T13:34:59","guid":{"rendered":"https:\/\/eleves.escl.fr\/wp2\/monde\/?page_id=54"},"modified":"2025-04-08T14:15:11","modified_gmt":"2025-04-08T12:15:11","slug":"le-pitbull","status":"publish","type":"page","link":"https:\/\/eleves.escl.fr\/wp2\/monde\/terrier\/le-pitbull\/","title":{"rendered":"Le Pitbull"},"content":{"rendered":"\n<p><strong>Le Pitbull, souvent mal compris, est un chien loyal et affectueux, pr\u00eat \u00e0 d\u00e9fendre sa famille avec courage et \u00e0 offrir une fid\u00e9lit\u00e9 sans \u00e9gale \u00e0 ceux qui savent voir au-del\u00e0 de son apparence imposante.<\/strong><\/p>\n\n\n\n<figure class=\"wp-block-image alignright size-full is-resized\"><img loading=\"lazy\" decoding=\"async\" width=\"697\" height=\"1010\" src=\"https:\/\/eleves.escl.fr\/wp2\/monde\/wp-content\/uploads\/sites\/8\/2025\/03\/le-pitbull-woopets.png\" alt=\"\" class=\"wp-image-297\" style=\"width:361px;height:auto\" srcset=\"https:\/\/eleves.escl.fr\/wp2\/monde\/wp-content\/uploads\/sites\/8\/2025\/03\/le-pitbull-woopets.png 697w, https:\/\/eleves.escl.fr\/wp2\/monde\/wp-content\/uploads\/sites\/8\/2025\/03\/le-pitbull-woopets-207x300.png 207w\" sizes=\"auto, (max-width: 697px) 100vw, 697px\" \/><\/figure>\n\n\n\n<div class=\"wp-block-columns alignfull is-layout-flex wp-container-core-columns-is-layout-28f84493 wp-block-columns-is-layout-flex\">\n<div class=\"wp-block-column is-layout-flow wp-block-column-is-layout-flow\">\n<p class=\"has-xx-large-font-size\" style=\"text-decoration:underline\">Le Pitbull&nbsp;: un chien victime de la loi et des m\u00e9dias<\/p>\n\n\n\n<p>Le Pitbull, souvent per\u00e7u de mani\u00e8re erron\u00e9e en raison de sa r\u00e9putation, est en r\u00e9alit\u00e9 un chien loyal, affectueux et \u00e9nergique. Cette race, qui inclut plusieurs vari\u00e9t\u00e9s comme l&rsquo;American Pit Bull Terrier, l&rsquo;American Staffordshire Terrier et le Staffordshire Bull Terrier, est originaire des \u00c9tats-Unis et a \u00e9t\u00e9 d\u00e9velopp\u00e9e pour ses capacit\u00e9s physiques et sa d\u00e9termination. Autrefois utilis\u00e9 dans des activit\u00e9s comme les combats de chiens (pratiques d\u00e9sormais ill\u00e9gales), le Pitbull est aujourd&rsquo;hui un compagnon appr\u00e9ci\u00e9 pour sa loyaut\u00e9 et son courage.<\/p>\n\n\n\n<p>D&rsquo;un point de vue physique, le Pitbull est un chien de taille moyenne, muscl\u00e9, avec une carrure robuste qui refl\u00e8te sa force et son agilit\u00e9. Il poss\u00e8de un temp\u00e9rament \u00e9nergique et aime participer \u00e0 des activit\u00e9s physiques. C&rsquo;est un chien intelligent et sensible, qui, lorsqu&rsquo;il est bien \u00e9duqu\u00e9, peut \u00eatre extr\u00eamement sociable, en particulier avec sa famille. Il a un grand besoin d&rsquo;interaction et de stimulation, et sans cela, il peut devenir destructeur ou avoir des comportements probl\u00e9matiques.<\/p>\n\n\n\n<p>Le Pitbull est particuli\u00e8rement connu pour sa fid\u00e9lit\u00e9 et son amour inconditionnel envers ses propri\u00e9taires. Il est souvent tr\u00e8s protecteur, mais il n&rsquo;est pas agressif par nature. Une \u00e9ducation positive, une socialisation pr\u00e9coce et des exercices r\u00e9guliers sont essentiels pour qu&rsquo;un Pitbull devienne un chien \u00e9quilibr\u00e9 et bien comport\u00e9. Il peut \u00eatre tr\u00e8s bien adapt\u00e9 \u00e0 la vie en famille, y compris avec des enfants, \u00e0 condition d&rsquo;\u00eatre bien \u00e9duqu\u00e9 et correctement socialis\u00e9.<\/p>\n\n\n\n<p>En r\u00e9sum\u00e9, le Pitbull est un chien \u00e9nergique, loyal et affectueux, souvent mal jug\u00e9 en raison de st\u00e9r\u00e9otypes. Avec une \u00e9ducation ad\u00e9quate et un environnement stimulant, il peut \u00eatre un excellent compagnon, fid\u00e8le et protecteur, pour les personnes pr\u00eates \u00e0 lui accorder l&rsquo;attention et la discipline dont il a besoin.<\/p>\n<\/div>\n<\/div>\n\n\n\n<hr class=\"wp-block-separator has-alpha-channel-opacity\" \/>\n\n\n\n<p class=\"has-xx-large-font-size\">       Informations sur la race<\/p>\n\n\n\n<ul class=\"wp-block-list\">\n<li>Gabarit :&nbsp;Moyen<\/li>\n\n\n\n<li>Esperance de vie :&nbsp;Entre 11 et 13 ans<\/li>\n\n\n\n<li>Type de poils :&nbsp;Court<\/li>\n\n\n\n<li>Couleur(s) de robe :&nbsp;Fauve, blanche, noire, brune, rouge ou d\u2019autres couleurs<\/li>\n\n\n\n<li>Taille M\u00e2le :&nbsp;De 40 cm \u00e0 50 cm<\/li>\n\n\n\n<li>Taille Femelle :&nbsp;De 40 cm \u00e0 50 cm<\/li>\n\n\n\n<li>Poids M\u00e2le :&nbsp;De 13 kg \u00e0 30 kg<\/li>\n\n\n\n<li>Poids Femelle :&nbsp;De 13 kg \u00e0 28 kg<\/li>\n\n\n\n<li>Perte de poils :&nbsp;Le Pitbull perd peu de poils ; un brossage hebdomadaire est donc suffisant.<\/li>\n\n\n\n<li>Besoin d&rsquo;exercice :&nbsp;Le Pitbull d\u00e9borde d\u2019\u00e9nergie et a besoin de se d\u00e9penser ; une ou plusieurs promenades quotidiennes sont n\u00e9cessaires.<\/li>\n\n\n\n<li>Co\u00fbt mensuel moyen :&nbsp;80\u20ac<\/li>\n<\/ul>\n","protected":false},"excerpt":{"rendered":"<p>Le Pitbull, souvent mal compris, est un chien loyal et affectueux, pr\u00eat \u00e0 d\u00e9fendre sa famille avec courage et \u00e0 offrir une fid\u00e9lit\u00e9 sans \u00e9gale \u00e0 ceux qui savent voir au-del\u00e0 de son apparence imposante. Le Pitbull&nbsp;: un chien victime de la loi et des m\u00e9dias Le Pitbull, souvent per\u00e7u de mani\u00e8re erron\u00e9e en raison [&hellip;]<\/p>\n","protected":false},"author":25,"featured_media":0,"parent":51,"menu_order":0,"comment_status":"closed","ping_status":"closed","template":"","meta":{"footnotes":""},"class_list":["post-54","page","type-page","status-publish","hentry"],"_links":{"self":[{"href":"https:\/\/eleves.escl.fr\/wp2\/monde\/wp-json\/wp\/v2\/pages\/54","targetHints":{"allow":["GET"]}}],"collection":[{"href":"https:\/\/eleves.escl.fr\/wp2\/monde\/wp-json\/wp\/v2\/pages"}],"about":[{"href":"https:\/\/eleves.escl.fr\/wp2\/monde\/wp-json\/wp\/v2\/types\/page"}],"author":[{"embeddable":true,"href":"https:\/\/eleves.escl.fr\/wp2\/monde\/wp-json\/wp\/v2\/users\/25"}],"replies":[{"embeddable":true,"href":"https:\/\/eleves.escl.fr\/wp2\/monde\/wp-json\/wp\/v2\/comments?post=54"}],"version-history":[{"count":3,"href":"https:\/\/eleves.escl.fr\/wp2\/monde\/wp-json\/wp\/v2\/pages\/54\/revisions"}],"predecessor-version":[{"id":325,"href":"https:\/\/eleves.escl.fr\/wp2\/monde\/wp-json\/wp\/v2\/pages\/54\/revisions\/325"}],"up":[{"embeddable":true,"href":"https:\/\/eleves.escl.fr\/wp2\/monde\/wp-json\/wp\/v2\/pages\/51"}],"wp:attachment":[{"href":"https:\/\/eleves.escl.fr\/wp2\/monde\/wp-json\/wp\/v2\/media?parent=54"}],"curies":[{"name":"wp","href":"https:\/\/api.w.org\/{rel}","templated":true}]}}