{"id":63,"date":"2025-01-14T14:36:48","date_gmt":"2025-01-14T13:36:48","guid":{"rendered":"https:\/\/eleves.escl.fr\/wp2\/monde\/?page_id=63"},"modified":"2025-04-08T14:14:42","modified_gmt":"2025-04-08T12:14:42","slug":"jack-russel","status":"publish","type":"page","link":"https:\/\/eleves.escl.fr\/wp2\/monde\/terrier\/jack-russel\/","title":{"rendered":"Jack Russel"},"content":{"rendered":"\n<p><strong>Le Jack Russell, petit chien au caract\u00e8re de feu, d\u00e9borde d&rsquo;\u00e9nergie, de curiosit\u00e9 et d&rsquo;affection, pr\u00eat \u00e0 conqu\u00e9rir votre c\u0153ur et \u00e0 \u00e9gayer vos journ\u00e9es !<\/strong><\/p>\n\n\n\n<figure class=\"wp-block-image alignright size-full is-resized\"><img loading=\"lazy\" decoding=\"async\" width=\"714\" height=\"938\" src=\"https:\/\/eleves.escl.fr\/wp2\/monde\/wp-content\/uploads\/sites\/8\/2025\/03\/jack-russel-autour-des-animaux.png\" alt=\"\" class=\"wp-image-294\" style=\"width:348px;height:auto\" srcset=\"https:\/\/eleves.escl.fr\/wp2\/monde\/wp-content\/uploads\/sites\/8\/2025\/03\/jack-russel-autour-des-animaux.png 714w, https:\/\/eleves.escl.fr\/wp2\/monde\/wp-content\/uploads\/sites\/8\/2025\/03\/jack-russel-autour-des-animaux-228x300.png 228w\" sizes=\"auto, (max-width: 714px) 100vw, 714px\" \/><\/figure>\n\n\n\n<div class=\"wp-block-columns alignfull is-layout-flex wp-container-core-columns-is-layout-28f84493 wp-block-columns-is-layout-flex\">\n<div class=\"wp-block-column is-layout-flow wp-block-column-is-layout-flow\">\n<p class=\"has-xx-large-font-size\" style=\"text-decoration:underline\">Le Jack Russell, petit chien \u00e9nergique \u00e0 \u00e9duquer<\/p>\n\n\n\n<p class=\"has-large-font-size\">Le Jack Russell Terrier est une petite race de chien dynamique, vive et pleine de caract\u00e8re. Originaire d&rsquo;Angleterre, il a \u00e9t\u00e9 initialement \u00e9lev\u00e9 pour la chasse, notamment pour traquer les renards. Sa petite taille (environ 25 cm au garrot) et son \u00e9nergie d\u00e9bordante en font un compagnon agile et toujours pr\u00eat \u00e0 l&rsquo;aventure. Il poss\u00e8de un pelage court, lisse ou \u00e0 poils durs, g\u00e9n\u00e9ralement blanc avec des taches noires ou brunes.<\/p>\n\n\n\n<p class=\"has-large-font-size\">Le Jack Russell est un chien tr\u00e8s intelligent et curieux, avec un fort instinct de chasseur. Bien qu&rsquo;il soit affectueux envers sa famille, il peut parfois \u00eatre ind\u00e9pendant et t\u00eatu, ce qui n\u00e9cessite une \u00e9ducation ferme et coh\u00e9rente d\u00e8s son jeune \u00e2ge. Son temp\u00e9rament \u00e9nergique le pousse \u00e0 \u00eatre tr\u00e8s actif, et il a besoin de beaucoup d&rsquo;exercice pour \u00e9viter l&rsquo;ennui et l&rsquo;anxi\u00e9t\u00e9.<\/p>\n\n\n\n<p class=\"has-large-font-size\">C&rsquo;est un chien qui s&rsquo;adapte bien \u00e0 la vie en appartement, tant qu&rsquo;il re\u00e7oit suffisamment de stimulation mentale et physique. Le Jack Russell s&rsquo;entend g\u00e9n\u00e9ralement bien avec les enfants et peut cohabiter avec d&rsquo;autres animaux s&rsquo;il est bien socialis\u00e9. Cependant, en raison de son instinct de chasseur, il peut avoir tendance \u00e0 poursuivre de petits animaux.<\/p>\n\n\n\n<p class=\"has-large-font-size\">En r\u00e9sum\u00e9, le Jack Russell Terrier est un chien plein de vie, intelligent et affectueux, mais qui a besoin de propri\u00e9taires actifs et exp\u00e9riment\u00e9s capables de r\u00e9pondre \u00e0 ses besoins en mati\u00e8re d&rsquo;exercice et de stimulation mentale. C&rsquo;est un compagnon id\u00e9al pour les personnes pr\u00eates \u00e0 lui offrir une vie dynamique et enrichissante.<\/p>\n<\/div>\n<\/div>\n\n\n\n<hr class=\"wp-block-separator has-alpha-channel-opacity\" \/>\n\n\n\n<p class=\"has-xx-large-font-size\">     Informations sur la race<\/p>\n\n\n\n<ul class=\"wp-block-list\">\n<li>Gabarit :&nbsp;Petit<\/li>\n\n\n\n<li>Esperance de vie :&nbsp;Environ 14 ans<\/li>\n\n\n\n<li>Type de poils :&nbsp;Court<\/li>\n\n\n\n<li>Couleur(s) de robe :&nbsp;Blanc, Fauve, Noir<\/li>\n\n\n\n<li>Taille M\u00e2le :&nbsp;25 \u00e0 35 cm<\/li>\n\n\n\n<li>Taille Femelle :&nbsp;25 \u00e0 35 cm<\/li>\n\n\n\n<li>Poids M\u00e2le :&nbsp;5 \u00e0 8 kg<\/li>\n\n\n\n<li>Poids Femelle :&nbsp;5 \u00e0 8 kg<\/li>\n\n\n\n<li>Perte de poils :&nbsp;La perte de poils est assez importante et s\u2019intensifie en p\u00e9riode de mue.<\/li>\n\n\n\n<li>Besoin d&rsquo;exercice :&nbsp;Tr\u00e8s endurant et dynamique, le Jack Russell a besoin d\u2019\u00e9norm\u00e9ment d\u2019activit\u00e9s sportives. De longues balades quotidiennes sont donc conseill\u00e9es. Il est \u00e9galement conseill\u00e9 de travailler son mental en lui proposant des activit\u00e9s sp\u00e9cifiques comme le pistage ou l\u2019agility.<\/li>\n\n\n\n<li>Co\u00fbt mensuel moyen :&nbsp;Environ 20 \u20ac par mois<\/li>\n<\/ul>\n","protected":false},"excerpt":{"rendered":"<p>Le Jack Russell, petit chien au caract\u00e8re de feu, d\u00e9borde d&rsquo;\u00e9nergie, de curiosit\u00e9 et d&rsquo;affection, pr\u00eat \u00e0 conqu\u00e9rir votre c\u0153ur et \u00e0 \u00e9gayer vos journ\u00e9es ! Le Jack Russell, petit chien \u00e9nergique \u00e0 \u00e9duquer Le Jack Russell Terrier est une petite race de chien dynamique, vive et pleine de caract\u00e8re. Originaire d&rsquo;Angleterre, il a \u00e9t\u00e9 [&hellip;]<\/p>\n","protected":false},"author":25,"featured_media":0,"parent":51,"menu_order":0,"comment_status":"closed","ping_status":"closed","template":"","meta":{"footnotes":""},"class_list":["post-63","page","type-page","status-publish","hentry"],"_links":{"self":[{"href":"https:\/\/eleves.escl.fr\/wp2\/monde\/wp-json\/wp\/v2\/pages\/63","targetHints":{"allow":["GET"]}}],"collection":[{"href":"https:\/\/eleves.escl.fr\/wp2\/monde\/wp-json\/wp\/v2\/pages"}],"about":[{"href":"https:\/\/eleves.escl.fr\/wp2\/monde\/wp-json\/wp\/v2\/types\/page"}],"author":[{"embeddable":true,"href":"https:\/\/eleves.escl.fr\/wp2\/monde\/wp-json\/wp\/v2\/users\/25"}],"replies":[{"embeddable":true,"href":"https:\/\/eleves.escl.fr\/wp2\/monde\/wp-json\/wp\/v2\/comments?post=63"}],"version-history":[{"count":3,"href":"https:\/\/eleves.escl.fr\/wp2\/monde\/wp-json\/wp\/v2\/pages\/63\/revisions"}],"predecessor-version":[{"id":324,"href":"https:\/\/eleves.escl.fr\/wp2\/monde\/wp-json\/wp\/v2\/pages\/63\/revisions\/324"}],"up":[{"embeddable":true,"href":"https:\/\/eleves.escl.fr\/wp2\/monde\/wp-json\/wp\/v2\/pages\/51"}],"wp:attachment":[{"href":"https:\/\/eleves.escl.fr\/wp2\/monde\/wp-json\/wp\/v2\/media?parent=63"}],"curies":[{"name":"wp","href":"https:\/\/api.w.org\/{rel}","templated":true}]}}