{"id":83,"date":"2025-01-14T14:46:12","date_gmt":"2025-01-14T13:46:12","guid":{"rendered":"https:\/\/eleves.escl.fr\/wp2\/monde\/?page_id=83"},"modified":"2025-04-08T14:06:02","modified_gmt":"2025-04-08T12:06:02","slug":"le-chien-du-pharaon","status":"publish","type":"page","link":"https:\/\/eleves.escl.fr\/wp2\/monde\/chien-primitifs\/le-chien-du-pharaon\/","title":{"rendered":"Le Chien du Pharaon"},"content":{"rendered":"\n<p><strong>Le chien du pharaon, myst\u00e9rieux et majestueux, veille silencieusement sur les secrets anciens de l&rsquo;\u00c9gypte, t\u00e9moin fid\u00e8le d&rsquo;une \u00e9poque o\u00f9 chaque regard portait une l\u00e9gende.<\/strong><\/p>\n\n\n\n<figure class=\"wp-block-image alignright size-full is-resized\"><img loading=\"lazy\" decoding=\"async\" width=\"1007\" height=\"965\" src=\"https:\/\/eleves.escl.fr\/wp2\/monde\/wp-content\/uploads\/sites\/8\/2025\/03\/le-chien-du-pharaon-bulle-bleu.png\" alt=\"\" class=\"wp-image-261\" style=\"width:309px;height:auto\" srcset=\"https:\/\/eleves.escl.fr\/wp2\/monde\/wp-content\/uploads\/sites\/8\/2025\/03\/le-chien-du-pharaon-bulle-bleu.png 1007w, https:\/\/eleves.escl.fr\/wp2\/monde\/wp-content\/uploads\/sites\/8\/2025\/03\/le-chien-du-pharaon-bulle-bleu-300x287.png 300w, https:\/\/eleves.escl.fr\/wp2\/monde\/wp-content\/uploads\/sites\/8\/2025\/03\/le-chien-du-pharaon-bulle-bleu-768x736.png 768w\" sizes=\"auto, (max-width: 1007px) 100vw, 1007px\" \/><\/figure>\n\n\n\n<div class=\"wp-block-columns alignfull is-layout-flex wp-container-core-columns-is-layout-28f84493 wp-block-columns-is-layout-flex\">\n<div class=\"wp-block-column is-layout-flow wp-block-column-is-layout-flow\">\n<p class=\"has-xx-large-font-size\" style=\"text-decoration:underline\">Le Chien du Pharaon, un chien actif et attentif<\/p>\n\n\n\n<p><em>Le Chien du Pharaon<\/em> est un roman policier de l&rsquo;\u00e9crivain anglais <em>Arthur Conan Doyle<\/em>, mettant en sc\u00e8ne son c\u00e9l\u00e8bre d\u00e9tective Sherlock Holmes et son fid\u00e8le ami, le Dr Watson. L&rsquo;histoire d\u00e9bute avec la d\u00e9couverte d&rsquo;une \u00e9trange statuette \u00e9gyptienne et une s\u00e9rie de meurtres myst\u00e9rieux li\u00e9s \u00e0 une mal\u00e9diction. Un ancien artefact, un chien \u00e9gyptien sculpt\u00e9 dans du jade, semble \u00eatre au c\u0153ur de l&rsquo;\u00e9nigme.<\/p>\n\n\n\n<p>Le d\u00e9tective Sherlock Holmes et Watson enqu\u00eatent sur ces \u00e9v\u00e9nements, confrontant superstition et raison. La l\u00e9gende du chien, qui aurait \u00e9t\u00e9 li\u00e9 \u00e0 une mal\u00e9diction funeste sur ses propri\u00e9taires, ajoute une dimension surnaturelle \u00e0 l&rsquo;affaire. Finalement, Holmes d\u00e9mystifie l&rsquo;affaire et r\u00e9v\u00e8le que les meurtres ont une explication bien plus terre-\u00e0-terre que ce que l\u2019on pourrait imaginer.<\/p>\n\n\n\n<p>L&rsquo;\u0153uvre m\u00eale habilement myst\u00e8re, culture \u00e9gyptienne et logique implacable de Holmes, offrant un suspense captivant.<\/p>\n<\/div>\n<\/div>\n\n\n\n<hr class=\"wp-block-separator has-alpha-channel-opacity\" \/>\n\n\n\n<p class=\"has-xx-large-font-size\">Informations sur la race<\/p>\n\n\n\n<ul class=\"wp-block-list\">\n<li>Gabarit :&nbsp;Grand<\/li>\n\n\n\n<li>Esperance de vie :&nbsp;De 11 \u00e0 14 ans<\/li>\n\n\n\n<li>Type de poils :&nbsp;Court, brillant, fin et dur<\/li>\n\n\n\n<li>Couleur(s) de robe :&nbsp;Rouge brun \u00e0 rouge brun fonc\u00e9<\/li>\n\n\n\n<li>Taille M\u00e2le :&nbsp;De 55 \u00e0 63 cm<\/li>\n\n\n\n<li>Taille Femelle :&nbsp;De 53 \u00e0 61 cm<\/li>\n\n\n\n<li>Poids M\u00e2le :&nbsp;De 18 \u00e0 27 kg<\/li>\n\n\n\n<li>Poids Femelle :&nbsp;De 18 \u00e0 27 kg<\/li>\n\n\n\n<li>Perte de poils :&nbsp;Le chien du Pharaon perd tr\u00e8s peu de poil et est facile \u00e0 entretenir.<\/li>\n\n\n\n<li>Besoin d&rsquo;exercice :&nbsp;Le chien de Pharaon est un grand sportif, comme tous les l\u00e9vriers. Il lui faut beaucoup d\u2019exercices physiques et des stimulations mentales pour rester \u00e9quilibr\u00e9. Ce besoin peut \u00eatre satisfait avec des balades quotidiennes et des activit\u00e9s qui le font courir : v\u00e9lo, jogging, canicross, etc.<\/li>\n\n\n\n<li>Co\u00fbt mensuel moyen :&nbsp;Environ 60 \u20ac par mois<\/li>\n<\/ul>\n","protected":false},"excerpt":{"rendered":"<p>Le chien du pharaon, myst\u00e9rieux et majestueux, veille silencieusement sur les secrets anciens de l&rsquo;\u00c9gypte, t\u00e9moin fid\u00e8le d&rsquo;une \u00e9poque o\u00f9 chaque regard portait une l\u00e9gende. Le Chien du Pharaon, un chien actif et attentif Le Chien du Pharaon est un roman policier de l&rsquo;\u00e9crivain anglais Arthur Conan Doyle, mettant en sc\u00e8ne son c\u00e9l\u00e8bre d\u00e9tective Sherlock [&hellip;]<\/p>\n","protected":false},"author":25,"featured_media":0,"parent":75,"menu_order":0,"comment_status":"closed","ping_status":"closed","template":"","meta":{"footnotes":""},"class_list":["post-83","page","type-page","status-publish","hentry"],"_links":{"self":[{"href":"https:\/\/eleves.escl.fr\/wp2\/monde\/wp-json\/wp\/v2\/pages\/83","targetHints":{"allow":["GET"]}}],"collection":[{"href":"https:\/\/eleves.escl.fr\/wp2\/monde\/wp-json\/wp\/v2\/pages"}],"about":[{"href":"https:\/\/eleves.escl.fr\/wp2\/monde\/wp-json\/wp\/v2\/types\/page"}],"author":[{"embeddable":true,"href":"https:\/\/eleves.escl.fr\/wp2\/monde\/wp-json\/wp\/v2\/users\/25"}],"replies":[{"embeddable":true,"href":"https:\/\/eleves.escl.fr\/wp2\/monde\/wp-json\/wp\/v2\/comments?post=83"}],"version-history":[{"count":3,"href":"https:\/\/eleves.escl.fr\/wp2\/monde\/wp-json\/wp\/v2\/pages\/83\/revisions"}],"predecessor-version":[{"id":313,"href":"https:\/\/eleves.escl.fr\/wp2\/monde\/wp-json\/wp\/v2\/pages\/83\/revisions\/313"}],"up":[{"embeddable":true,"href":"https:\/\/eleves.escl.fr\/wp2\/monde\/wp-json\/wp\/v2\/pages\/75"}],"wp:attachment":[{"href":"https:\/\/eleves.escl.fr\/wp2\/monde\/wp-json\/wp\/v2\/media?parent=83"}],"curies":[{"name":"wp","href":"https:\/\/api.w.org\/{rel}","templated":true}]}}