{"id":98,"date":"2025-01-14T14:49:06","date_gmt":"2025-01-14T13:49:06","guid":{"rendered":"https:\/\/eleves.escl.fr\/wp2\/monde\/?page_id=98"},"modified":"2025-03-11T13:36:50","modified_gmt":"2025-03-11T12:36:50","slug":"beagle","status":"publish","type":"page","link":"https:\/\/eleves.escl.fr\/wp2\/monde\/chien-de-chasses\/beagle\/","title":{"rendered":"Beagle"},"content":{"rendered":"\n<p><strong>Le Beagle est un chien de taille moyenne, dynamique et curieux, connu pour son flair exceptionnel et sa nature amicale.<\/strong><\/p>\n\n\n\n<figure class=\"wp-block-image alignright size-full is-resized\"><img loading=\"lazy\" decoding=\"async\" width=\"874\" height=\"879\" src=\"https:\/\/eleves.escl.fr\/wp2\/monde\/wp-content\/uploads\/sites\/8\/2025\/02\/Beagle-purina-.png\" alt=\"\" class=\"wp-image-206\" style=\"width:417px;height:auto\" srcset=\"https:\/\/eleves.escl.fr\/wp2\/monde\/wp-content\/uploads\/sites\/8\/2025\/02\/Beagle-purina-.png 874w, https:\/\/eleves.escl.fr\/wp2\/monde\/wp-content\/uploads\/sites\/8\/2025\/02\/Beagle-purina--298x300.png 298w, https:\/\/eleves.escl.fr\/wp2\/monde\/wp-content\/uploads\/sites\/8\/2025\/02\/Beagle-purina--150x150.png 150w, https:\/\/eleves.escl.fr\/wp2\/monde\/wp-content\/uploads\/sites\/8\/2025\/02\/Beagle-purina--768x772.png 768w\" sizes=\"auto, (max-width: 874px) 100vw, 874px\" \/><\/figure>\n\n\n\n<div class=\"wp-block-columns alignfull is-layout-flex wp-container-core-columns-is-layout-28f84493 wp-block-columns-is-layout-flex\">\n<div class=\"wp-block-column is-layout-flow wp-block-column-is-layout-flow\">\n<p class=\"has-xx-large-font-size\" style=\"text-decoration:underline\">Le Beagle, un chien qui aime \u00eatre entour\u00e9<\/p>\n\n\n\n<p>Le Beagle est un chien de taille moyenne, \u00e9nergique et sociable, connu pour son excellent sens de l&rsquo;odorat. \u00c0 l&rsquo;origine \u00e9lev\u00e9 pour la chasse, il excelle dans la d\u00e9tection des odeurs. Ce chien est tr\u00e8s amical, il s&rsquo;entend bien avec les enfants et les autres animaux, ce qui en fait un excellent compagnon familial. Le Beagle est aussi un chien curieux et actif qui a besoin de beaucoup d&rsquo;exercice et de stimulation mentale pour \u00e9viter l&rsquo;ennui. Sa nature joyeuse et sa fid\u00e9lit\u00e9 en font un ami fid\u00e8le et agr\u00e9able au quotidien.<\/p>\n<\/div>\n<\/div>\n\n\n\n<hr class=\"wp-block-separator has-alpha-channel-opacity\" \/>\n\n\n\n<p class=\"has-text-align-center has-x-large-font-size\">Informations sur la race <\/p>\n\n\n\n<ul class=\"wp-block-list\">\n<li>Gabarit :&nbsp;Moyen<\/li>\n\n\n\n<li>Esperance de vie :&nbsp;Environ 12 ans<\/li>\n\n\n\n<li>Type de poils :&nbsp;Court<\/li>\n\n\n\n<li>Couleur(s) de robe :&nbsp;Blanc, Fauve, Noir<\/li>\n\n\n\n<li>Taille M\u00e2le :&nbsp;33 \u00e0 41 cm<\/li>\n\n\n\n<li>Taille Femelle :&nbsp;30 \u00e0 40 cm<\/li>\n\n\n\n<li>Poids M\u00e2le :&nbsp;13 \u00e0 18 kg<\/li>\n\n\n\n<li>Poids Femelle :&nbsp;12 \u00e0 17 kg<\/li>\n\n\n\n<li>Perte de poils :&nbsp;La perte de poils chez le Beagle est annuelle, mais reste tr\u00e8s mod\u00e9r\u00e9e. Lors des p\u00e9riodes de mue, un brossage permet d\u2019enlever efficacement les poils morts.<\/li>\n\n\n\n<li>Besoin d&rsquo;exercice :&nbsp;Chien de chasse, le Beagle a besoin d\u2019exercice journalier. Il faut \u00e9galement qu\u2019il se d\u00e9pense mentalement. Tr\u00e8s bon renifleur, il excelle dans le pistage.<\/li>\n\n\n\n<li>Co\u00fbt mensuel moyen :&nbsp;Environ 30 \u20ac par mois<\/li>\n<\/ul>\n","protected":false},"excerpt":{"rendered":"<p>Le Beagle est un chien de taille moyenne, dynamique et curieux, connu pour son flair exceptionnel et sa nature amicale. Le Beagle, un chien qui aime \u00eatre entour\u00e9 Le Beagle est un chien de taille moyenne, \u00e9nergique et sociable, connu pour son excellent sens de l&rsquo;odorat. \u00c0 l&rsquo;origine \u00e9lev\u00e9 pour la chasse, il excelle dans [&hellip;]<\/p>\n","protected":false},"author":25,"featured_media":0,"parent":92,"menu_order":0,"comment_status":"closed","ping_status":"closed","template":"","meta":{"footnotes":""},"class_list":["post-98","page","type-page","status-publish","hentry"],"_links":{"self":[{"href":"https:\/\/eleves.escl.fr\/wp2\/monde\/wp-json\/wp\/v2\/pages\/98","targetHints":{"allow":["GET"]}}],"collection":[{"href":"https:\/\/eleves.escl.fr\/wp2\/monde\/wp-json\/wp\/v2\/pages"}],"about":[{"href":"https:\/\/eleves.escl.fr\/wp2\/monde\/wp-json\/wp\/v2\/types\/page"}],"author":[{"embeddable":true,"href":"https:\/\/eleves.escl.fr\/wp2\/monde\/wp-json\/wp\/v2\/users\/25"}],"replies":[{"embeddable":true,"href":"https:\/\/eleves.escl.fr\/wp2\/monde\/wp-json\/wp\/v2\/comments?post=98"}],"version-history":[{"count":4,"href":"https:\/\/eleves.escl.fr\/wp2\/monde\/wp-json\/wp\/v2\/pages\/98\/revisions"}],"predecessor-version":[{"id":215,"href":"https:\/\/eleves.escl.fr\/wp2\/monde\/wp-json\/wp\/v2\/pages\/98\/revisions\/215"}],"up":[{"embeddable":true,"href":"https:\/\/eleves.escl.fr\/wp2\/monde\/wp-json\/wp\/v2\/pages\/92"}],"wp:attachment":[{"href":"https:\/\/eleves.escl.fr\/wp2\/monde\/wp-json\/wp\/v2\/media?parent=98"}],"curies":[{"name":"wp","href":"https:\/\/api.w.org\/{rel}","templated":true}]}}