{"id":104,"date":"2026-03-23T20:52:30","date_gmt":"2026-03-23T19:52:30","guid":{"rendered":"https:\/\/eleves.escl.fr\/wp2\/musique\/?page_id=104"},"modified":"2026-03-23T20:52:30","modified_gmt":"2026-03-23T19:52:30","slug":"parlons-hip-pop","status":"publish","type":"page","link":"https:\/\/eleves.escl.fr\/wp2\/musique\/parlons-hip-pop\/","title":{"rendered":"PARLONS HIP-POP"},"content":{"rendered":"\n<div class=\"wp-block-group alignfull is-layout-flow wp-container-core-group-is-layout-f9cb6abc wp-block-group-is-layout-flow\" style=\"margin-top:0;margin-bottom:0\">\n<div class=\"wp-block-columns alignfull is-not-stacked-on-mobile is-layout-flex wp-container-core-columns-is-layout-e154fb6a wp-block-columns-is-layout-flex\" style=\"margin-top:0;margin-bottom:0;padding-top:var(--wp--preset--spacing--40);padding-right:var(--wp--preset--spacing--40);padding-bottom:var(--wp--preset--spacing--80);padding-left:var(--wp--preset--spacing--40)\">\n<div class=\"wp-block-column is-layout-flow wp-block-column-is-layout-flow\" style=\"flex-basis:66.66%\">\n<div class=\"wp-block-group is-vertical is-content-justification-stretch is-layout-flex wp-container-core-group-is-layout-7e003bba wp-block-group-is-layout-flex\">\n<h2 class=\"wp-block-heading has-xx-large-font-size\">\u00ab&nbsp;Le Hip-Pop&nbsp;\u00bb<\/h2>\n\n\n\n<p class=\"has-x-large-font-size\">Ce style de musique est n\u00e9 dans les ann\u00e9es 1970 \u00e0 News York plus pr\u00e9cis\u00e9ment dans le quartier du Bronx. Ce mouvement culturel est le fruit d\u2019un m\u00e9lange de diverse influences musicales dont le Funk, la Soul, le Reggae, l\u2019Electro mais \u00e9galement le fruitd\u2019un m\u00e9lange culturel avec les traditions afro-am\u00e9ricaines. Ses instruments son les platines, le synth\u00e9tiseur, la bo\u00eete \u00e0 rythme, la batterie, la guitare, la basse, le piano, le beatboxing et bien \u00e9videmment la voix. <\/p>\n\n\n\n<figure class=\"wp-block-embed is-type-rich is-provider-spotify wp-block-embed-spotify wp-embed-aspect-21-9 wp-has-aspect-ratio\"><div class=\"wp-block-embed__wrapper\">\n<iframe title=\"Spotify Embed: Good Times\" style=\"border-radius: 12px\" width=\"100%\" height=\"152\" frameborder=\"0\" allowfullscreen allow=\"autoplay; clipboard-write; encrypted-media; fullscreen; picture-in-picture\" loading=\"lazy\" src=\"https:\/\/open.spotify.com\/embed\/track\/0G3fbPbE1vGeABDEZF0jeG?si=a7235d98448c4a07&amp;utm_source=oembed\"><\/iframe>\n<\/div><\/figure>\n\n\n\n<div style=\"height:489px\" aria-hidden=\"true\" class=\"wp-block-spacer wp-container-content-46df0134\"><\/div>\n\n\n\n<figure class=\"wp-block-embed is-type-rich is-provider-spotify wp-block-embed-spotify wp-embed-aspect-21-9 wp-has-aspect-ratio\"><div class=\"wp-block-embed__wrapper\">\n<iframe title=\"Spotify Embed: Parents Just Don&amp;apos;t Understand\" style=\"border-radius: 12px\" width=\"100%\" height=\"152\" frameborder=\"0\" allowfullscreen allow=\"autoplay; clipboard-write; encrypted-media; fullscreen; picture-in-picture\" loading=\"lazy\" src=\"https:\/\/open.spotify.com\/embed\/track\/4vEWRakctkzouRwOeR6BRQ?si=422ed418224346d3&amp;utm_source=oembed\"><\/iframe>\n<\/div><\/figure>\n<\/div>\n<\/div>\n\n\n\n<div class=\"wp-block-column is-layout-flow wp-block-column-is-layout-flow\">\n<blockquote class=\"wp-block-quote has-accent-5-color has-contrast-background-color has-text-color has-background has-link-color wp-elements-abfddde53efee4948ad00c0ffd3d9467 is-layout-flow wp-block-quote-is-layout-flow\">\n<p>Les variantes<\/p>\n\n\n\n<p><a href=\"https:\/\/fr.wikipedia.org\/wiki\/Hip-hop_alternatif\">Hip-hop alternatif<\/a>,&nbsp;<a href=\"https:\/\/fr.wikipedia.org\/wiki\/Hip-hop_chr%C3%A9tien\">hip-hop chr\u00e9tien<\/a>,&nbsp;<a href=\"https:\/\/fr.wikipedia.org\/wiki\/Rap_politique\">rap politique<\/a>,&nbsp;<a href=\"https:\/\/fr.wikipedia.org\/wiki\/Hip-hop_exp%C3%A9rimental\">hip-hop exp\u00e9rimental<\/a>,&nbsp;<a href=\"https:\/\/fr.wikipedia.org\/wiki\/Gangsta_rap\">gangsta rap<\/a>,&nbsp;<a href=\"https:\/\/fr.wikipedia.org\/wiki\/Rap_hardcore\">rap hardcore<\/a>,&nbsp;<a href=\"https:\/\/fr.wikipedia.org\/wiki\/Horrorcore\">horrorcore<\/a>,&nbsp;<a href=\"https:\/\/fr.wikipedia.org\/wiki\/Nerdcore\">nerdcore<\/a>,&nbsp;<a href=\"https:\/\/fr.wikipedia.org\/wiki\/Cloud_rap\">cloud rap<\/a>,&nbsp;<a href=\"https:\/\/fr.wikipedia.org\/wiki\/Mumble_rap\">mumble rap<\/a>,<a href=\"https:\/\/fr.wikipedia.org\/wiki\/Breakbeat\">Breakbeat<\/a>,&nbsp;<a href=\"https:\/\/fr.wikipedia.org\/wiki\/Jungle_(musique)\">oldschool jungle<\/a>,&nbsp;<a href=\"https:\/\/fr.wikipedia.org\/wiki\/Drum_and_bass\">drum and bass<\/a>,&nbsp;<a href=\"https:\/\/fr.wikipedia.org\/wiki\/Trip_hop\">trip hop<\/a>,&nbsp;<a href=\"https:\/\/fr.wikipedia.org\/wiki\/Grime\">grime<\/a>,&nbsp;<a href=\"https:\/\/fr.wikipedia.org\/wiki\/Breakbeat_hardcore\">breakbeat hardcore<\/a>,&nbsp;<a href=\"https:\/\/fr.wikipedia.org\/wiki\/Neo_soul\">neo soul<\/a>,&nbsp;<a href=\"https:\/\/fr.wikipedia.org\/wiki\/Big_beat\">big beat<\/a>,&nbsp;<a href=\"https:\/\/fr.wikipedia.org\/wiki\/Trap_(musique)\">trap<\/a><\/p>\n<\/blockquote>\n\n\n\n<div class=\"wp-block-cover\"><img loading=\"lazy\" decoding=\"async\" width=\"768\" height=\"1024\" class=\"wp-block-cover__image-background wp-image-180 size-large\" alt=\"\" src=\"https:\/\/eleves.escl.fr\/wp2\/musique\/wp-content\/uploads\/sites\/29\/2026\/03\/IMG_0573-768x1024.jpeg\" data-object-fit=\"cover\" srcset=\"https:\/\/eleves.escl.fr\/wp2\/musique\/wp-content\/uploads\/sites\/29\/2026\/03\/IMG_0573-768x1023.jpeg 768w, https:\/\/eleves.escl.fr\/wp2\/musique\/wp-content\/uploads\/sites\/29\/2026\/03\/IMG_0573-225x300.jpeg 225w, https:\/\/eleves.escl.fr\/wp2\/musique\/wp-content\/uploads\/sites\/29\/2026\/03\/IMG_0573-1153x1536.jpeg 1153w, https:\/\/eleves.escl.fr\/wp2\/musique\/wp-content\/uploads\/sites\/29\/2026\/03\/IMG_0573.jpeg 1200w\" sizes=\"auto, (max-width: 768px) 100vw, 768px\" \/><span aria-hidden=\"true\" class=\"wp-block-cover__background has-background-dim-0 has-background-dim\" style=\"background-color:#7f6e50\"><\/span><div class=\"wp-block-cover__inner-container is-layout-flow wp-block-cover-is-layout-flow\">\n<div style=\"height:var(--wp--preset--spacing--20)\" aria-hidden=\"true\" class=\"wp-block-spacer\"><\/div>\n<\/div><\/div>\n\n\n\n<p><strong><em>ARTISTE ASSOCIER:<\/em><\/strong><\/p>\n\n\n\n<p>\u00b0KENDRICK LAMAR<\/p>\n\n\n\n<p>\u00b0WILL SMITH<\/p>\n\n\n\n<p>\u00b0DRAKE<\/p>\n\n\n\n<p>\u00b0FAT JOE<\/p>\n<\/div>\n<\/div>\n<\/div>\n","protected":false},"excerpt":{"rendered":"<p>\u00ab&nbsp;Le Hip-Pop&nbsp;\u00bb Ce style de musique est n\u00e9 dans les ann\u00e9es 1970 \u00e0 News York plus pr\u00e9cis\u00e9ment dans le quartier du Bronx. Ce mouvement culturel est le fruit d\u2019un m\u00e9lange de diverse influences musicales dont le Funk, la Soul, le Reggae, l\u2019Electro mais \u00e9galement le fruitd\u2019un m\u00e9lange culturel avec les traditions afro-am\u00e9ricaines. Ses instruments son [&hellip;]<\/p>\n","protected":false},"author":48,"featured_media":0,"parent":0,"menu_order":0,"comment_status":"closed","ping_status":"closed","template":"","meta":{"footnotes":""},"class_list":["post-104","page","type-page","status-publish","hentry"],"_links":{"self":[{"href":"https:\/\/eleves.escl.fr\/wp2\/musique\/wp-json\/wp\/v2\/pages\/104","targetHints":{"allow":["GET"]}}],"collection":[{"href":"https:\/\/eleves.escl.fr\/wp2\/musique\/wp-json\/wp\/v2\/pages"}],"about":[{"href":"https:\/\/eleves.escl.fr\/wp2\/musique\/wp-json\/wp\/v2\/types\/page"}],"author":[{"embeddable":true,"href":"https:\/\/eleves.escl.fr\/wp2\/musique\/wp-json\/wp\/v2\/users\/48"}],"replies":[{"embeddable":true,"href":"https:\/\/eleves.escl.fr\/wp2\/musique\/wp-json\/wp\/v2\/comments?post=104"}],"version-history":[{"count":4,"href":"https:\/\/eleves.escl.fr\/wp2\/musique\/wp-json\/wp\/v2\/pages\/104\/revisions"}],"predecessor-version":[{"id":181,"href":"https:\/\/eleves.escl.fr\/wp2\/musique\/wp-json\/wp\/v2\/pages\/104\/revisions\/181"}],"wp:attachment":[{"href":"https:\/\/eleves.escl.fr\/wp2\/musique\/wp-json\/wp\/v2\/media?parent=104"}],"curies":[{"name":"wp","href":"https:\/\/api.w.org\/{rel}","templated":true}]}}