{"id":89,"date":"2026-03-23T21:04:30","date_gmt":"2026-03-23T20:04:30","guid":{"rendered":"https:\/\/eleves.escl.fr\/wp2\/musique\/?page_id=89"},"modified":"2026-03-23T21:04:30","modified_gmt":"2026-03-23T20:04:30","slug":"parlons-techno","status":"publish","type":"page","link":"https:\/\/eleves.escl.fr\/wp2\/musique\/parlons-techno\/","title":{"rendered":"PARLONS TECHNO"},"content":{"rendered":"\n<div class=\"wp-block-group alignfull is-layout-flow wp-container-core-group-is-layout-f9cb6abc wp-block-group-is-layout-flow\" style=\"margin-top:0;margin-bottom:0\">\n<div class=\"wp-block-columns alignfull is-not-stacked-on-mobile is-layout-flex wp-container-core-columns-is-layout-e154fb6a wp-block-columns-is-layout-flex\" style=\"margin-top:0;margin-bottom:0;padding-top:var(--wp--preset--spacing--40);padding-right:var(--wp--preset--spacing--40);padding-bottom:var(--wp--preset--spacing--80);padding-left:var(--wp--preset--spacing--40)\">\n<div class=\"wp-block-column is-layout-flow wp-block-column-is-layout-flow\" style=\"flex-basis:66.66%\">\n<div class=\"wp-block-group is-vertical is-content-justification-stretch is-layout-flex wp-container-core-group-is-layout-7e003bba wp-block-group-is-layout-flex\">\n<h2 class=\"wp-block-heading has-xx-large-font-size\">\u00ab&nbsp;Musique Techno&nbsp;\u00bb<\/h2>\n\n\n\n<p class=\"has-x-large-font-size\">La Musique Techno est un genre de musique \u00e9lectronique ayant \u00e9merg\u00e9 aux Etats-Unis au milieu des ann\u00e9es 1980. La Techno est avant tout une musique de danse, assez r\u00e9p\u00e9titive. Ce style de musique s&rsquo;inspire de l&rsquo;Electro et de la New Wave ainsi que de la Soul, de Funk et des th\u00e8mes musicaux futuristes. Au cours des ann\u00e9es 1990, la Techno se d\u00e9veloppe en v\u00e9ritable culture musicale gr\u00e2ce a l&rsquo;accueil que r\u00e9servent l&rsquo;Angleterre et surtout l&rsquo;Allemagne aux artistes venant de la ville de D\u00e9troit aux Etats-Unis.  <\/p>\n<\/div>\n\n\n\n<figure class=\"wp-block-embed is-type-rich is-provider-spotify wp-block-embed-spotify wp-embed-aspect-21-9 wp-has-aspect-ratio\"><div class=\"wp-block-embed__wrapper\">\n<iframe title=\"Spotify Embed: PROZACZOPIXAN RELOADED\" style=\"border-radius: 12px\" width=\"100%\" height=\"152\" frameborder=\"0\" allowfullscreen allow=\"autoplay; clipboard-write; encrypted-media; fullscreen; picture-in-picture\" loading=\"lazy\" src=\"https:\/\/open.spotify.com\/embed\/track\/2KdGSv2jbnShvF4GYVtIna?si=0483d3c6f2bf4f1c&amp;utm_source=oembed\"><\/iframe>\n<\/div><\/figure>\n\n\n\n<figure class=\"wp-block-embed is-type-rich is-provider-spotify wp-block-embed-spotify wp-embed-aspect-21-9 wp-has-aspect-ratio\"><div class=\"wp-block-embed__wrapper\">\n<iframe title=\"Spotify Embed: Techno Maman\" style=\"border-radius: 12px\" width=\"100%\" height=\"152\" frameborder=\"0\" allowfullscreen allow=\"autoplay; clipboard-write; encrypted-media; fullscreen; picture-in-picture\" loading=\"lazy\" src=\"https:\/\/open.spotify.com\/embed\/track\/2fmXM8yrLgG9UOGhp5jxJX?si=6675a32c44f34f5c&amp;utm_source=oembed\"><\/iframe>\n<\/div><\/figure>\n\n\n\n<div class=\"wp-block-group is-vertical is-content-justification-stretch is-layout-flex wp-container-core-group-is-layout-7e003bba wp-block-group-is-layout-flex\">\n<div style=\"height:0px\" aria-hidden=\"true\" class=\"wp-block-spacer wp-container-content-36c51660\"><\/div>\n<\/div>\n<\/div>\n\n\n\n<div class=\"wp-block-column is-layout-flow wp-block-column-is-layout-flow\">\n<blockquote class=\"wp-block-quote has-accent-5-color has-contrast-background-color has-text-color has-background has-link-color wp-elements-172b348c9835788852139b8b069da790 is-layout-flow wp-block-quote-is-layout-flow\">\n<p>Les variantes:<\/p>\n\n\n\n<p><a href=\"https:\/\/fr.wikipedia.org\/wiki\/Acid_techno\">Acid techno<\/a>,\u00a0<a href=\"https:\/\/fr.wikipedia.org\/wiki\/Acidcore\">acidcore<\/a>,\u00a0<a href=\"https:\/\/fr.wikipedia.org\/wiki\/Tribe_(musique)\">tribe<\/a>,\u00a0<a href=\"https:\/\/fr.wikipedia.org\/wiki\/Tribecore\">tribecore<\/a>,\u00a0<a href=\"https:\/\/fr.wikipedia.org\/wiki\/Intelligent_dance_music\">ambient techno<\/a>,\u00a0<a href=\"https:\/\/fr.wikipedia.org\/wiki\/Minimal_techno\">minimal techno<\/a>,\u00a0<a href=\"https:\/\/fr.wikipedia.org\/wiki\/Tech_house\">tech house<\/a>,\u00a0<a href=\"https:\/\/fr.wikipedia.org\/wiki\/Dub_techno\">dub techno<\/a>,\u00a0<a href=\"https:\/\/fr.wikipedia.org\/wiki\/Ghettotech\">ghettotech<\/a>,\u00a0<a href=\"https:\/\/fr.wikipedia.org\/w\/index.php?title=Maximal_techno&amp;action=edit&amp;redlink=1\">maximal techno<\/a><\/p>\n<\/blockquote>\n\n\n\n<div class=\"wp-block-cover\"><img loading=\"lazy\" decoding=\"async\" width=\"1024\" height=\"1024\" class=\"wp-block-cover__image-background wp-image-183 size-full\" alt=\"\" src=\"https:\/\/eleves.escl.fr\/wp2\/musique\/wp-content\/uploads\/sites\/29\/2026\/03\/IMG_0574.jpeg\" data-object-fit=\"cover\" srcset=\"https:\/\/eleves.escl.fr\/wp2\/musique\/wp-content\/uploads\/sites\/29\/2026\/03\/IMG_0574.jpeg 1024w, https:\/\/eleves.escl.fr\/wp2\/musique\/wp-content\/uploads\/sites\/29\/2026\/03\/IMG_0574-300x300.jpeg 300w, https:\/\/eleves.escl.fr\/wp2\/musique\/wp-content\/uploads\/sites\/29\/2026\/03\/IMG_0574-150x150.jpeg 150w, https:\/\/eleves.escl.fr\/wp2\/musique\/wp-content\/uploads\/sites\/29\/2026\/03\/IMG_0574-768x768.jpeg 768w\" sizes=\"auto, (max-width: 1024px) 100vw, 1024px\" \/><span aria-hidden=\"true\" class=\"wp-block-cover__background has-background-dim-0 has-background-dim\" style=\"background-color:#784c64\"><\/span><div class=\"wp-block-cover__inner-container is-layout-flow wp-block-cover-is-layout-flow\">\n<div style=\"height:var(--wp--preset--spacing--20)\" aria-hidden=\"true\" class=\"wp-block-spacer\"><\/div>\n<\/div><\/div>\n\n\n\n<p><strong><em>ARTISTE ASSOCIER<\/em><\/strong>:<\/p>\n\n\n\n<p>\u00b0MOBY<\/p>\n\n\n\n<p>\u00b0TEISTO<\/p>\n\n\n\n<p>\u00b0DAVID GUETTA<\/p>\n\n\n\n<p>\u00b0DAFT PUNK<\/p>\n\n\n\n<figure class=\"wp-block-embed is-type-rich is-provider-spotify wp-block-embed-spotify wp-embed-aspect-21-9 wp-has-aspect-ratio\"><div class=\"wp-block-embed__wrapper\">\n<iframe title=\"Spotify Embed: Tarte \u00e0 la myrtille\" style=\"border-radius: 12px\" width=\"100%\" height=\"152\" frameborder=\"0\" allowfullscreen allow=\"autoplay; clipboard-write; encrypted-media; fullscreen; picture-in-picture\" loading=\"lazy\" src=\"https:\/\/open.spotify.com\/embed\/track\/6DkfpM5YMrJiOUpWDx2UMY?si=4a4a89af004e4f0f&amp;utm_source=oembed\"><\/iframe>\n<\/div><\/figure>\n<\/div>\n<\/div>\n\n\n\n<div class=\"wp-block-columns alignfull is-style-section-2 is-layout-flex wp-container-core-columns-is-layout-d9884270 wp-block-columns-is-layout-flex is-style-section-2--1\" style=\"padding-top:0;padding-bottom:0\">\n<div class=\"wp-block-column is-layout-flow wp-block-column-is-layout-flow\" style=\"flex-basis:50%\">\n<div class=\"wp-block-group is-vertical is-content-justification-stretch is-layout-flex wp-container-core-group-is-layout-098fff0a wp-block-group-is-layout-flex\" style=\"min-height:33vh;padding-top:var(--wp--preset--spacing--50);padding-right:var(--wp--preset--spacing--50);padding-bottom:var(--wp--preset--spacing--50);padding-left:var(--wp--preset--spacing--50)\">\n<p>Cet \u00e9v\u00e8nement immersif c\u00e9l\u00e8bre l\u2019exp\u00e9rience humaine universelle \u00e0 travers les prismes de l\u2019histoire et de la filiation, mettant en avant une diversit\u00e9 de photographes dont les \u0153uvres saisissent l\u2019essence de diff\u00e9rentes cultures et \u00e9poques historiques.<\/p>\n\n\n\n<div style=\"height:0px\" aria-hidden=\"true\" class=\"wp-block-spacer wp-container-content-6388d5dc\"><\/div>\n\n\n\n<h2 class=\"wp-block-heading has-xx-large-font-size\"><a href=\"#\">R\u00e9servation<\/a><\/h2>\n<\/div>\n<\/div>\n\n\n\n<div class=\"wp-block-column is-layout-flow wp-block-column-is-layout-flow\" style=\"flex-basis:50%\"><\/div>\n<\/div>\n<\/div>\n","protected":false},"excerpt":{"rendered":"<p>\u00ab&nbsp;Musique Techno&nbsp;\u00bb La Musique Techno est un genre de musique \u00e9lectronique ayant \u00e9merg\u00e9 aux Etats-Unis au milieu des ann\u00e9es 1980. La Techno est avant tout une musique de danse, assez r\u00e9p\u00e9titive. Ce style de musique s&rsquo;inspire de l&rsquo;Electro et de la New Wave ainsi que de la Soul, de Funk et des th\u00e8mes musicaux futuristes. [&hellip;]<\/p>\n","protected":false},"author":48,"featured_media":0,"parent":0,"menu_order":0,"comment_status":"closed","ping_status":"closed","template":"","meta":{"footnotes":""},"class_list":["post-89","page","type-page","status-publish","hentry"],"_links":{"self":[{"href":"https:\/\/eleves.escl.fr\/wp2\/musique\/wp-json\/wp\/v2\/pages\/89","targetHints":{"allow":["GET"]}}],"collection":[{"href":"https:\/\/eleves.escl.fr\/wp2\/musique\/wp-json\/wp\/v2\/pages"}],"about":[{"href":"https:\/\/eleves.escl.fr\/wp2\/musique\/wp-json\/wp\/v2\/types\/page"}],"author":[{"embeddable":true,"href":"https:\/\/eleves.escl.fr\/wp2\/musique\/wp-json\/wp\/v2\/users\/48"}],"replies":[{"embeddable":true,"href":"https:\/\/eleves.escl.fr\/wp2\/musique\/wp-json\/wp\/v2\/comments?post=89"}],"version-history":[{"count":3,"href":"https:\/\/eleves.escl.fr\/wp2\/musique\/wp-json\/wp\/v2\/pages\/89\/revisions"}],"predecessor-version":[{"id":184,"href":"https:\/\/eleves.escl.fr\/wp2\/musique\/wp-json\/wp\/v2\/pages\/89\/revisions\/184"}],"wp:attachment":[{"href":"https:\/\/eleves.escl.fr\/wp2\/musique\/wp-json\/wp\/v2\/media?parent=89"}],"curies":[{"name":"wp","href":"https:\/\/api.w.org\/{rel}","templated":true}]}}