{"id":11,"date":"2025-01-14T14:28:47","date_gmt":"2025-01-14T13:28:47","guid":{"rendered":"https:\/\/eleves.escl.fr\/wp2\/styles\/?page_id=11"},"modified":"2025-03-11T13:57:58","modified_gmt":"2025-03-11T12:57:58","slug":"chic","status":"publish","type":"page","link":"https:\/\/eleves.escl.fr\/wp2\/styles\/chic\/","title":{"rendered":"CHIC"},"content":{"rendered":"\n<p>Un style \u00e9l\u00e9gant et sophistiqu\u00e9 parfait pour les occasions formel<\/p>\n\n\n\n<p>Le style chic transcende les tendances \u00e9ph\u00e9m\u00e8res, murmurant une allure qui r\u00e9siste \u00e0 l&rsquo;\u00e9preuve du temps. C&rsquo;est <strong>une forme d&rsquo;art, une symphonie d&rsquo;\u00e9l\u00e9gance et de sophistication, tiss\u00e9e avec des tissus de qualit\u00e9 et combinant deux ou trois couleurs avec \u00e9l\u00e9gance<\/strong> .<\/p>\n\n\n\n<figure class=\"wp-block-gallery has-nested-images columns-default is-cropped wp-block-gallery-1 is-layout-flex wp-block-gallery-is-layout-flex\">\n<figure class=\"wp-block-image size-full\"><a href=\"https:\/\/eleves.escl.fr\/wp2\/styles\/chic-2\/\"><img loading=\"lazy\" decoding=\"async\" width=\"474\" height=\"842\" data-id=\"230\" src=\"https:\/\/eleves.escl.fr\/wp2\/styles\/wp-content\/uploads\/sites\/7\/2025\/02\/0nw_vtaM.jpg\" alt=\"\" class=\"wp-image-230\" srcset=\"https:\/\/eleves.escl.fr\/wp2\/styles\/wp-content\/uploads\/sites\/7\/2025\/02\/0nw_vtaM.jpg 474w, https:\/\/eleves.escl.fr\/wp2\/styles\/wp-content\/uploads\/sites\/7\/2025\/02\/0nw_vtaM-169x300.jpg 169w\" sizes=\"auto, (max-width: 474px) 100vw, 474px\" \/><\/a><\/figure>\n\n\n\n<figure class=\"wp-block-image size-large\"><a href=\"https:\/\/eleves.escl.fr\/wp2\/styles\/chic-2\/\"><img loading=\"lazy\" decoding=\"async\" width=\"474\" height=\"661\" data-id=\"145\" src=\"https:\/\/eleves.escl.fr\/wp2\/styles\/wp-content\/uploads\/sites\/7\/2025\/01\/5kovY7J.jpg\" alt=\"\" class=\"wp-image-145\" srcset=\"https:\/\/eleves.escl.fr\/wp2\/styles\/wp-content\/uploads\/sites\/7\/2025\/01\/5kovY7J.jpg 474w, https:\/\/eleves.escl.fr\/wp2\/styles\/wp-content\/uploads\/sites\/7\/2025\/01\/5kovY7J-215x300.jpg 215w\" sizes=\"auto, (max-width: 474px) 100vw, 474px\" \/><\/a><\/figure>\n\n\n\n<figure class=\"wp-block-image size-large\"><a href=\"https:\/\/eleves.escl.fr\/wp2\/styles\/chic-2\/\"><img loading=\"lazy\" decoding=\"async\" width=\"512\" height=\"730\" data-id=\"167\" src=\"https:\/\/eleves.escl.fr\/wp2\/styles\/wp-content\/uploads\/sites\/7\/2025\/01\/20SHuiJc-edited.jpg\" alt=\"\" class=\"wp-image-167\" srcset=\"https:\/\/eleves.escl.fr\/wp2\/styles\/wp-content\/uploads\/sites\/7\/2025\/01\/20SHuiJc-edited.jpg 512w, https:\/\/eleves.escl.fr\/wp2\/styles\/wp-content\/uploads\/sites\/7\/2025\/01\/20SHuiJc-edited-210x300.jpg 210w\" sizes=\"auto, (max-width: 512px) 100vw, 512px\" \/><\/a><\/figure>\n\n\n\n<figure class=\"wp-block-image size-large\"><a href=\"https:\/\/eleves.escl.fr\/wp2\/styles\/chic-2\/\"><img loading=\"lazy\" decoding=\"async\" width=\"424\" height=\"700\" data-id=\"174\" src=\"https:\/\/eleves.escl.fr\/wp2\/styles\/wp-content\/uploads\/sites\/7\/2025\/01\/58pZWwFH-edited.jpg\" alt=\"\" class=\"wp-image-174\" srcset=\"https:\/\/eleves.escl.fr\/wp2\/styles\/wp-content\/uploads\/sites\/7\/2025\/01\/58pZWwFH-edited.jpg 424w, https:\/\/eleves.escl.fr\/wp2\/styles\/wp-content\/uploads\/sites\/7\/2025\/01\/58pZWwFH-edited-182x300.jpg 182w\" sizes=\"auto, (max-width: 424px) 100vw, 424px\" \/><\/a><\/figure>\n\n\n\n<figure class=\"wp-block-image size-large\"><a href=\"https:\/\/eleves.escl.fr\/wp2\/styles\/chic-2\/\"><img loading=\"lazy\" decoding=\"async\" width=\"567\" height=\"1048\" data-id=\"173\" src=\"https:\/\/eleves.escl.fr\/wp2\/styles\/wp-content\/uploads\/sites\/7\/2025\/01\/zp09SugJ-edited.jpg\" alt=\"\" class=\"wp-image-173\" srcset=\"https:\/\/eleves.escl.fr\/wp2\/styles\/wp-content\/uploads\/sites\/7\/2025\/01\/zp09SugJ-edited.jpg 567w, https:\/\/eleves.escl.fr\/wp2\/styles\/wp-content\/uploads\/sites\/7\/2025\/01\/zp09SugJ-edited-162x300.jpg 162w, https:\/\/eleves.escl.fr\/wp2\/styles\/wp-content\/uploads\/sites\/7\/2025\/01\/zp09SugJ-edited-554x1024.jpg 554w\" sizes=\"auto, (max-width: 567px) 100vw, 567px\" \/><\/a><\/figure>\n\n\n\n<figure class=\"wp-block-image size-large\"><a href=\"https:\/\/eleves.escl.fr\/wp2\/styles\/chic-2\/\"><img loading=\"lazy\" decoding=\"async\" width=\"612\" height=\"1088\" data-id=\"168\" src=\"https:\/\/eleves.escl.fr\/wp2\/styles\/wp-content\/uploads\/sites\/7\/2025\/01\/gi-NgRMS-edited.jpg\" alt=\"\" class=\"wp-image-168\" srcset=\"https:\/\/eleves.escl.fr\/wp2\/styles\/wp-content\/uploads\/sites\/7\/2025\/01\/gi-NgRMS-edited.jpg 612w, https:\/\/eleves.escl.fr\/wp2\/styles\/wp-content\/uploads\/sites\/7\/2025\/01\/gi-NgRMS-edited-169x300.jpg 169w, https:\/\/eleves.escl.fr\/wp2\/styles\/wp-content\/uploads\/sites\/7\/2025\/01\/gi-NgRMS-edited-576x1024.jpg 576w\" sizes=\"auto, (max-width: 612px) 100vw, 612px\" \/><\/a><\/figure>\n<\/figure>\n","protected":false},"excerpt":{"rendered":"<p>Un style \u00e9l\u00e9gant et sophistiqu\u00e9 parfait pour les occasions formel Le style chic transcende les tendances \u00e9ph\u00e9m\u00e8res, murmurant une allure qui r\u00e9siste \u00e0 l&rsquo;\u00e9preuve du temps. C&rsquo;est une forme d&rsquo;art, une symphonie d&rsquo;\u00e9l\u00e9gance et de sophistication, tiss\u00e9e avec des tissus de qualit\u00e9 et combinant deux ou trois couleurs avec \u00e9l\u00e9gance .<\/p>\n","protected":false},"author":20,"featured_media":0,"parent":0,"menu_order":5,"comment_status":"closed","ping_status":"closed","template":"","meta":{"footnotes":""},"class_list":["post-11","page","type-page","status-publish","hentry"],"_links":{"self":[{"href":"https:\/\/eleves.escl.fr\/wp2\/styles\/wp-json\/wp\/v2\/pages\/11","targetHints":{"allow":["GET"]}}],"collection":[{"href":"https:\/\/eleves.escl.fr\/wp2\/styles\/wp-json\/wp\/v2\/pages"}],"about":[{"href":"https:\/\/eleves.escl.fr\/wp2\/styles\/wp-json\/wp\/v2\/types\/page"}],"author":[{"embeddable":true,"href":"https:\/\/eleves.escl.fr\/wp2\/styles\/wp-json\/wp\/v2\/users\/20"}],"replies":[{"embeddable":true,"href":"https:\/\/eleves.escl.fr\/wp2\/styles\/wp-json\/wp\/v2\/comments?post=11"}],"version-history":[{"count":8,"href":"https:\/\/eleves.escl.fr\/wp2\/styles\/wp-json\/wp\/v2\/pages\/11\/revisions"}],"predecessor-version":[{"id":281,"href":"https:\/\/eleves.escl.fr\/wp2\/styles\/wp-json\/wp\/v2\/pages\/11\/revisions\/281"}],"wp:attachment":[{"href":"https:\/\/eleves.escl.fr\/wp2\/styles\/wp-json\/wp\/v2\/media?parent=11"}],"curies":[{"name":"wp","href":"https:\/\/api.w.org\/{rel}","templated":true}]}}