{"id":25,"date":"2025-01-14T14:32:26","date_gmt":"2025-01-14T13:32:26","guid":{"rendered":"https:\/\/eleves.escl.fr\/wp2\/styles\/?page_id=25"},"modified":"2025-03-11T14:01:01","modified_gmt":"2025-03-11T13:01:01","slug":"vintage","status":"publish","type":"page","link":"https:\/\/eleves.escl.fr\/wp2\/styles\/vintage\/","title":{"rendered":"VINTAGE"},"content":{"rendered":"\n<p>Un style r\u00e9tro utilisant des pi\u00e8ces des d\u00e9cennies pass\u00e9s<\/p>\n\n\n\n<p>Depuis les ann\u00e9es 1980, ce sens modifi\u00e9 est r\u00e9-emprunt\u00e9 dans le fran\u00e7ais avec le sens de r\u00e9tro, et <strong>d\u00e9signe dans la mode un v\u00eatement ou un accessoire ancien, datant d&rsquo;une \u00e9poque r\u00e9volue<\/strong>.<\/p>\n\n\n\n<figure class=\"wp-block-gallery has-nested-images columns-default is-cropped wp-block-gallery-1 is-layout-flex wp-block-gallery-is-layout-flex\">\n<figure class=\"wp-block-image size-large\"><a href=\"https:\/\/eleves.escl.fr\/wp2\/styles\/vintage-2\/\"><img loading=\"lazy\" decoding=\"async\" width=\"628\" height=\"1024\" data-id=\"169\" src=\"https:\/\/eleves.escl.fr\/wp2\/styles\/wp-content\/uploads\/sites\/7\/2025\/01\/Moda-Mulher-Crista-Mordena-628x1024.jpg\" alt=\"\" class=\"wp-image-169\" srcset=\"https:\/\/eleves.escl.fr\/wp2\/styles\/wp-content\/uploads\/sites\/7\/2025\/01\/Moda-Mulher-Crista-Mordena-628x1024.jpg 628w, https:\/\/eleves.escl.fr\/wp2\/styles\/wp-content\/uploads\/sites\/7\/2025\/01\/Moda-Mulher-Crista-Mordena-184x300.jpg 184w, https:\/\/eleves.escl.fr\/wp2\/styles\/wp-content\/uploads\/sites\/7\/2025\/01\/Moda-Mulher-Crista-Mordena.jpg 736w\" sizes=\"auto, (max-width: 628px) 100vw, 628px\" \/><\/a><\/figure>\n\n\n\n<figure class=\"wp-block-image size-large\"><a href=\"https:\/\/eleves.escl.fr\/wp2\/styles\/vintage-2\/\"><img loading=\"lazy\" decoding=\"async\" width=\"474\" height=\"771\" data-id=\"170\" src=\"https:\/\/eleves.escl.fr\/wp2\/styles\/wp-content\/uploads\/sites\/7\/2025\/01\/oPykvihn.jpg\" alt=\"\" class=\"wp-image-170\" srcset=\"https:\/\/eleves.escl.fr\/wp2\/styles\/wp-content\/uploads\/sites\/7\/2025\/01\/oPykvihn.jpg 474w, https:\/\/eleves.escl.fr\/wp2\/styles\/wp-content\/uploads\/sites\/7\/2025\/01\/oPykvihn-184x300.jpg 184w\" sizes=\"auto, (max-width: 474px) 100vw, 474px\" \/><\/a><\/figure>\n\n\n\n<figure class=\"wp-block-image size-large\"><a href=\"https:\/\/eleves.escl.fr\/wp2\/styles\/vintage-2\/\"><img loading=\"lazy\" decoding=\"async\" width=\"364\" height=\"546\" data-id=\"171\" src=\"https:\/\/eleves.escl.fr\/wp2\/styles\/wp-content\/uploads\/sites\/7\/2025\/01\/R9sD9FQl.jpg\" alt=\"\" class=\"wp-image-171\" srcset=\"https:\/\/eleves.escl.fr\/wp2\/styles\/wp-content\/uploads\/sites\/7\/2025\/01\/R9sD9FQl.jpg 364w, https:\/\/eleves.escl.fr\/wp2\/styles\/wp-content\/uploads\/sites\/7\/2025\/01\/R9sD9FQl-200x300.jpg 200w\" sizes=\"auto, (max-width: 364px) 100vw, 364px\" \/><\/a><\/figure>\n\n\n\n<figure class=\"wp-block-image size-large\"><a href=\"https:\/\/eleves.escl.fr\/wp2\/styles\/vintage-2\/\"><img loading=\"lazy\" decoding=\"async\" width=\"736\" height=\"932\" data-id=\"177\" src=\"https:\/\/eleves.escl.fr\/wp2\/styles\/wp-content\/uploads\/sites\/7\/2025\/01\/aC3bv-m8.jpg\" alt=\"\" class=\"wp-image-177\" srcset=\"https:\/\/eleves.escl.fr\/wp2\/styles\/wp-content\/uploads\/sites\/7\/2025\/01\/aC3bv-m8.jpg 736w, https:\/\/eleves.escl.fr\/wp2\/styles\/wp-content\/uploads\/sites\/7\/2025\/01\/aC3bv-m8-237x300.jpg 237w\" sizes=\"auto, (max-width: 736px) 100vw, 736px\" \/><\/a><\/figure>\n\n\n\n<figure class=\"wp-block-image size-large\"><a href=\"https:\/\/eleves.escl.fr\/wp2\/styles\/vintage-2\/\"><img loading=\"lazy\" decoding=\"async\" width=\"736\" height=\"736\" data-id=\"176\" src=\"https:\/\/eleves.escl.fr\/wp2\/styles\/wp-content\/uploads\/sites\/7\/2025\/01\/Ensemble-blazer-et-jupe-plissee-coupe-cintree-pour-femme-tenue-de-bureau-pour-femme-revers-gris.jpg\" alt=\"\" class=\"wp-image-176\" srcset=\"https:\/\/eleves.escl.fr\/wp2\/styles\/wp-content\/uploads\/sites\/7\/2025\/01\/Ensemble-blazer-et-jupe-plissee-coupe-cintree-pour-femme-tenue-de-bureau-pour-femme-revers-gris.jpg 736w, https:\/\/eleves.escl.fr\/wp2\/styles\/wp-content\/uploads\/sites\/7\/2025\/01\/Ensemble-blazer-et-jupe-plissee-coupe-cintree-pour-femme-tenue-de-bureau-pour-femme-revers-gris-300x300.jpg 300w, https:\/\/eleves.escl.fr\/wp2\/styles\/wp-content\/uploads\/sites\/7\/2025\/01\/Ensemble-blazer-et-jupe-plissee-coupe-cintree-pour-femme-tenue-de-bureau-pour-femme-revers-gris-150x150.jpg 150w\" sizes=\"auto, (max-width: 736px) 100vw, 736px\" \/><\/a><\/figure>\n\n\n\n<figure class=\"wp-block-image size-large\"><a href=\"https:\/\/eleves.escl.fr\/wp2\/styles\/vintage-2\/\"><img loading=\"lazy\" decoding=\"async\" width=\"474\" height=\"791\" data-id=\"172\" src=\"https:\/\/eleves.escl.fr\/wp2\/styles\/wp-content\/uploads\/sites\/7\/2025\/01\/S5R20HYO.jpg\" alt=\"\" class=\"wp-image-172\" srcset=\"https:\/\/eleves.escl.fr\/wp2\/styles\/wp-content\/uploads\/sites\/7\/2025\/01\/S5R20HYO.jpg 474w, https:\/\/eleves.escl.fr\/wp2\/styles\/wp-content\/uploads\/sites\/7\/2025\/01\/S5R20HYO-180x300.jpg 180w\" sizes=\"auto, (max-width: 474px) 100vw, 474px\" \/><\/a><\/figure>\n<\/figure>\n","protected":false},"excerpt":{"rendered":"<p>Un style r\u00e9tro utilisant des pi\u00e8ces des d\u00e9cennies pass\u00e9s Depuis les ann\u00e9es 1980, ce sens modifi\u00e9 est r\u00e9-emprunt\u00e9 dans le fran\u00e7ais avec le sens de r\u00e9tro, et d\u00e9signe dans la mode un v\u00eatement ou un accessoire ancien, datant d&rsquo;une \u00e9poque r\u00e9volue.<\/p>\n","protected":false},"author":20,"featured_media":0,"parent":0,"menu_order":17,"comment_status":"closed","ping_status":"closed","template":"","meta":{"footnotes":""},"class_list":["post-25","page","type-page","status-publish","hentry"],"_links":{"self":[{"href":"https:\/\/eleves.escl.fr\/wp2\/styles\/wp-json\/wp\/v2\/pages\/25","targetHints":{"allow":["GET"]}}],"collection":[{"href":"https:\/\/eleves.escl.fr\/wp2\/styles\/wp-json\/wp\/v2\/pages"}],"about":[{"href":"https:\/\/eleves.escl.fr\/wp2\/styles\/wp-json\/wp\/v2\/types\/page"}],"author":[{"embeddable":true,"href":"https:\/\/eleves.escl.fr\/wp2\/styles\/wp-json\/wp\/v2\/users\/20"}],"replies":[{"embeddable":true,"href":"https:\/\/eleves.escl.fr\/wp2\/styles\/wp-json\/wp\/v2\/comments?post=25"}],"version-history":[{"count":6,"href":"https:\/\/eleves.escl.fr\/wp2\/styles\/wp-json\/wp\/v2\/pages\/25\/revisions"}],"predecessor-version":[{"id":284,"href":"https:\/\/eleves.escl.fr\/wp2\/styles\/wp-json\/wp\/v2\/pages\/25\/revisions\/284"}],"wp:attachment":[{"href":"https:\/\/eleves.escl.fr\/wp2\/styles\/wp-json\/wp\/v2\/media?parent=25"}],"curies":[{"name":"wp","href":"https:\/\/api.w.org\/{rel}","templated":true}]}}