{"id":27,"date":"2025-01-14T14:33:45","date_gmt":"2025-01-14T13:33:45","guid":{"rendered":"https:\/\/eleves.escl.fr\/wp2\/styles\/?page_id=27"},"modified":"2025-03-11T13:58:16","modified_gmt":"2025-03-11T12:58:16","slug":"clasic","status":"publish","type":"page","link":"https:\/\/eleves.escl.fr\/wp2\/styles\/clasic\/","title":{"rendered":"CLASSIQUE"},"content":{"rendered":"\n<p>Un style intemporel et \u00e9l\u00e9gant, adapt\u00e9 \u00e0 toutes les occasions <\/p>\n\n\n\n<p>Un style classique <strong>repose sur trois piliers : la qualit\u00e9, l&rsquo;\u00e9l\u00e9gance et l&rsquo;\u00e9quilibre<\/strong>. Visuellement, il offre une image de femme pos\u00e9e, s\u00fbre d&rsquo;elle et qui a trouv\u00e9 sa maturit\u00e9 vestimentaire.<\/p>\n\n\n\n<figure class=\"wp-block-gallery has-nested-images columns-default is-cropped wp-block-gallery-1 is-layout-flex wp-block-gallery-is-layout-flex\">\n<figure class=\"wp-block-image size-large\"><a href=\"https:\/\/eleves.escl.fr\/wp2\/styles\/classique-2\/\"><img loading=\"lazy\" decoding=\"async\" width=\"576\" height=\"1024\" data-id=\"195\" src=\"https:\/\/eleves.escl.fr\/wp2\/styles\/wp-content\/uploads\/sites\/7\/2025\/02\/juliadamata-ig-576x1024.jpg\" alt=\"\" class=\"wp-image-195\" srcset=\"https:\/\/eleves.escl.fr\/wp2\/styles\/wp-content\/uploads\/sites\/7\/2025\/02\/juliadamata-ig-576x1024.jpg 576w, https:\/\/eleves.escl.fr\/wp2\/styles\/wp-content\/uploads\/sites\/7\/2025\/02\/juliadamata-ig-169x300.jpg 169w, https:\/\/eleves.escl.fr\/wp2\/styles\/wp-content\/uploads\/sites\/7\/2025\/02\/juliadamata-ig.jpg 736w\" sizes=\"auto, (max-width: 576px) 100vw, 576px\" \/><\/a><\/figure>\n\n\n\n<figure class=\"wp-block-image size-large\"><a href=\"https:\/\/eleves.escl.fr\/wp2\/styles\/classique-2\/\"><img loading=\"lazy\" decoding=\"async\" width=\"474\" height=\"842\" data-id=\"199\" src=\"https:\/\/eleves.escl.fr\/wp2\/styles\/wp-content\/uploads\/sites\/7\/2025\/02\/R4qhHG9J.jpg\" alt=\"\" class=\"wp-image-199\" srcset=\"https:\/\/eleves.escl.fr\/wp2\/styles\/wp-content\/uploads\/sites\/7\/2025\/02\/R4qhHG9J.jpg 474w, https:\/\/eleves.escl.fr\/wp2\/styles\/wp-content\/uploads\/sites\/7\/2025\/02\/R4qhHG9J-169x300.jpg 169w\" sizes=\"auto, (max-width: 474px) 100vw, 474px\" \/><\/a><\/figure>\n\n\n\n<figure class=\"wp-block-image size-large\"><a href=\"https:\/\/eleves.escl.fr\/wp2\/styles\/classique-2\/\"><img loading=\"lazy\" decoding=\"async\" width=\"576\" height=\"1024\" data-id=\"201\" src=\"https:\/\/eleves.escl.fr\/wp2\/styles\/wp-content\/uploads\/sites\/7\/2025\/02\/Winter-outfit-\ud83d\udc3b-576x1024.jpg\" alt=\"\" class=\"wp-image-201\" srcset=\"https:\/\/eleves.escl.fr\/wp2\/styles\/wp-content\/uploads\/sites\/7\/2025\/02\/Winter-outfit-\ud83d\udc3b-576x1024.jpg 576w, https:\/\/eleves.escl.fr\/wp2\/styles\/wp-content\/uploads\/sites\/7\/2025\/02\/Winter-outfit-\ud83d\udc3b-169x300.jpg 169w, https:\/\/eleves.escl.fr\/wp2\/styles\/wp-content\/uploads\/sites\/7\/2025\/02\/Winter-outfit-\ud83d\udc3b.jpg 736w\" sizes=\"auto, (max-width: 576px) 100vw, 576px\" \/><\/a><\/figure>\n\n\n\n<figure class=\"wp-block-image size-large\"><a href=\"https:\/\/eleves.escl.fr\/wp2\/styles\/classique-2\/\"><img loading=\"lazy\" decoding=\"async\" width=\"646\" height=\"1024\" data-id=\"197\" src=\"https:\/\/eleves.escl.fr\/wp2\/styles\/wp-content\/uploads\/sites\/7\/2025\/02\/3U2pUC2S-646x1024.jpg\" alt=\"\" class=\"wp-image-197\" srcset=\"https:\/\/eleves.escl.fr\/wp2\/styles\/wp-content\/uploads\/sites\/7\/2025\/02\/3U2pUC2S-646x1024.jpg 646w, https:\/\/eleves.escl.fr\/wp2\/styles\/wp-content\/uploads\/sites\/7\/2025\/02\/3U2pUC2S-189x300.jpg 189w, https:\/\/eleves.escl.fr\/wp2\/styles\/wp-content\/uploads\/sites\/7\/2025\/02\/3U2pUC2S.jpg 736w\" sizes=\"auto, (max-width: 646px) 100vw, 646px\" \/><\/a><\/figure>\n\n\n\n<figure class=\"wp-block-image size-large\"><a href=\"https:\/\/eleves.escl.fr\/wp2\/styles\/classique-2\/\"><img loading=\"lazy\" decoding=\"async\" width=\"473\" height=\"1024\" data-id=\"200\" src=\"https:\/\/eleves.escl.fr\/wp2\/styles\/wp-content\/uploads\/sites\/7\/2025\/02\/rJ62fJzB-473x1024.jpg\" alt=\"\" class=\"wp-image-200\" srcset=\"https:\/\/eleves.escl.fr\/wp2\/styles\/wp-content\/uploads\/sites\/7\/2025\/02\/rJ62fJzB-473x1024.jpg 473w, https:\/\/eleves.escl.fr\/wp2\/styles\/wp-content\/uploads\/sites\/7\/2025\/02\/rJ62fJzB-139x300.jpg 139w, https:\/\/eleves.escl.fr\/wp2\/styles\/wp-content\/uploads\/sites\/7\/2025\/02\/rJ62fJzB-710x1536.jpg 710w, https:\/\/eleves.escl.fr\/wp2\/styles\/wp-content\/uploads\/sites\/7\/2025\/02\/rJ62fJzB.jpg 736w\" sizes=\"auto, (max-width: 473px) 100vw, 473px\" \/><\/a><\/figure>\n\n\n\n<figure class=\"wp-block-image size-large\"><a href=\"https:\/\/eleves.escl.fr\/wp2\/styles\/classique-2\/\"><img loading=\"lazy\" decoding=\"async\" width=\"576\" height=\"1024\" data-id=\"196\" src=\"https:\/\/eleves.escl.fr\/wp2\/styles\/wp-content\/uploads\/sites\/7\/2025\/02\/22Txt5tp-576x1024.jpg\" alt=\"\" class=\"wp-image-196\" srcset=\"https:\/\/eleves.escl.fr\/wp2\/styles\/wp-content\/uploads\/sites\/7\/2025\/02\/22Txt5tp-576x1024.jpg 576w, https:\/\/eleves.escl.fr\/wp2\/styles\/wp-content\/uploads\/sites\/7\/2025\/02\/22Txt5tp-169x300.jpg 169w, https:\/\/eleves.escl.fr\/wp2\/styles\/wp-content\/uploads\/sites\/7\/2025\/02\/22Txt5tp.jpg 736w\" sizes=\"auto, (max-width: 576px) 100vw, 576px\" \/><\/a><\/figure>\n<\/figure>\n","protected":false},"excerpt":{"rendered":"<p>Un style intemporel et \u00e9l\u00e9gant, adapt\u00e9 \u00e0 toutes les occasions Un style classique repose sur trois piliers : la qualit\u00e9, l&rsquo;\u00e9l\u00e9gance et l&rsquo;\u00e9quilibre. Visuellement, il offre une image de femme pos\u00e9e, s\u00fbre d&rsquo;elle et qui a trouv\u00e9 sa maturit\u00e9 vestimentaire.<\/p>\n","protected":false},"author":20,"featured_media":0,"parent":0,"menu_order":7,"comment_status":"closed","ping_status":"closed","template":"","meta":{"footnotes":""},"class_list":["post-27","page","type-page","status-publish","hentry"],"_links":{"self":[{"href":"https:\/\/eleves.escl.fr\/wp2\/styles\/wp-json\/wp\/v2\/pages\/27","targetHints":{"allow":["GET"]}}],"collection":[{"href":"https:\/\/eleves.escl.fr\/wp2\/styles\/wp-json\/wp\/v2\/pages"}],"about":[{"href":"https:\/\/eleves.escl.fr\/wp2\/styles\/wp-json\/wp\/v2\/types\/page"}],"author":[{"embeddable":true,"href":"https:\/\/eleves.escl.fr\/wp2\/styles\/wp-json\/wp\/v2\/users\/20"}],"replies":[{"embeddable":true,"href":"https:\/\/eleves.escl.fr\/wp2\/styles\/wp-json\/wp\/v2\/comments?post=27"}],"version-history":[{"count":9,"href":"https:\/\/eleves.escl.fr\/wp2\/styles\/wp-json\/wp\/v2\/pages\/27\/revisions"}],"predecessor-version":[{"id":288,"href":"https:\/\/eleves.escl.fr\/wp2\/styles\/wp-json\/wp\/v2\/pages\/27\/revisions\/288"}],"wp:attachment":[{"href":"https:\/\/eleves.escl.fr\/wp2\/styles\/wp-json\/wp\/v2\/media?parent=27"}],"curies":[{"name":"wp","href":"https:\/\/api.w.org\/{rel}","templated":true}]}}