{"id":30,"date":"2025-01-14T14:33:11","date_gmt":"2025-01-14T13:33:11","guid":{"rendered":"https:\/\/eleves.escl.fr\/wp2\/styles\/?page_id=30"},"modified":"2025-03-11T14:00:33","modified_gmt":"2025-03-11T13:00:33","slug":"romantique","status":"publish","type":"page","link":"https:\/\/eleves.escl.fr\/wp2\/styles\/romantique\/","title":{"rendered":"ROMANTIQUE"},"content":{"rendered":"\n<p>Un style f\u00e9minin et d\u00e9licat, avec des couleurs pastel <\/p>\n\n\n\n<p><strong>Il se distingue par des d\u00e9tails fins, et des textures l\u00e9g\u00e8res cr\u00e9ant une atmosph\u00e8re douce et chaleureuse<\/strong>. Ce style se traduit par l&rsquo;utilisation de mati\u00e8res naturelles telles que le coton, la soie et la dentelle, associ\u00e9es \u00e0 des coupes fluides et drap\u00e9es qui \u00e9pousent d\u00e9licatement le corps.<\/p>\n\n\n\n<figure class=\"wp-block-gallery has-nested-images columns-default is-cropped wp-block-gallery-1 is-layout-flex wp-block-gallery-is-layout-flex\">\n<figure class=\"wp-block-image size-large\"><a href=\"https:\/\/eleves.escl.fr\/wp2\/styles\/romantique-2\/\"><img loading=\"lazy\" decoding=\"async\" width=\"736\" height=\"981\" data-id=\"188\" src=\"https:\/\/eleves.escl.fr\/wp2\/styles\/wp-content\/uploads\/sites\/7\/2025\/01\/Ruffle-Long-Cami-Sundress.jpg\" alt=\"\" class=\"wp-image-188\" srcset=\"https:\/\/eleves.escl.fr\/wp2\/styles\/wp-content\/uploads\/sites\/7\/2025\/01\/Ruffle-Long-Cami-Sundress.jpg 736w, https:\/\/eleves.escl.fr\/wp2\/styles\/wp-content\/uploads\/sites\/7\/2025\/01\/Ruffle-Long-Cami-Sundress-225x300.jpg 225w\" sizes=\"auto, (max-width: 736px) 100vw, 736px\" \/><\/a><\/figure>\n\n\n\n<figure class=\"wp-block-image size-large\"><a href=\"https:\/\/eleves.escl.fr\/wp2\/styles\/romantique-2\/\"><img loading=\"lazy\" decoding=\"async\" width=\"736\" height=\"920\" data-id=\"181\" src=\"https:\/\/eleves.escl.fr\/wp2\/styles\/wp-content\/uploads\/sites\/7\/2025\/01\/AREbnQ2R.jpg\" alt=\"\" class=\"wp-image-181\" srcset=\"https:\/\/eleves.escl.fr\/wp2\/styles\/wp-content\/uploads\/sites\/7\/2025\/01\/AREbnQ2R.jpg 736w, https:\/\/eleves.escl.fr\/wp2\/styles\/wp-content\/uploads\/sites\/7\/2025\/01\/AREbnQ2R-240x300.jpg 240w\" sizes=\"auto, (max-width: 736px) 100vw, 736px\" \/><\/a><\/figure>\n\n\n\n<figure class=\"wp-block-image size-large\"><a href=\"https:\/\/eleves.escl.fr\/wp2\/styles\/romantique-2\/\"><img loading=\"lazy\" decoding=\"async\" width=\"683\" height=\"1024\" data-id=\"185\" src=\"https:\/\/eleves.escl.fr\/wp2\/styles\/wp-content\/uploads\/sites\/7\/2025\/01\/Regencycore-Style-\ud83d\udc51\ud83e\ude9e\ud83e\udda2-683x1024.jpg\" alt=\"\" class=\"wp-image-185\" srcset=\"https:\/\/eleves.escl.fr\/wp2\/styles\/wp-content\/uploads\/sites\/7\/2025\/01\/Regencycore-Style-\ud83d\udc51\ud83e\ude9e\ud83e\udda2-683x1024.jpg 683w, https:\/\/eleves.escl.fr\/wp2\/styles\/wp-content\/uploads\/sites\/7\/2025\/01\/Regencycore-Style-\ud83d\udc51\ud83e\ude9e\ud83e\udda2-200x300.jpg 200w, https:\/\/eleves.escl.fr\/wp2\/styles\/wp-content\/uploads\/sites\/7\/2025\/01\/Regencycore-Style-\ud83d\udc51\ud83e\ude9e\ud83e\udda2.jpg 736w\" sizes=\"auto, (max-width: 683px) 100vw, 683px\" \/><\/a><\/figure>\n\n\n\n<figure class=\"wp-block-image size-large\"><a href=\"https:\/\/eleves.escl.fr\/wp2\/styles\/romantique-2\/\"><img loading=\"lazy\" decoding=\"async\" width=\"643\" height=\"1024\" data-id=\"182\" src=\"https:\/\/eleves.escl.fr\/wp2\/styles\/wp-content\/uploads\/sites\/7\/2025\/01\/8kI4Z6b6-643x1024.jpg\" alt=\"\" class=\"wp-image-182\" srcset=\"https:\/\/eleves.escl.fr\/wp2\/styles\/wp-content\/uploads\/sites\/7\/2025\/01\/8kI4Z6b6-643x1024.jpg 643w, https:\/\/eleves.escl.fr\/wp2\/styles\/wp-content\/uploads\/sites\/7\/2025\/01\/8kI4Z6b6-188x300.jpg 188w, https:\/\/eleves.escl.fr\/wp2\/styles\/wp-content\/uploads\/sites\/7\/2025\/01\/8kI4Z6b6.jpg 720w\" sizes=\"auto, (max-width: 643px) 100vw, 643px\" \/><\/a><\/figure>\n\n\n\n<figure class=\"wp-block-image size-large\"><a href=\"https:\/\/eleves.escl.fr\/wp2\/styles\/romantique-2\/\"><img loading=\"lazy\" decoding=\"async\" width=\"736\" height=\"736\" data-id=\"187\" src=\"https:\/\/eleves.escl.fr\/wp2\/styles\/wp-content\/uploads\/sites\/7\/2025\/01\/Robe-Princesse-Jaune-Adulte-M.jpg\" alt=\"\" class=\"wp-image-187\" srcset=\"https:\/\/eleves.escl.fr\/wp2\/styles\/wp-content\/uploads\/sites\/7\/2025\/01\/Robe-Princesse-Jaune-Adulte-M.jpg 736w, https:\/\/eleves.escl.fr\/wp2\/styles\/wp-content\/uploads\/sites\/7\/2025\/01\/Robe-Princesse-Jaune-Adulte-M-300x300.jpg 300w, https:\/\/eleves.escl.fr\/wp2\/styles\/wp-content\/uploads\/sites\/7\/2025\/01\/Robe-Princesse-Jaune-Adulte-M-150x150.jpg 150w\" sizes=\"auto, (max-width: 736px) 100vw, 736px\" \/><\/a><\/figure>\n\n\n\n<figure class=\"wp-block-image size-large\"><a href=\"https:\/\/eleves.escl.fr\/wp2\/styles\/romantique-2\/\"><img loading=\"lazy\" decoding=\"async\" width=\"735\" height=\"908\" data-id=\"183\" src=\"https:\/\/eleves.escl.fr\/wp2\/styles\/wp-content\/uploads\/sites\/7\/2025\/01\/J5l1ewxI.jpg\" alt=\"\" class=\"wp-image-183\" srcset=\"https:\/\/eleves.escl.fr\/wp2\/styles\/wp-content\/uploads\/sites\/7\/2025\/01\/J5l1ewxI.jpg 735w, https:\/\/eleves.escl.fr\/wp2\/styles\/wp-content\/uploads\/sites\/7\/2025\/01\/J5l1ewxI-243x300.jpg 243w\" sizes=\"auto, (max-width: 735px) 100vw, 735px\" \/><\/a><\/figure>\n<\/figure>\n","protected":false},"excerpt":{"rendered":"<p>Un style f\u00e9minin et d\u00e9licat, avec des couleurs pastel Il se distingue par des d\u00e9tails fins, et des textures l\u00e9g\u00e8res cr\u00e9ant une atmosph\u00e8re douce et chaleureuse. Ce style se traduit par l&rsquo;utilisation de mati\u00e8res naturelles telles que le coton, la soie et la dentelle, associ\u00e9es \u00e0 des coupes fluides et drap\u00e9es qui \u00e9pousent d\u00e9licatement le [&hellip;]<\/p>\n","protected":false},"author":20,"featured_media":0,"parent":0,"menu_order":13,"comment_status":"closed","ping_status":"closed","template":"","meta":{"footnotes":""},"class_list":["post-30","page","type-page","status-publish","hentry"],"_links":{"self":[{"href":"https:\/\/eleves.escl.fr\/wp2\/styles\/wp-json\/wp\/v2\/pages\/30","targetHints":{"allow":["GET"]}}],"collection":[{"href":"https:\/\/eleves.escl.fr\/wp2\/styles\/wp-json\/wp\/v2\/pages"}],"about":[{"href":"https:\/\/eleves.escl.fr\/wp2\/styles\/wp-json\/wp\/v2\/types\/page"}],"author":[{"embeddable":true,"href":"https:\/\/eleves.escl.fr\/wp2\/styles\/wp-json\/wp\/v2\/users\/20"}],"replies":[{"embeddable":true,"href":"https:\/\/eleves.escl.fr\/wp2\/styles\/wp-json\/wp\/v2\/comments?post=30"}],"version-history":[{"count":6,"href":"https:\/\/eleves.escl.fr\/wp2\/styles\/wp-json\/wp\/v2\/pages\/30\/revisions"}],"predecessor-version":[{"id":292,"href":"https:\/\/eleves.escl.fr\/wp2\/styles\/wp-json\/wp\/v2\/pages\/30\/revisions\/292"}],"wp:attachment":[{"href":"https:\/\/eleves.escl.fr\/wp2\/styles\/wp-json\/wp\/v2\/media?parent=30"}],"curies":[{"name":"wp","href":"https:\/\/api.w.org\/{rel}","templated":true}]}}