{"id":161,"date":"2025-05-13T14:58:08","date_gmt":"2025-05-13T12:58:08","guid":{"rendered":"https:\/\/eleves.escl.fr\/wp2\/y2026\/?page_id=161"},"modified":"2025-05-18T11:12:04","modified_gmt":"2025-05-18T09:12:04","slug":"castyon-alban","status":"publish","type":"page","link":"https:\/\/eleves.escl.fr\/wp2\/y2026\/castyon-alban\/","title":{"rendered":"CASTYON Alban"},"content":{"rendered":"\n<p>je m&rsquo;appelle Alban Castyon, j&rsquo;ai 17 ans, je suis en classe de Premi\u00e8re STD2A, j&rsquo;ai choisi cette fili\u00e8re car j&rsquo;aime apprendre, imaginer et cr\u00e9er par le biais de nombreuse technique de r\u00e9alisation autour du dessin. je souhaite m&rsquo;orienter autour du design d&rsquo;objet d&rsquo;espace ou d&rsquo;objet.<\/p>\n\n\n\n<p>voici un site que j&rsquo;ai cr\u00e9er cette ann\u00e9e en cours d&rsquo; ONL autour de la randonn\u00e9e : <\/p>\n\n\n\n<p><\/p>\n\n\n<blockquote class=\"wp-embedded-content\" data-secret=\"c01UWmtRZ0\"><p><a href=\"https:\/\/eleves.escl.fr\/wp2\/hikking\/acceuil\/\">Acceuil<\/a><\/p><\/blockquote>\n<p><iframe loading=\"lazy\" class=\"wp-embedded-content\" sandbox=\"allow-scripts\" security=\"restricted\" style=\"position: absolute; visibility: hidden;\" title=\"\u00ab\u00a0Acceuil\u00a0\u00bb &#8212; Les Randonn\u00e9es en France\" src=\"https:\/\/eleves.escl.fr\/wp2\/hikking\/acceuil\/embed\/#?secret=TMfQz2Wb4Z#?secret=c01UWmtRZ0\" data-secret=\"c01UWmtRZ0\" width=\"500\" height=\"282\" frameborder=\"0\" marginwidth=\"0\" marginheight=\"0\" scrolling=\"no\"><\/iframe><\/p>\n","protected":false},"excerpt":{"rendered":"<p>je m&rsquo;appelle Alban Castyon, j&rsquo;ai 17 ans, je suis en classe de Premi\u00e8re STD2A, j&rsquo;ai choisi cette fili\u00e8re car j&rsquo;aime apprendre, imaginer et cr\u00e9er par le biais de nombreuse technique de r\u00e9alisation autour du dessin. je souhaite m&rsquo;orienter autour du design d&rsquo;objet d&rsquo;espace ou d&rsquo;objet. voici un site que j&rsquo;ai cr\u00e9er cette ann\u00e9e en cours [&hellip;]<\/p>\n","protected":false},"author":5,"featured_media":0,"parent":0,"menu_order":0,"comment_status":"closed","ping_status":"closed","template":"","meta":{"footnotes":""},"class_list":["post-161","page","type-page","status-publish","hentry"],"_links":{"self":[{"href":"https:\/\/eleves.escl.fr\/wp2\/y2026\/wp-json\/wp\/v2\/pages\/161","targetHints":{"allow":["GET"]}}],"collection":[{"href":"https:\/\/eleves.escl.fr\/wp2\/y2026\/wp-json\/wp\/v2\/pages"}],"about":[{"href":"https:\/\/eleves.escl.fr\/wp2\/y2026\/wp-json\/wp\/v2\/types\/page"}],"author":[{"embeddable":true,"href":"https:\/\/eleves.escl.fr\/wp2\/y2026\/wp-json\/wp\/v2\/users\/5"}],"replies":[{"embeddable":true,"href":"https:\/\/eleves.escl.fr\/wp2\/y2026\/wp-json\/wp\/v2\/comments?post=161"}],"version-history":[{"count":15,"href":"https:\/\/eleves.escl.fr\/wp2\/y2026\/wp-json\/wp\/v2\/pages\/161\/revisions"}],"predecessor-version":[{"id":284,"href":"https:\/\/eleves.escl.fr\/wp2\/y2026\/wp-json\/wp\/v2\/pages\/161\/revisions\/284"}],"wp:attachment":[{"href":"https:\/\/eleves.escl.fr\/wp2\/y2026\/wp-json\/wp\/v2\/media?parent=161"}],"curies":[{"name":"wp","href":"https:\/\/api.w.org\/{rel}","templated":true}]}}