{"id":44,"date":"2025-05-06T13:51:26","date_gmt":"2025-05-06T11:51:26","guid":{"rendered":"https:\/\/eleves.escl.fr\/wp2\/y2026\/?page_id=44"},"modified":"2025-05-27T12:16:39","modified_gmt":"2025-05-27T10:16:39","slug":"samard-julianna","status":"publish","type":"page","link":"https:\/\/eleves.escl.fr\/wp2\/y2026\/samard-julianna\/","title":{"rendered":"SAMARD Julianna"},"content":{"rendered":"\n<figure class=\"wp-block-image size-large is-style-rounded\"><img loading=\"lazy\" decoding=\"async\" width=\"1024\" height=\"937\" src=\"https:\/\/eleves.escl.fr\/wp2\/y2026\/wp-content\/uploads\/sites\/17\/2025\/05\/5e332f21-69cf-497f-a450-8f393e337953-1_all_2209-1-1024x937.jpg\" alt=\"\" class=\"wp-image-421\" srcset=\"https:\/\/eleves.escl.fr\/wp2\/y2026\/wp-content\/uploads\/sites\/17\/2025\/05\/5e332f21-69cf-497f-a450-8f393e337953-1_all_2209-1-1024x937.jpg 1024w, https:\/\/eleves.escl.fr\/wp2\/y2026\/wp-content\/uploads\/sites\/17\/2025\/05\/5e332f21-69cf-497f-a450-8f393e337953-1_all_2209-1-300x274.jpg 300w, https:\/\/eleves.escl.fr\/wp2\/y2026\/wp-content\/uploads\/sites\/17\/2025\/05\/5e332f21-69cf-497f-a450-8f393e337953-1_all_2209-1-768x703.jpg 768w, https:\/\/eleves.escl.fr\/wp2\/y2026\/wp-content\/uploads\/sites\/17\/2025\/05\/5e332f21-69cf-497f-a450-8f393e337953-1_all_2209-1.jpg 1034w\" sizes=\"auto, (max-width: 1024px) 100vw, 1024px\" \/><\/figure>\n\n\n\n<div class=\"wp-block-group alignfull has-global-padding is-layout-constrained wp-block-group-is-layout-constrained\" style=\"margin-top:0;margin-bottom:0;padding-top:var(--wp--preset--spacing--50);padding-bottom:var(--wp--preset--spacing--50)\">\n<div class=\"wp-block-columns alignwide is-layout-flex wp-container-core-columns-is-layout-fa584acd wp-block-columns-is-layout-flex\">\n<div class=\"wp-block-column is-vertically-aligned-center is-layout-flow wp-block-column-is-layout-flow\">\n<h2 class=\"wp-block-heading has-xx-large-font-size\">\u00c0 propos de moi<\/h2>\n\n\n\n<p class=\"has-medium-font-size\">Je m&rsquo;appelle Julianna Samard, j&rsquo;ai 16 ans et je suis en 1er STD2A au lyc\u00e9e Saint Pierre saint Paul \u00e0 Langogne <\/p>\n\n\n\n<p>Depuis mon enfance,l&rsquo;art m&rsquo;int\u00e9resse, que ce soit \u00e0 l&rsquo;\u00e9cole en travaux manuels, \u00e0 la maison en dessin personnelle ou faire de la poterie avec ma maman, j&rsquo;ai donc exp\u00e9riment\u00e9 tr\u00e8s jeune jouant m\u00eame \u00e0 faire des animaux avec des \u00e9pluchures de l\u00e9gumes ! Tout \u00e7a pour dire j&rsquo;aime essayer diff\u00e9rents choses, et d\u00e9velopper ma cr\u00e9ativit\u00e9, ayant essay\u00e9 diff\u00e9rents style , je me base d\u00e9sormais plus sur du r\u00e9alisme.<\/p>\n\n\n\n<p>Ma formation en STD2A m&rsquo;a permis d&rsquo;am\u00e9liorer mes comp\u00e9tences artistique, d&rsquo;avoir un regard plus ouvert , d&rsquo;analyser, et d&rsquo;apprendre des m\u00e9thodes. Nous avons test\u00e9 diff\u00e9rentes choses comme le design graphique,la mise en page ou encore l&rsquo;analyse d&rsquo;image. J&rsquo;ai \u00e9galement appris \u00e0 construire une d\u00e9marche de projet, \u00e0 exp\u00e9rimenter et \u00e0 affiner mes choix pour donner du sens \u00e0 mes cr\u00e9ations.<\/p>\n\n\n\n<p>J&rsquo;aimerais poursuivre mes \u00e9tudes dans se domaine,m\u00e9langer mes passions ,et tester de nombreuses techniques , pour cela votre \u00e9tablissement semble plus qu&rsquo;int\u00e9ressant !<\/p>\n\n\n\n<p>Vous trouverez ci-joint le site internet que j&rsquo;ai r\u00e9alis\u00e9 en sciences num\u00e9rique,lors de ma premi\u00e8re std2a ,ce site web montre une de mes passions cr\u00e9er des bijoux :<\/p>\n\n\n\n<p class=\"has-medium-font-size\"><a href=\"https:\/\/eleves.escl.fr\/wp2\/bijoux\/\" data-type=\"link\" data-id=\"https:\/\/eleves.escl.fr\/wp2\/bijoux\/\">https:\/\/eleves.escl.fr\/wp2\/bijoux\/<\/a> <\/p>\n<\/div>\n\n\n\n<div class=\"wp-block-column is-vertically-aligned-center is-layout-flow wp-block-column-is-layout-flow\">\n<h2 class=\"wp-block-heading\">oeuvre en digital <\/h2>\n<\/div>\n<\/div>\n<\/div>\n\n\n\n<figure class=\"wp-block-image size-large\"><img loading=\"lazy\" decoding=\"async\" width=\"1024\" height=\"910\" src=\"https:\/\/eleves.escl.fr\/wp2\/y2026\/wp-content\/uploads\/sites\/17\/2025\/05\/5e332f21-69cf-497f-a450-8f393e337953-1_all_2208-1024x910.jpg\" alt=\"\" class=\"wp-image-422\" srcset=\"https:\/\/eleves.escl.fr\/wp2\/y2026\/wp-content\/uploads\/sites\/17\/2025\/05\/5e332f21-69cf-497f-a450-8f393e337953-1_all_2208-1024x910.jpg 1024w, https:\/\/eleves.escl.fr\/wp2\/y2026\/wp-content\/uploads\/sites\/17\/2025\/05\/5e332f21-69cf-497f-a450-8f393e337953-1_all_2208-300x267.jpg 300w, https:\/\/eleves.escl.fr\/wp2\/y2026\/wp-content\/uploads\/sites\/17\/2025\/05\/5e332f21-69cf-497f-a450-8f393e337953-1_all_2208-768x683.jpg 768w, https:\/\/eleves.escl.fr\/wp2\/y2026\/wp-content\/uploads\/sites\/17\/2025\/05\/5e332f21-69cf-497f-a450-8f393e337953-1_all_2208.jpg 1080w\" sizes=\"auto, (max-width: 1024px) 100vw, 1024px\" \/><\/figure>\n\n\n\n<figure class=\"wp-block-image size-large\"><img loading=\"lazy\" decoding=\"async\" width=\"768\" height=\"1024\" src=\"https:\/\/eleves.escl.fr\/wp2\/y2026\/wp-content\/uploads\/sites\/17\/2025\/05\/1000000743-768x1024.jpg\" alt=\"\" class=\"wp-image-423\" srcset=\"https:\/\/eleves.escl.fr\/wp2\/y2026\/wp-content\/uploads\/sites\/17\/2025\/05\/1000000743-768x1024.jpg 768w, https:\/\/eleves.escl.fr\/wp2\/y2026\/wp-content\/uploads\/sites\/17\/2025\/05\/1000000743-225x300.jpg 225w, https:\/\/eleves.escl.fr\/wp2\/y2026\/wp-content\/uploads\/sites\/17\/2025\/05\/1000000743-1152x1536.jpg 1152w, https:\/\/eleves.escl.fr\/wp2\/y2026\/wp-content\/uploads\/sites\/17\/2025\/05\/1000000743-1536x2048.jpg 1536w, https:\/\/eleves.escl.fr\/wp2\/y2026\/wp-content\/uploads\/sites\/17\/2025\/05\/1000000743-scaled.jpg 1920w\" sizes=\"auto, (max-width: 768px) 100vw, 768px\" \/><\/figure>\n\n\n\n<figure class=\"wp-block-image size-large\"><img loading=\"lazy\" decoding=\"async\" width=\"724\" height=\"1024\" src=\"https:\/\/eleves.escl.fr\/wp2\/y2026\/wp-content\/uploads\/sites\/17\/2025\/05\/1000000741-724x1024.jpg\" alt=\"\" class=\"wp-image-424\" srcset=\"https:\/\/eleves.escl.fr\/wp2\/y2026\/wp-content\/uploads\/sites\/17\/2025\/05\/1000000741-724x1024.jpg 724w, https:\/\/eleves.escl.fr\/wp2\/y2026\/wp-content\/uploads\/sites\/17\/2025\/05\/1000000741-212x300.jpg 212w, https:\/\/eleves.escl.fr\/wp2\/y2026\/wp-content\/uploads\/sites\/17\/2025\/05\/1000000741-768x1086.jpg 768w, https:\/\/eleves.escl.fr\/wp2\/y2026\/wp-content\/uploads\/sites\/17\/2025\/05\/1000000741-1086x1536.jpg 1086w, https:\/\/eleves.escl.fr\/wp2\/y2026\/wp-content\/uploads\/sites\/17\/2025\/05\/1000000741-1448x2048.jpg 1448w, https:\/\/eleves.escl.fr\/wp2\/y2026\/wp-content\/uploads\/sites\/17\/2025\/05\/1000000741-scaled.jpg 1810w\" sizes=\"auto, (max-width: 724px) 100vw, 724px\" \/><\/figure>\n\n\n\n<figure class=\"wp-block-image size-large\"><img loading=\"lazy\" decoding=\"async\" width=\"1003\" height=\"1024\" src=\"https:\/\/eleves.escl.fr\/wp2\/y2026\/wp-content\/uploads\/sites\/17\/2025\/05\/1000002048-1003x1024.jpg\" alt=\"\" class=\"wp-image-437\" srcset=\"https:\/\/eleves.escl.fr\/wp2\/y2026\/wp-content\/uploads\/sites\/17\/2025\/05\/1000002048-1003x1024.jpg 1003w, https:\/\/eleves.escl.fr\/wp2\/y2026\/wp-content\/uploads\/sites\/17\/2025\/05\/1000002048-294x300.jpg 294w, https:\/\/eleves.escl.fr\/wp2\/y2026\/wp-content\/uploads\/sites\/17\/2025\/05\/1000002048-768x784.jpg 768w, https:\/\/eleves.escl.fr\/wp2\/y2026\/wp-content\/uploads\/sites\/17\/2025\/05\/1000002048.jpg 1080w\" sizes=\"auto, (max-width: 1003px) 100vw, 1003px\" \/><\/figure>\n\n\n\n<figure class=\"wp-block-image size-large\"><img loading=\"lazy\" decoding=\"async\" width=\"819\" height=\"1024\" src=\"https:\/\/eleves.escl.fr\/wp2\/y2026\/wp-content\/uploads\/sites\/17\/2025\/05\/5e332f21-69cf-497f-a450-8f393e337953-1_all_2310-819x1024.jpg\" alt=\"\" class=\"wp-image-426\" srcset=\"https:\/\/eleves.escl.fr\/wp2\/y2026\/wp-content\/uploads\/sites\/17\/2025\/05\/5e332f21-69cf-497f-a450-8f393e337953-1_all_2310-819x1024.jpg 819w, https:\/\/eleves.escl.fr\/wp2\/y2026\/wp-content\/uploads\/sites\/17\/2025\/05\/5e332f21-69cf-497f-a450-8f393e337953-1_all_2310-240x300.jpg 240w, https:\/\/eleves.escl.fr\/wp2\/y2026\/wp-content\/uploads\/sites\/17\/2025\/05\/5e332f21-69cf-497f-a450-8f393e337953-1_all_2310-768x960.jpg 768w, https:\/\/eleves.escl.fr\/wp2\/y2026\/wp-content\/uploads\/sites\/17\/2025\/05\/5e332f21-69cf-497f-a450-8f393e337953-1_all_2310.jpg 1080w\" sizes=\"auto, (max-width: 819px) 100vw, 819px\" \/><\/figure>\n\n\n\n<figure class=\"wp-block-image size-large\"><img loading=\"lazy\" decoding=\"async\" width=\"745\" height=\"1024\" src=\"https:\/\/eleves.escl.fr\/wp2\/y2026\/wp-content\/uploads\/sites\/17\/2025\/05\/5e332f21-69cf-497f-a450-8f393e337953-1_all_2275-745x1024.jpg\" alt=\"\" class=\"wp-image-427\" srcset=\"https:\/\/eleves.escl.fr\/wp2\/y2026\/wp-content\/uploads\/sites\/17\/2025\/05\/5e332f21-69cf-497f-a450-8f393e337953-1_all_2275-745x1024.jpg 745w, https:\/\/eleves.escl.fr\/wp2\/y2026\/wp-content\/uploads\/sites\/17\/2025\/05\/5e332f21-69cf-497f-a450-8f393e337953-1_all_2275-218x300.jpg 218w, https:\/\/eleves.escl.fr\/wp2\/y2026\/wp-content\/uploads\/sites\/17\/2025\/05\/5e332f21-69cf-497f-a450-8f393e337953-1_all_2275-768x1055.jpg 768w, https:\/\/eleves.escl.fr\/wp2\/y2026\/wp-content\/uploads\/sites\/17\/2025\/05\/5e332f21-69cf-497f-a450-8f393e337953-1_all_2275.jpg 786w\" sizes=\"auto, (max-width: 745px) 100vw, 745px\" \/><\/figure>\n\n\n\n<figure class=\"wp-block-image size-large\"><img loading=\"lazy\" decoding=\"async\" width=\"1024\" height=\"937\" src=\"https:\/\/eleves.escl.fr\/wp2\/y2026\/wp-content\/uploads\/sites\/17\/2025\/05\/5e332f21-69cf-497f-a450-8f393e337953-1_all_2209-2-1024x937.jpg\" alt=\"\" class=\"wp-image-430\" srcset=\"https:\/\/eleves.escl.fr\/wp2\/y2026\/wp-content\/uploads\/sites\/17\/2025\/05\/5e332f21-69cf-497f-a450-8f393e337953-1_all_2209-2-1024x937.jpg 1024w, https:\/\/eleves.escl.fr\/wp2\/y2026\/wp-content\/uploads\/sites\/17\/2025\/05\/5e332f21-69cf-497f-a450-8f393e337953-1_all_2209-2-300x274.jpg 300w, https:\/\/eleves.escl.fr\/wp2\/y2026\/wp-content\/uploads\/sites\/17\/2025\/05\/5e332f21-69cf-497f-a450-8f393e337953-1_all_2209-2-768x703.jpg 768w, https:\/\/eleves.escl.fr\/wp2\/y2026\/wp-content\/uploads\/sites\/17\/2025\/05\/5e332f21-69cf-497f-a450-8f393e337953-1_all_2209-2.jpg 1034w\" sizes=\"auto, (max-width: 1024px) 100vw, 1024px\" \/><\/figure>\n\n\n\n<figure class=\"wp-block-image size-large\"><img loading=\"lazy\" decoding=\"async\" width=\"1024\" height=\"719\" src=\"https:\/\/eleves.escl.fr\/wp2\/y2026\/wp-content\/uploads\/sites\/17\/2025\/05\/5e332f21-69cf-497f-a450-8f393e337953-1_all_2272-1024x719.jpg\" alt=\"\" class=\"wp-image-431\" srcset=\"https:\/\/eleves.escl.fr\/wp2\/y2026\/wp-content\/uploads\/sites\/17\/2025\/05\/5e332f21-69cf-497f-a450-8f393e337953-1_all_2272-1024x719.jpg 1024w, https:\/\/eleves.escl.fr\/wp2\/y2026\/wp-content\/uploads\/sites\/17\/2025\/05\/5e332f21-69cf-497f-a450-8f393e337953-1_all_2272-300x211.jpg 300w, https:\/\/eleves.escl.fr\/wp2\/y2026\/wp-content\/uploads\/sites\/17\/2025\/05\/5e332f21-69cf-497f-a450-8f393e337953-1_all_2272-768x539.jpg 768w, https:\/\/eleves.escl.fr\/wp2\/y2026\/wp-content\/uploads\/sites\/17\/2025\/05\/5e332f21-69cf-497f-a450-8f393e337953-1_all_2272-1536x1078.jpg 1536w, https:\/\/eleves.escl.fr\/wp2\/y2026\/wp-content\/uploads\/sites\/17\/2025\/05\/5e332f21-69cf-497f-a450-8f393e337953-1_all_2272.jpg 1808w\" sizes=\"auto, (max-width: 1024px) 100vw, 1024px\" \/><\/figure>\n\n\n\n<h2 class=\"wp-block-heading\">oeuvre \u00e0 la main<\/h2>\n\n\n\n<figure class=\"wp-block-image size-large\"><img loading=\"lazy\" decoding=\"async\" width=\"793\" height=\"1024\" src=\"https:\/\/eleves.escl.fr\/wp2\/y2026\/wp-content\/uploads\/sites\/17\/2025\/05\/1000002039-793x1024.jpg\" alt=\"\" class=\"wp-image-433\" srcset=\"https:\/\/eleves.escl.fr\/wp2\/y2026\/wp-content\/uploads\/sites\/17\/2025\/05\/1000002039-793x1024.jpg 793w, https:\/\/eleves.escl.fr\/wp2\/y2026\/wp-content\/uploads\/sites\/17\/2025\/05\/1000002039-232x300.jpg 232w, https:\/\/eleves.escl.fr\/wp2\/y2026\/wp-content\/uploads\/sites\/17\/2025\/05\/1000002039-768x991.jpg 768w, https:\/\/eleves.escl.fr\/wp2\/y2026\/wp-content\/uploads\/sites\/17\/2025\/05\/1000002039.jpg 1080w\" sizes=\"auto, (max-width: 793px) 100vw, 793px\" \/><\/figure>\n\n\n\n<figure class=\"wp-block-image size-large\"><img loading=\"lazy\" decoding=\"async\" width=\"624\" height=\"1024\" src=\"https:\/\/eleves.escl.fr\/wp2\/y2026\/wp-content\/uploads\/sites\/17\/2025\/05\/1000002041-624x1024.jpg\" alt=\"\" class=\"wp-image-434\" srcset=\"https:\/\/eleves.escl.fr\/wp2\/y2026\/wp-content\/uploads\/sites\/17\/2025\/05\/1000002041-624x1024.jpg 624w, https:\/\/eleves.escl.fr\/wp2\/y2026\/wp-content\/uploads\/sites\/17\/2025\/05\/1000002041-183x300.jpg 183w, https:\/\/eleves.escl.fr\/wp2\/y2026\/wp-content\/uploads\/sites\/17\/2025\/05\/1000002041-768x1261.jpg 768w, https:\/\/eleves.escl.fr\/wp2\/y2026\/wp-content\/uploads\/sites\/17\/2025\/05\/1000002041.jpg 813w\" sizes=\"auto, (max-width: 624px) 100vw, 624px\" \/><\/figure>\n\n\n\n<figure class=\"wp-block-image size-large\"><img loading=\"lazy\" decoding=\"async\" width=\"775\" height=\"1024\" src=\"https:\/\/eleves.escl.fr\/wp2\/y2026\/wp-content\/uploads\/sites\/17\/2025\/05\/1000002043-775x1024.jpg\" alt=\"\" class=\"wp-image-435\" srcset=\"https:\/\/eleves.escl.fr\/wp2\/y2026\/wp-content\/uploads\/sites\/17\/2025\/05\/1000002043-775x1024.jpg 775w, https:\/\/eleves.escl.fr\/wp2\/y2026\/wp-content\/uploads\/sites\/17\/2025\/05\/1000002043-227x300.jpg 227w, https:\/\/eleves.escl.fr\/wp2\/y2026\/wp-content\/uploads\/sites\/17\/2025\/05\/1000002043-768x1015.jpg 768w, https:\/\/eleves.escl.fr\/wp2\/y2026\/wp-content\/uploads\/sites\/17\/2025\/05\/1000002043.jpg 1008w\" sizes=\"auto, (max-width: 775px) 100vw, 775px\" \/><\/figure>\n\n\n\n<figure class=\"wp-block-image size-large\"><img loading=\"lazy\" decoding=\"async\" width=\"1024\" height=\"903\" src=\"https:\/\/eleves.escl.fr\/wp2\/y2026\/wp-content\/uploads\/sites\/17\/2025\/05\/1000002045-1024x903.jpg\" alt=\"\" class=\"wp-image-436\" srcset=\"https:\/\/eleves.escl.fr\/wp2\/y2026\/wp-content\/uploads\/sites\/17\/2025\/05\/1000002045-1024x903.jpg 1024w, https:\/\/eleves.escl.fr\/wp2\/y2026\/wp-content\/uploads\/sites\/17\/2025\/05\/1000002045-300x264.jpg 300w, https:\/\/eleves.escl.fr\/wp2\/y2026\/wp-content\/uploads\/sites\/17\/2025\/05\/1000002045-768x677.jpg 768w, https:\/\/eleves.escl.fr\/wp2\/y2026\/wp-content\/uploads\/sites\/17\/2025\/05\/1000002045.jpg 1080w\" sizes=\"auto, (max-width: 1024px) 100vw, 1024px\" \/><\/figure>\n\n\n\n<figure class=\"wp-block-image size-large\"><img loading=\"lazy\" decoding=\"async\" width=\"774\" height=\"1024\" src=\"https:\/\/eleves.escl.fr\/wp2\/y2026\/wp-content\/uploads\/sites\/17\/2025\/05\/5e332f21-69cf-497f-a450-8f393e337953-1_all_2101-774x1024.jpg\" alt=\"\" class=\"wp-image-438\" srcset=\"https:\/\/eleves.escl.fr\/wp2\/y2026\/wp-content\/uploads\/sites\/17\/2025\/05\/5e332f21-69cf-497f-a450-8f393e337953-1_all_2101-774x1024.jpg 774w, https:\/\/eleves.escl.fr\/wp2\/y2026\/wp-content\/uploads\/sites\/17\/2025\/05\/5e332f21-69cf-497f-a450-8f393e337953-1_all_2101-227x300.jpg 227w, https:\/\/eleves.escl.fr\/wp2\/y2026\/wp-content\/uploads\/sites\/17\/2025\/05\/5e332f21-69cf-497f-a450-8f393e337953-1_all_2101-768x1015.jpg 768w, https:\/\/eleves.escl.fr\/wp2\/y2026\/wp-content\/uploads\/sites\/17\/2025\/05\/5e332f21-69cf-497f-a450-8f393e337953-1_all_2101.jpg 1080w\" sizes=\"auto, (max-width: 774px) 100vw, 774px\" \/><\/figure>\n\n\n\n<figure class=\"wp-block-image size-large\"><img loading=\"lazy\" decoding=\"async\" width=\"1024\" height=\"710\" src=\"https:\/\/eleves.escl.fr\/wp2\/y2026\/wp-content\/uploads\/sites\/17\/2025\/05\/5e332f21-69cf-497f-a450-8f393e337953-1_all_2757-1024x710.jpg\" alt=\"\" class=\"wp-image-439\" srcset=\"https:\/\/eleves.escl.fr\/wp2\/y2026\/wp-content\/uploads\/sites\/17\/2025\/05\/5e332f21-69cf-497f-a450-8f393e337953-1_all_2757-1024x710.jpg 1024w, https:\/\/eleves.escl.fr\/wp2\/y2026\/wp-content\/uploads\/sites\/17\/2025\/05\/5e332f21-69cf-497f-a450-8f393e337953-1_all_2757-300x208.jpg 300w, https:\/\/eleves.escl.fr\/wp2\/y2026\/wp-content\/uploads\/sites\/17\/2025\/05\/5e332f21-69cf-497f-a450-8f393e337953-1_all_2757-768x532.jpg 768w, https:\/\/eleves.escl.fr\/wp2\/y2026\/wp-content\/uploads\/sites\/17\/2025\/05\/5e332f21-69cf-497f-a450-8f393e337953-1_all_2757-1536x1064.jpg 1536w, https:\/\/eleves.escl.fr\/wp2\/y2026\/wp-content\/uploads\/sites\/17\/2025\/05\/5e332f21-69cf-497f-a450-8f393e337953-1_all_2757-2048x1419.jpg 2048w\" sizes=\"auto, (max-width: 1024px) 100vw, 1024px\" \/><\/figure>\n\n\n\n<figure class=\"wp-block-image size-large\"><img loading=\"lazy\" decoding=\"async\" width=\"1024\" height=\"592\" src=\"https:\/\/eleves.escl.fr\/wp2\/y2026\/wp-content\/uploads\/sites\/17\/2025\/05\/5e332f21-69cf-497f-a450-8f393e337953-1_all_2793-1024x592.jpg\" alt=\"\" class=\"wp-image-440\" srcset=\"https:\/\/eleves.escl.fr\/wp2\/y2026\/wp-content\/uploads\/sites\/17\/2025\/05\/5e332f21-69cf-497f-a450-8f393e337953-1_all_2793-1024x592.jpg 1024w, https:\/\/eleves.escl.fr\/wp2\/y2026\/wp-content\/uploads\/sites\/17\/2025\/05\/5e332f21-69cf-497f-a450-8f393e337953-1_all_2793-300x174.jpg 300w, https:\/\/eleves.escl.fr\/wp2\/y2026\/wp-content\/uploads\/sites\/17\/2025\/05\/5e332f21-69cf-497f-a450-8f393e337953-1_all_2793-768x444.jpg 768w, https:\/\/eleves.escl.fr\/wp2\/y2026\/wp-content\/uploads\/sites\/17\/2025\/05\/5e332f21-69cf-497f-a450-8f393e337953-1_all_2793-1536x888.jpg 1536w, https:\/\/eleves.escl.fr\/wp2\/y2026\/wp-content\/uploads\/sites\/17\/2025\/05\/5e332f21-69cf-497f-a450-8f393e337953-1_all_2793-2048x1185.jpg 2048w\" sizes=\"auto, (max-width: 1024px) 100vw, 1024px\" \/><\/figure>\n\n\n\n<figure class=\"wp-block-image size-large\"><img loading=\"lazy\" decoding=\"async\" width=\"500\" height=\"1024\" src=\"https:\/\/eleves.escl.fr\/wp2\/y2026\/wp-content\/uploads\/sites\/17\/2025\/05\/5e332f21-69cf-497f-a450-8f393e337953-1_all_2968-500x1024.jpg\" alt=\"\" class=\"wp-image-441\" srcset=\"https:\/\/eleves.escl.fr\/wp2\/y2026\/wp-content\/uploads\/sites\/17\/2025\/05\/5e332f21-69cf-497f-a450-8f393e337953-1_all_2968-500x1024.jpg 500w, https:\/\/eleves.escl.fr\/wp2\/y2026\/wp-content\/uploads\/sites\/17\/2025\/05\/5e332f21-69cf-497f-a450-8f393e337953-1_all_2968-147x300.jpg 147w, https:\/\/eleves.escl.fr\/wp2\/y2026\/wp-content\/uploads\/sites\/17\/2025\/05\/5e332f21-69cf-497f-a450-8f393e337953-1_all_2968-768x1572.jpg 768w, https:\/\/eleves.escl.fr\/wp2\/y2026\/wp-content\/uploads\/sites\/17\/2025\/05\/5e332f21-69cf-497f-a450-8f393e337953-1_all_2968-751x1536.jpg 751w, https:\/\/eleves.escl.fr\/wp2\/y2026\/wp-content\/uploads\/sites\/17\/2025\/05\/5e332f21-69cf-497f-a450-8f393e337953-1_all_2968-1001x2048.jpg 1001w, https:\/\/eleves.escl.fr\/wp2\/y2026\/wp-content\/uploads\/sites\/17\/2025\/05\/5e332f21-69cf-497f-a450-8f393e337953-1_all_2968-scaled.jpg 1251w\" sizes=\"auto, (max-width: 500px) 100vw, 500px\" \/><\/figure>\n\n\n\n<figure class=\"wp-block-image size-large is-style-default\"><img loading=\"lazy\" decoding=\"async\" width=\"472\" height=\"1024\" src=\"https:\/\/eleves.escl.fr\/wp2\/y2026\/wp-content\/uploads\/sites\/17\/2025\/05\/5e332f21-69cf-497f-a450-8f393e337953-1_all_3060-472x1024.jpg\" alt=\"\" class=\"wp-image-442\" srcset=\"https:\/\/eleves.escl.fr\/wp2\/y2026\/wp-content\/uploads\/sites\/17\/2025\/05\/5e332f21-69cf-497f-a450-8f393e337953-1_all_3060-472x1024.jpg 472w, https:\/\/eleves.escl.fr\/wp2\/y2026\/wp-content\/uploads\/sites\/17\/2025\/05\/5e332f21-69cf-497f-a450-8f393e337953-1_all_3060-138x300.jpg 138w, https:\/\/eleves.escl.fr\/wp2\/y2026\/wp-content\/uploads\/sites\/17\/2025\/05\/5e332f21-69cf-497f-a450-8f393e337953-1_all_3060-768x1666.jpg 768w, https:\/\/eleves.escl.fr\/wp2\/y2026\/wp-content\/uploads\/sites\/17\/2025\/05\/5e332f21-69cf-497f-a450-8f393e337953-1_all_3060-708x1536.jpg 708w, https:\/\/eleves.escl.fr\/wp2\/y2026\/wp-content\/uploads\/sites\/17\/2025\/05\/5e332f21-69cf-497f-a450-8f393e337953-1_all_3060-944x2048.jpg 944w, https:\/\/eleves.escl.fr\/wp2\/y2026\/wp-content\/uploads\/sites\/17\/2025\/05\/5e332f21-69cf-497f-a450-8f393e337953-1_all_3060-scaled.jpg 1180w\" sizes=\"auto, (max-width: 472px) 100vw, 472px\" \/><\/figure>\n\n\n\n<figure class=\"wp-block-image size-large\"><img loading=\"lazy\" decoding=\"async\" width=\"1024\" height=\"648\" src=\"https:\/\/eleves.escl.fr\/wp2\/y2026\/wp-content\/uploads\/sites\/17\/2025\/05\/1000002050-1024x648.jpg\" alt=\"\" class=\"wp-image-443\" srcset=\"https:\/\/eleves.escl.fr\/wp2\/y2026\/wp-content\/uploads\/sites\/17\/2025\/05\/1000002050-1024x648.jpg 1024w, https:\/\/eleves.escl.fr\/wp2\/y2026\/wp-content\/uploads\/sites\/17\/2025\/05\/1000002050-300x190.jpg 300w, https:\/\/eleves.escl.fr\/wp2\/y2026\/wp-content\/uploads\/sites\/17\/2025\/05\/1000002050-768x486.jpg 768w, https:\/\/eleves.escl.fr\/wp2\/y2026\/wp-content\/uploads\/sites\/17\/2025\/05\/1000002050.jpg 1080w\" sizes=\"auto, (max-width: 1024px) 100vw, 1024px\" \/><\/figure>\n\n\n\n<details class=\"wp-block-details is-layout-flow wp-block-details-is-layout-flow\"><summary>retrouver plus sur mes r\u00e9seaux sociaux <\/summary>\n<p>Instagram :@jujureiko.art <\/p>\n<\/details>\n\n\n\n<p><\/p>\n\n\n\n<p>Merci de votre int\u00e9r\u00eat !<\/p>\n","protected":false},"excerpt":{"rendered":"<p>\u00c0 propos de moi Je m&rsquo;appelle Julianna Samard, j&rsquo;ai 16 ans et je suis en 1er STD2A au lyc\u00e9e Saint Pierre saint Paul \u00e0 Langogne Depuis mon enfance,l&rsquo;art m&rsquo;int\u00e9resse, que ce soit \u00e0 l&rsquo;\u00e9cole en travaux manuels, \u00e0 la maison en dessin personnelle ou faire de la poterie avec ma maman, j&rsquo;ai donc exp\u00e9riment\u00e9 tr\u00e8s [&hellip;]<\/p>\n","protected":false},"author":17,"featured_media":0,"parent":0,"menu_order":0,"comment_status":"closed","ping_status":"closed","template":"","meta":{"footnotes":""},"class_list":["post-44","page","type-page","status-publish","hentry"],"_links":{"self":[{"href":"https:\/\/eleves.escl.fr\/wp2\/y2026\/wp-json\/wp\/v2\/pages\/44","targetHints":{"allow":["GET"]}}],"collection":[{"href":"https:\/\/eleves.escl.fr\/wp2\/y2026\/wp-json\/wp\/v2\/pages"}],"about":[{"href":"https:\/\/eleves.escl.fr\/wp2\/y2026\/wp-json\/wp\/v2\/types\/page"}],"author":[{"embeddable":true,"href":"https:\/\/eleves.escl.fr\/wp2\/y2026\/wp-json\/wp\/v2\/users\/17"}],"replies":[{"embeddable":true,"href":"https:\/\/eleves.escl.fr\/wp2\/y2026\/wp-json\/wp\/v2\/comments?post=44"}],"version-history":[{"count":5,"href":"https:\/\/eleves.escl.fr\/wp2\/y2026\/wp-json\/wp\/v2\/pages\/44\/revisions"}],"predecessor-version":[{"id":419,"href":"https:\/\/eleves.escl.fr\/wp2\/y2026\/wp-json\/wp\/v2\/pages\/44\/revisions\/419"}],"wp:attachment":[{"href":"https:\/\/eleves.escl.fr\/wp2\/y2026\/wp-json\/wp\/v2\/media?parent=44"}],"curies":[{"name":"wp","href":"https:\/\/api.w.org\/{rel}","templated":true}]}}