{"id":113,"date":"2026-04-07T15:04:02","date_gmt":"2026-04-07T13:04:02","guid":{"rendered":"https:\/\/eleves.escl.fr\/wp2\/y2027\/?page_id=113"},"modified":"2026-04-07T15:07:45","modified_gmt":"2026-04-07T13:07:45","slug":"roche-etienne","status":"publish","type":"page","link":"https:\/\/eleves.escl.fr\/wp2\/y2027\/roche-etienne\/","title":{"rendered":"ROCHE Etienne"},"content":{"rendered":"\n<p class=\"is-style-text-subtitle is-style-text-subtitle--1\">Salutations! Je m&rsquo;apelle Etienne, je suis en ce moment m\u00eame en classe de premi\u00e8re std2a. Je souhaiterai actuellement d&rsquo;entretenir une carri\u00e8re dans le concept art et plus pr\u00e9cis\u00e9ment dans le section du Game Design. Ma passion est le dessin sur digital, je suis plus exp\u00e9riment\u00e9 sur le digital que sur papier. J&rsquo;ai d\u00e9j\u00e0 eu la chance d&rsquo;aider quelques jeux donc j&rsquo;ai un peut d&rsquo;exp\u00e9rience. <\/p>\n\n\n\n<p class=\"is-style-text-subtitle is-style-text-subtitle--2\">Voici quelques exemples de mes dessins:<\/p>\n\n\n\n<p class=\"is-style-text-annotation is-style-text-annotation--3\">Planches:<\/p>\n\n\n\n\n\n\n\n\n\n\n\n\n\n<p class=\"is-style-text-annotation is-style-text-annotation--4\">Affiches<\/p>\n\n\n\n\n\n\n\n\n\n<p class=\"is-style-text-annotation is-style-text-annotation--5\">Fiches de r\u00e9f\u00e9rences pour jeux vid\u00e9os::<\/p>\n\n\n\n\n\n\n\n<p><\/p>\n","protected":false},"excerpt":{"rendered":"<p>Salutations! Je m&rsquo;apelle Etienne, je suis en ce moment m\u00eame en classe de premi\u00e8re std2a. Je souhaiterai actuellement d&rsquo;entretenir une carri\u00e8re dans le concept art et plus pr\u00e9cis\u00e9ment dans le section du Game Design. Ma passion est le dessin sur digital, je suis plus exp\u00e9riment\u00e9 sur le digital que sur papier. J&rsquo;ai d\u00e9j\u00e0 eu la [&hellip;]<\/p>\n","protected":false},"author":41,"featured_media":0,"parent":0,"menu_order":0,"comment_status":"closed","ping_status":"closed","template":"","meta":{"footnotes":""},"class_list":["post-113","page","type-page","status-publish","hentry"],"_links":{"self":[{"href":"https:\/\/eleves.escl.fr\/wp2\/y2027\/wp-json\/wp\/v2\/pages\/113","targetHints":{"allow":["GET"]}}],"collection":[{"href":"https:\/\/eleves.escl.fr\/wp2\/y2027\/wp-json\/wp\/v2\/pages"}],"about":[{"href":"https:\/\/eleves.escl.fr\/wp2\/y2027\/wp-json\/wp\/v2\/types\/page"}],"author":[{"embeddable":true,"href":"https:\/\/eleves.escl.fr\/wp2\/y2027\/wp-json\/wp\/v2\/users\/41"}],"replies":[{"embeddable":true,"href":"https:\/\/eleves.escl.fr\/wp2\/y2027\/wp-json\/wp\/v2\/comments?post=113"}],"version-history":[{"count":3,"href":"https:\/\/eleves.escl.fr\/wp2\/y2027\/wp-json\/wp\/v2\/pages\/113\/revisions"}],"predecessor-version":[{"id":121,"href":"https:\/\/eleves.escl.fr\/wp2\/y2027\/wp-json\/wp\/v2\/pages\/113\/revisions\/121"}],"wp:attachment":[{"href":"https:\/\/eleves.escl.fr\/wp2\/y2027\/wp-json\/wp\/v2\/media?parent=113"}],"curies":[{"name":"wp","href":"https:\/\/api.w.org\/{rel}","templated":true}]}}