{"id":130,"date":"2026-05-05T13:42:22","date_gmt":"2026-05-05T11:42:22","guid":{"rendered":"https:\/\/eleves.escl.fr\/wp2\/y2027\/?page_id=130"},"modified":"2026-05-05T14:58:10","modified_gmt":"2026-05-05T12:58:10","slug":"ponsonnaille-camille","status":"publish","type":"page","link":"https:\/\/eleves.escl.fr\/wp2\/y2027\/ponsonnaille-camille\/","title":{"rendered":"PONSONNAILLE Camille"},"content":{"rendered":"\n<p>Je m&rsquo;appelle PONSONNAILLE Camille, j&rsquo;ai 17 ans. Je suis une fille ambitieuse, s\u00e9rieuse, motiv\u00e9, cr\u00e9ative. Mes passions sont le dessin, la d\u00e9coration \u00e9pur\u00e9e, la musique qui permet de me retrouver ainsi que de me concentrer. J&rsquo;aime \u00e9galement les voyages qui permettent de s&rsquo;ouvrir au monde, de se cultiver et de d\u00e9couvrir de nouvelles cultures, paysages\u2026 De plus, j&rsquo;aime coudre o\u00f9 m\u00eame cr\u00e9er diff\u00e9rentes confections de mes propres mains.<\/p>\n\n\n\n<p>J&rsquo;\u00e9tudie au Lyc\u00e9e Saint Pierre Saint Paul qui se situe \u00e0 Langogne. Durant ces ann\u00e9es j&rsquo;ai pr\u00e9par\u00e9e un baccalaur\u00e9at STD2A sur 3ans o\u00f9 j&rsquo;ai pu d\u00e9velopp\u00e9e ma cr\u00e9ativit\u00e9, mon orientation ainsi que ma capacit\u00e9 \u00e0 m&rsquo;investir dans un travail avec rigueur et implication. De plus, nous avons travailler plusieurs milieux de l&rsquo;art appliqu\u00e9 et du design. Nous avons pu r\u00e9aliser des affiches, des maquettes, des doudous, des planches de pr\u00e9sentations, des moodboards, des logos, un site web\u2026  Voici quelques exemples de mes productions :<\/p>\n\n\n\n<p><\/p>\n\n\n\n<p><\/p>\n\n\n\n<p>De plus, les m\u00e9tiers qui m&rsquo;int\u00e9resse sont l&rsquo;architecture d&rsquo;int\u00e9rieur, la joaillerie. Ses m\u00e9tiers demande de la rigueur, de l&rsquo;envie mais je veux me donner les moyens de r\u00e9ussir dans ce que j&rsquo;aime. Mais ils m&rsquo;attirent pour leur cr\u00e9ativit\u00e9<\/p>\n\n\n\n<p><\/p>\n","protected":false},"excerpt":{"rendered":"<p>Je m&rsquo;appelle PONSONNAILLE Camille, j&rsquo;ai 17 ans. Je suis une fille ambitieuse, s\u00e9rieuse, motiv\u00e9, cr\u00e9ative. Mes passions sont le dessin, la d\u00e9coration \u00e9pur\u00e9e, la musique qui permet de me retrouver ainsi que de me concentrer. J&rsquo;aime \u00e9galement les voyages qui permettent de s&rsquo;ouvrir au monde, de se cultiver et de d\u00e9couvrir de nouvelles cultures, paysages\u2026 [&hellip;]<\/p>\n","protected":false},"author":38,"featured_media":0,"parent":0,"menu_order":0,"comment_status":"closed","ping_status":"closed","template":"","meta":{"footnotes":""},"class_list":["post-130","page","type-page","status-publish","hentry"],"_links":{"self":[{"href":"https:\/\/eleves.escl.fr\/wp2\/y2027\/wp-json\/wp\/v2\/pages\/130","targetHints":{"allow":["GET"]}}],"collection":[{"href":"https:\/\/eleves.escl.fr\/wp2\/y2027\/wp-json\/wp\/v2\/pages"}],"about":[{"href":"https:\/\/eleves.escl.fr\/wp2\/y2027\/wp-json\/wp\/v2\/types\/page"}],"author":[{"embeddable":true,"href":"https:\/\/eleves.escl.fr\/wp2\/y2027\/wp-json\/wp\/v2\/users\/38"}],"replies":[{"embeddable":true,"href":"https:\/\/eleves.escl.fr\/wp2\/y2027\/wp-json\/wp\/v2\/comments?post=130"}],"version-history":[{"count":11,"href":"https:\/\/eleves.escl.fr\/wp2\/y2027\/wp-json\/wp\/v2\/pages\/130\/revisions"}],"predecessor-version":[{"id":210,"href":"https:\/\/eleves.escl.fr\/wp2\/y2027\/wp-json\/wp\/v2\/pages\/130\/revisions\/210"}],"wp:attachment":[{"href":"https:\/\/eleves.escl.fr\/wp2\/y2027\/wp-json\/wp\/v2\/media?parent=130"}],"curies":[{"name":"wp","href":"https:\/\/api.w.org\/{rel}","templated":true}]}}