{"id":131,"date":"2026-05-05T13:42:32","date_gmt":"2026-05-05T11:42:32","guid":{"rendered":"https:\/\/eleves.escl.fr\/wp2\/y2027\/?page_id=131"},"modified":"2026-05-05T14:58:08","modified_gmt":"2026-05-05T12:58:08","slug":"arnaud-maeva","status":"publish","type":"page","link":"https:\/\/eleves.escl.fr\/wp2\/y2027\/arnaud-maeva\/","title":{"rendered":"ARNAUD Maeva"},"content":{"rendered":"\n<p>Je m&rsquo;appelle ARNAUD Maeva. J&rsquo;\u00e9tudie dans la fili\u00e8re STD2A au lyc\u00e9e Saint-Pierre Saint-Paul. Se lyc\u00e9e se situe \u00e0 Langogne dans le d\u00e9partement de la Loz\u00e8re. (48)Gr\u00e2ce \u00e0 cette fili\u00e8re je suis un Bac +3 pour devenir architecte d&rsquo;int\u00e9rieur.Dans la vie j&rsquo;aime beaucoup la mode, la design assez \u00e9pur\u00e9 avec des couleurs claires qui rappellent la douceur. J&rsquo;aime aussi \u00e9norm\u00e9ment les pompiers, pour leurs courage et leurs forces. Comme m\u00e9tier j&rsquo;aimerais donc \u00eatre architecte d&rsquo;int\u00e9rieur et pompier volontaire \u00e0 c\u00f4t\u00e9 de \u00e7a. Le m\u00e9tier d&rsquo;architecte est un m\u00e9tier qui \u00e0 besoin de beaucoup de connaissances, pour bien organis\u00e9 les meubles ou les faires ressortir en mettant de la couleur. Quant au m\u00e9tier de pompier lui, il faut avoir du courage, de la d\u00e9termination et de la force quelle soit mentale ou m\u00eame physique.<\/p>\n\n\n\n<p>Le bac STD2A est un bac qui se suit de la seconde \u00e0 la terminale. Durant ces 3 ans d&rsquo;\u00e9tudes on \u00e9tudies de nombreux projets comme: <\/p>\n\n\n\n<p>Des planches sur lesquelles on apprend la mise en page et la liaison entre les couleurs. (quelle couleur va avec laquelle, quelle couleurs mettre o\u00f9 suivant le sujet)<\/p>\n\n\n\n<p>Mais aussi des maquettes o\u00f9 on d\u00e9couvre comment travailler la perspective et le relief avec du carton, du papier ou du papier calque pour jouer avec la transparence.<\/p>\n\n\n\n<p>Nous avons aussi cr\u00e9\u00e9 des logos pour un challenge nomm\u00e9 \u00ab\u00a0Challenge des 3 lacs\u00a0\u00bb, \u00e0 la fin de cette p\u00e9riode certains logo ont \u00e9t\u00e9 choisi et ensuite modifi\u00e9 par ordinateur pour que un seul d&rsquo;entre eux soit choisi.<\/p>\n\n\n\n<p>Au cours de l&rsquo;ann\u00e9e de premi\u00e8re nous avons r\u00e9aliser une vid\u00e9o qui pr\u00e9sente la fili\u00e8re STD2A. Suite a cette vid\u00e9o on a du faire un mood board qui d\u00e9crit comment se d\u00e9roule la vid\u00e9o en d\u00e9tails.(on a fait \u00e7a part petit groupe) <\/p>\n\n\n\n<p><\/p>\n","protected":false},"excerpt":{"rendered":"<p>Je m&rsquo;appelle ARNAUD Maeva. J&rsquo;\u00e9tudie dans la fili\u00e8re STD2A au lyc\u00e9e Saint-Pierre Saint-Paul. Se lyc\u00e9e se situe \u00e0 Langogne dans le d\u00e9partement de la Loz\u00e8re. (48)Gr\u00e2ce \u00e0 cette fili\u00e8re je suis un Bac +3 pour devenir architecte d&rsquo;int\u00e9rieur.Dans la vie j&rsquo;aime beaucoup la mode, la design assez \u00e9pur\u00e9 avec des couleurs claires qui rappellent la [&hellip;]<\/p>\n","protected":false},"author":32,"featured_media":0,"parent":0,"menu_order":0,"comment_status":"closed","ping_status":"closed","template":"","meta":{"footnotes":""},"class_list":["post-131","page","type-page","status-publish","hentry"],"_links":{"self":[{"href":"https:\/\/eleves.escl.fr\/wp2\/y2027\/wp-json\/wp\/v2\/pages\/131","targetHints":{"allow":["GET"]}}],"collection":[{"href":"https:\/\/eleves.escl.fr\/wp2\/y2027\/wp-json\/wp\/v2\/pages"}],"about":[{"href":"https:\/\/eleves.escl.fr\/wp2\/y2027\/wp-json\/wp\/v2\/types\/page"}],"author":[{"embeddable":true,"href":"https:\/\/eleves.escl.fr\/wp2\/y2027\/wp-json\/wp\/v2\/users\/32"}],"replies":[{"embeddable":true,"href":"https:\/\/eleves.escl.fr\/wp2\/y2027\/wp-json\/wp\/v2\/comments?post=131"}],"version-history":[{"count":7,"href":"https:\/\/eleves.escl.fr\/wp2\/y2027\/wp-json\/wp\/v2\/pages\/131\/revisions"}],"predecessor-version":[{"id":209,"href":"https:\/\/eleves.escl.fr\/wp2\/y2027\/wp-json\/wp\/v2\/pages\/131\/revisions\/209"}],"wp:attachment":[{"href":"https:\/\/eleves.escl.fr\/wp2\/y2027\/wp-json\/wp\/v2\/media?parent=131"}],"curies":[{"name":"wp","href":"https:\/\/api.w.org\/{rel}","templated":true}]}}