{"id":25,"date":"2026-05-12T13:36:42","date_gmt":"2026-05-12T11:36:42","guid":{"rendered":"https:\/\/eleves.escl.fr\/wp2\/y2027\/?page_id=25"},"modified":"2026-05-12T15:04:21","modified_gmt":"2026-05-12T13:04:21","slug":"rougeron-ninon","status":"publish","type":"page","link":"https:\/\/eleves.escl.fr\/wp2\/y2027\/rougeron-ninon\/","title":{"rendered":"ROUGERON.Ninon"},"content":{"rendered":"\n<p><\/p>\n\n\n\n<h2 class=\"wp-block-heading\">                                      PORTFOLIO<\/h2>\n\n\n\n<div class=\"wp-block-cover alignfull is-light\" style=\"min-height:478px;aspect-ratio:unset;\"><img loading=\"lazy\" decoding=\"async\" width=\"654\" height=\"367\" class=\"wp-block-cover__image-background wp-image-309 size-full\" alt=\"\" src=\"https:\/\/eleves.escl.fr\/wp2\/y2027\/wp-content\/uploads\/sites\/30\/2026\/05\/hhhhhhhh-1.jpg\" data-object-fit=\"cover\" srcset=\"https:\/\/eleves.escl.fr\/wp2\/y2027\/wp-content\/uploads\/sites\/30\/2026\/05\/hhhhhhhh-1.jpg 654w, https:\/\/eleves.escl.fr\/wp2\/y2027\/wp-content\/uploads\/sites\/30\/2026\/05\/hhhhhhhh-1-300x168.jpg 300w\" sizes=\"auto, (max-width: 654px) 100vw, 654px\" \/><span aria-hidden=\"true\" class=\"wp-block-cover__background has-background-dim\" style=\"background-color:#828e9b\"><\/span><div class=\"wp-block-cover__inner-container has-global-padding is-layout-constrained wp-block-cover-is-layout-constrained\">\n<p class=\"has-text-align-center has-x-large-font-size\">Je m&rsquo;appelle ninon ROUGERON et je suis a ce jour \u00e9l\u00e8ve de premi\u00e8re STD2A.<\/p>\n\n\n\n<p class=\"has-x-large-font-size\">J&rsquo;aime l&rsquo;art et les choses en rapport avec celui ci.<\/p>\n\n\n\n<p class=\"has-x-large-font-size\">dans ce book se retrouvent mes travaux personnels ainsi que mes travaux effectu\u00e9 en cours.<\/p>\n<\/div><\/div>\n\n\n\n<p><\/p>\n\n\n\n<h2 class=\"wp-block-heading\">le domaine dans lequel que travail le plus est le cosplay.<\/h2>\n\n\n\n<p>Cosplay de yashiro un personnage issu du manga toilet bound hanako kun <\/p>\n\n\n\n<figure class=\"wp-block-image alignwide size-large is-style-default\"><img loading=\"lazy\" decoding=\"async\" width=\"1440\" height=\"1080\" src=\"https:\/\/eleves.escl.fr\/wp2\/y2027\/wp-content\/uploads\/sites\/30\/2026\/05\/688927837_938378749022150_7029463709703765608_n-edited.jpg\" alt=\"\" class=\"wp-image-324\" srcset=\"https:\/\/eleves.escl.fr\/wp2\/y2027\/wp-content\/uploads\/sites\/30\/2026\/05\/688927837_938378749022150_7029463709703765608_n-edited.jpg 1440w, https:\/\/eleves.escl.fr\/wp2\/y2027\/wp-content\/uploads\/sites\/30\/2026\/05\/688927837_938378749022150_7029463709703765608_n-edited-300x225.jpg 300w, https:\/\/eleves.escl.fr\/wp2\/y2027\/wp-content\/uploads\/sites\/30\/2026\/05\/688927837_938378749022150_7029463709703765608_n-edited-1024x768.jpg 1024w, https:\/\/eleves.escl.fr\/wp2\/y2027\/wp-content\/uploads\/sites\/30\/2026\/05\/688927837_938378749022150_7029463709703765608_n-edited-768x576.jpg 768w\" sizes=\"auto, (max-width: 1440px) 100vw, 1440px\" \/><\/figure>\n\n\n\n<figure class=\"wp-block-image size-large\"><img loading=\"lazy\" decoding=\"async\" width=\"768\" height=\"1024\" src=\"https:\/\/eleves.escl.fr\/wp2\/y2027\/wp-content\/uploads\/sites\/30\/2026\/05\/687658035_4294947604098431_680548084236014066_n-768x1024.jpg\" alt=\"\" class=\"wp-image-259\" srcset=\"https:\/\/eleves.escl.fr\/wp2\/y2027\/wp-content\/uploads\/sites\/30\/2026\/05\/687658035_4294947604098431_680548084236014066_n-768x1024.jpg 768w, https:\/\/eleves.escl.fr\/wp2\/y2027\/wp-content\/uploads\/sites\/30\/2026\/05\/687658035_4294947604098431_680548084236014066_n-225x300.jpg 225w, https:\/\/eleves.escl.fr\/wp2\/y2027\/wp-content\/uploads\/sites\/30\/2026\/05\/687658035_4294947604098431_680548084236014066_n.jpg 1080w\" sizes=\"auto, (max-width: 768px) 100vw, 768px\" \/><\/figure>\n\n\n\n<p>projet de pav <\/p>\n\n\n\n<figure class=\"wp-block-image size-large\"><img loading=\"lazy\" decoding=\"async\" width=\"768\" height=\"1024\" src=\"https:\/\/eleves.escl.fr\/wp2\/y2027\/wp-content\/uploads\/sites\/30\/2026\/05\/hh-768x1024.jpg\" alt=\"\" class=\"wp-image-271\" srcset=\"https:\/\/eleves.escl.fr\/wp2\/y2027\/wp-content\/uploads\/sites\/30\/2026\/05\/hh-768x1024.jpg 768w, https:\/\/eleves.escl.fr\/wp2\/y2027\/wp-content\/uploads\/sites\/30\/2026\/05\/hh-225x300.jpg 225w, https:\/\/eleves.escl.fr\/wp2\/y2027\/wp-content\/uploads\/sites\/30\/2026\/05\/hh-1152x1536.jpg 1152w, https:\/\/eleves.escl.fr\/wp2\/y2027\/wp-content\/uploads\/sites\/30\/2026\/05\/hh.jpg 1170w\" sizes=\"auto, (max-width: 768px) 100vw, 768px\" \/><\/figure>\n\n\n\n\n\n<p><\/p>\n","protected":false},"excerpt":{"rendered":"<p>PORTFOLIO le domaine dans lequel que travail le plus est le cosplay. Cosplay de yashiro un personnage issu du manga toilet bound hanako kun projet de pav<\/p>\n","protected":false},"author":50,"featured_media":0,"parent":0,"menu_order":0,"comment_status":"closed","ping_status":"closed","template":"","meta":{"footnotes":""},"class_list":["post-25","page","type-page","status-publish","hentry"],"_links":{"self":[{"href":"https:\/\/eleves.escl.fr\/wp2\/y2027\/wp-json\/wp\/v2\/pages\/25","targetHints":{"allow":["GET"]}}],"collection":[{"href":"https:\/\/eleves.escl.fr\/wp2\/y2027\/wp-json\/wp\/v2\/pages"}],"about":[{"href":"https:\/\/eleves.escl.fr\/wp2\/y2027\/wp-json\/wp\/v2\/types\/page"}],"author":[{"embeddable":true,"href":"https:\/\/eleves.escl.fr\/wp2\/y2027\/wp-json\/wp\/v2\/users\/50"}],"replies":[{"embeddable":true,"href":"https:\/\/eleves.escl.fr\/wp2\/y2027\/wp-json\/wp\/v2\/comments?post=25"}],"version-history":[{"count":10,"href":"https:\/\/eleves.escl.fr\/wp2\/y2027\/wp-json\/wp\/v2\/pages\/25\/revisions"}],"predecessor-version":[{"id":332,"href":"https:\/\/eleves.escl.fr\/wp2\/y2027\/wp-json\/wp\/v2\/pages\/25\/revisions\/332"}],"wp:attachment":[{"href":"https:\/\/eleves.escl.fr\/wp2\/y2027\/wp-json\/wp\/v2\/media?parent=25"}],"curies":[{"name":"wp","href":"https:\/\/api.w.org\/{rel}","templated":true}]}}