{"id":34,"date":"2026-04-07T14:23:10","date_gmt":"2026-04-07T12:23:10","guid":{"rendered":"https:\/\/eleves.escl.fr\/wp2\/y2027\/?page_id=34"},"modified":"2026-04-07T15:02:19","modified_gmt":"2026-04-07T13:02:19","slug":"joumard-maelyne","status":"publish","type":"page","link":"https:\/\/eleves.escl.fr\/wp2\/y2027\/joumard-maelyne\/","title":{"rendered":"JOUMARD Ma\u00eblyne"},"content":{"rendered":"\n<div class=\"wp-block-group is-nowrap is-layout-flex wp-container-core-group-is-layout-6c531013 wp-block-group-is-layout-flex\">\n<p>Bonjour je m&rsquo;appelle JOUMARD Ma\u00eblyne, j&rsquo;ai 17 ans et je suis actuellement en classe de 1 STD2A.  Plus tard j&rsquo;aimerais exercer le m\u00e9tier d&rsquo;architecte d&rsquo;int\u00e9rieur. Je suis passion\u00e9e de voyage, de photo et de mode. Ce qui me plait dans ce m\u00e9tier c&rsquo;est l&rsquo;am\u00e9nagement, le design, les moodboards, les plans, les maquettes et les dessins techniques. J&rsquo;aime aussi tous ce qui touche a l&rsquo;esth\u00e9tique comme la coiffure, le maquillage et la manucure. Vous pouvez donc consulter le site que j&rsquo;ai r\u00e9aliser sur la manucure en cliquant ICI. <\/p>\n<\/div>\n\n\n\n<figure class=\"wp-block-image size-full\"><img decoding=\"async\" src=\"https:\/\/eleves.escl.fr\/wp2\/y2027\/wp-content\/themes\/twentytwentyfive\/assets\/images\/grid-flower-1.webp\" alt=\"Photographie en gros plan d\u2019une fleur rouge.\" style=\"aspect-ratio:16\/9;object-fit:cover\" \/><\/figure>\n\n\n\n<p>\/<\/p>\n\n\n\n<div class=\"wp-block-columns alignwide is-layout-flex wp-container-core-columns-is-layout-28f84493 wp-block-columns-is-layout-flex\">\n<div class=\"wp-block-column is-layout-flow wp-block-column-is-layout-flow\">\n<p><\/p>\n<\/div>\n\n\n\n<div class=\"wp-block-column is-layout-flow wp-block-column-is-layout-flow\">\n<figure class=\"wp-block-image size-large\"><img loading=\"lazy\" decoding=\"async\" width=\"576\" height=\"1024\" src=\"https:\/\/eleves.escl.fr\/wp2\/y2027\/wp-content\/uploads\/sites\/30\/2026\/04\/telecharger-576x1024.jpg\" alt=\"\" class=\"wp-image-95\" srcset=\"https:\/\/eleves.escl.fr\/wp2\/y2027\/wp-content\/uploads\/sites\/30\/2026\/04\/telecharger-576x1024.jpg 576w, https:\/\/eleves.escl.fr\/wp2\/y2027\/wp-content\/uploads\/sites\/30\/2026\/04\/telecharger-169x300.jpg 169w, https:\/\/eleves.escl.fr\/wp2\/y2027\/wp-content\/uploads\/sites\/30\/2026\/04\/telecharger.jpg 675w\" sizes=\"auto, (max-width: 576px) 100vw, 576px\" \/><\/figure>\n<\/div>\n<\/div>\n\n\n\n<div class=\"wp-block-group alignfull has-global-padding is-layout-constrained wp-block-group-is-layout-constrained\" style=\"margin-top:0;margin-bottom:0\">\n<div class=\"wp-block-group alignwide is-layout-grid wp-container-core-group-is-layout-5fdb10e5 wp-block-group-is-layout-grid\" style=\"padding-top:var(--wp--preset--spacing--50);padding-bottom:var(--wp--preset--spacing--50)\">\n<div class=\"wp-block-group is-vertical is-content-justification-stretch is-nowrap is-layout-flex wp-container-core-group-is-layout-627337ab wp-block-group-is-layout-flex\"><\/div>\n\n\n\n<figure class=\"wp-block-image size-full\"><img decoding=\"async\" src=\"https:\/\/eleves.escl.fr\/wp2\/y2027\/wp-content\/themes\/twentytwentyfive\/assets\/images\/grid-flower-2.webp\" alt=\"Photographie en noir et blanc en gros plan d\u2019une fleur.\" style=\"aspect-ratio:3\/4;object-fit:cover\" \/><\/figure>\n<\/div>\n<\/div>\n","protected":false},"excerpt":{"rendered":"<p>Bonjour je m&rsquo;appelle JOUMARD Ma\u00eblyne, j&rsquo;ai 17 ans et je suis actuellement en classe de 1 STD2A. Plus tard j&rsquo;aimerais exercer le m\u00e9tier d&rsquo;architecte d&rsquo;int\u00e9rieur. Je suis passion\u00e9e de voyage, de photo et de mode. Ce qui me plait dans ce m\u00e9tier c&rsquo;est l&rsquo;am\u00e9nagement, le design, les moodboards, les plans, les maquettes et les dessins [&hellip;]<\/p>\n","protected":false},"author":49,"featured_media":0,"parent":0,"menu_order":0,"comment_status":"closed","ping_status":"closed","template":"","meta":{"footnotes":""},"class_list":["post-34","page","type-page","status-publish","hentry"],"_links":{"self":[{"href":"https:\/\/eleves.escl.fr\/wp2\/y2027\/wp-json\/wp\/v2\/pages\/34","targetHints":{"allow":["GET"]}}],"collection":[{"href":"https:\/\/eleves.escl.fr\/wp2\/y2027\/wp-json\/wp\/v2\/pages"}],"about":[{"href":"https:\/\/eleves.escl.fr\/wp2\/y2027\/wp-json\/wp\/v2\/types\/page"}],"author":[{"embeddable":true,"href":"https:\/\/eleves.escl.fr\/wp2\/y2027\/wp-json\/wp\/v2\/users\/49"}],"replies":[{"embeddable":true,"href":"https:\/\/eleves.escl.fr\/wp2\/y2027\/wp-json\/wp\/v2\/comments?post=34"}],"version-history":[{"count":4,"href":"https:\/\/eleves.escl.fr\/wp2\/y2027\/wp-json\/wp\/v2\/pages\/34\/revisions"}],"predecessor-version":[{"id":106,"href":"https:\/\/eleves.escl.fr\/wp2\/y2027\/wp-json\/wp\/v2\/pages\/34\/revisions\/106"}],"wp:attachment":[{"href":"https:\/\/eleves.escl.fr\/wp2\/y2027\/wp-json\/wp\/v2\/media?parent=34"}],"curies":[{"name":"wp","href":"https:\/\/api.w.org\/{rel}","templated":true}]}}